216.73.216.25 - - [20/Jun/2026:21:27:46 +0200] "GET /?filesrc=%2Fhome%2Fophq1335%2Fpublic_html%2Fwp-includes%2Fblocks.php&j=%2Fhome%2Fophq1335%2Fpublic_html%2Fwp-includes HTTP/1.1" 200 130168 "-" "Mozilla/5.0 AppleWebKit/537.36 (KHTML, like Gecko; compatible; ClaudeBot/1.0; +claudebot@anthropic.com)"
216.73.216.25 - - [20/Jun/2026:21:27:47 +0200] "GET /?filesrc=%2Fhome%2Fophq1335%2Fpublic_html%2Fwp-includes%2Fclass-wp-site-query.php&j=%2Fhome%2Fophq1335%2Fpublic_html%2Fwp-includes HTTP/1.1" 200 37714 "-" "Mozilla/5.0 AppleWebKit/537.36 (KHTML, like Gecko; compatible; ClaudeBot/1.0; +claudebot@anthropic.com)"
216.73.216.25 - - [20/Jun/2026:21:27:47 +0200] "GET /?filesrc=%2Fhome%2Fophq1335%2Fpublic_html%2Fwp-includes%2Frobots-template.php&j=%2Fhome%2Fophq1335%2Fpublic_html%2Fwp-includes HTTP/1.1" 200 6659 "-" "Mozilla/5.0 AppleWebKit/537.36 (KHTML, like Gecko; compatible; ClaudeBot/1.0; +claudebot@anthropic.com)"
216.73.216.25 - - [20/Jun/2026:21:27:47 +0200] "GET /?filesrc=%2Fhome%2Fophq1335%2Fpublic_html%2Fwp-includes%2Fcapabilities.php&j=%2Fhome%2Fophq1335%2Fpublic_html%2Fwp-includes HTTP/1.1" 200 49378 "-" "Mozilla/5.0 AppleWebKit/537.36 (KHTML, like Gecko; compatible; ClaudeBot/1.0; +claudebot@anthropic.com)"
216.73.216.25 - - [20/Jun/2026:21:27:47 +0200] "GET /?j=%2Fhome%2Fophq1335%2Fpublic_html%2FC%3A%2FUsers HTTP/1.1" 200 1907 "-" "Mozilla/5.0 AppleWebKit/537.36 (KHTML, like Gecko; compatible; ClaudeBot/1.0; +claudebot@anthropic.com)"
109.234.165.62 - - [20/Jun/2026:21:28:21 +0200] "POST /wp-cron.php?doing_wp_cron=1781983701.4093070030212402343750 HTTP/1.1" 200 - "-" "WordPress/7.0; https://carrieres-masson.fr"
109.234.165.62 - - [20/Jun/2026:21:28:21 +0200] "POST /wp-cron.php?doing_wp_cron=1781983701.4073560237884521484375 HTTP/1.1" 200 - "-" "WordPress/7.0; https://carrieres-masson.fr"
216.73.216.25 - - [20/Jun/2026:21:28:20 +0200] "GET /?j=%2Fhome%2Fophq1335%2Fpublic_html%2Fwp-content%2Fupgrade-temp-backup HTTP/1.1" 200 1151 "-" "Mozilla/5.0 AppleWebKit/537.36 (KHTML, like Gecko; compatible; ClaudeBot/1.0; +claudebot@anthropic.com)"
216.73.216.25 - - [20/Jun/2026:21:28:20 +0200] "GET /?filesrc=%2Fhome%2Fophq1335%2Fpublic_html%2Fwp-includes%2Fcollaboration.php&j=%2Fhome%2Fophq1335%2Fpublic_html%2Fwp-includes HTTP/1.1" 200 3394 "-" "Mozilla/5.0 AppleWebKit/537.36 (KHTML, like Gecko; compatible; ClaudeBot/1.0; +claudebot@anthropic.com)"
109.234.165.62 - - [20/Jun/2026:21:28:21 +0200] "POST /wp-cron.php?doing_wp_cron=1781983701.4303429126739501953125 HTTP/1.1" 200 - "-" "WordPress/7.0; https://carrieres-masson.fr"
109.234.165.62 - - [20/Jun/2026:21:28:21 +0200] "POST /wp-cron.php?doing_wp_cron=1781983701.4241740703582763671875 HTTP/1.1" 200 - "-" "WordPress/7.0; https://carrieres-masson.fr"
109.234.165.62 - - [20/Jun/2026:21:28:21 +0200] "POST /wp-cron.php?doing_wp_cron=1781983701.4342069625854492187500 HTTP/1.1" 200 - "-" "WordPress/7.0; https://carrieres-masson.fr"
216.73.216.25 - - [20/Jun/2026:21:28:20 +0200] "GET /?filesrc=%2Fhome%2Fophq1335%2Fpublic_html%2Fwp-includes%2Fms-deprecated.php&j=%2Fhome%2Fophq1335%2Fpublic_html%2Fwp-includes HTTP/1.1" 200 25203 "-" "Mozilla/5.0 AppleWebKit/537.36 (KHTML, like Gecko; compatible; ClaudeBot/1.0; +claudebot@anthropic.com)"
216.73.216.25 - - [20/Jun/2026:21:28:20 +0200] "GET /?filesrc=%2Fhome%2Fophq1335%2Fpublic_html%2Fwp-includes%2Fms-settings.php&j=%2Fhome%2Fophq1335%2Fpublic_html%2Fwp-includes HTTP/1.1" 200 5549 "-" "Mozilla/5.0 AppleWebKit/537.36 (KHTML, like Gecko; compatible; ClaudeBot/1.0; +claudebot@anthropic.com)"
216.73.216.25 - - [20/Jun/2026:21:28:20 +0200] "GET /?filesrc=%2Fhome%2Fophq1335%2Fpublic_html%2Fwp-includes%2Fnav-menu.php&j=%2Fhome%2Fophq1335%2Fpublic_html%2Fwp-includes HTTP/1.1" 200 50141 "-" "Mozilla/5.0 AppleWebKit/537.36 (KHTML, like Gecko; compatible; ClaudeBot/1.0; +claudebot@anthropic.com)"
109.234.165.62 - - [20/Jun/2026:21:28:21 +0200] "POST /wp-cron.php?doing_wp_cron=1781983701.4367649555206298828125 HTTP/1.1" 200 - "-" "WordPress/7.0; https://carrieres-masson.fr"
216.73.216.25 - - [20/Jun/2026:21:28:20 +0200] "GET /?filesrc=%2Fhome%2Fophq1335%2Fpublic_html%2Fwp-includes%2Fclass-wp-customize-nav-menus.php&j=%2Fhome%2Fophq1335%2Fpublic_html%2Fwp-includes HTTP/1.1" 200 70136 "-" "Mozilla/5.0 AppleWebKit/537.36 (KHTML, like Gecko; compatible; ClaudeBot/1.0; +claudebot@anthropic.com)"
109.234.165.62 - - [20/Jun/2026:21:28:21 +0200] "POST /wp-cron.php?doing_wp_cron=1781983701.4651229381561279296875 HTTP/1.1" 200 - "-" "WordPress/7.0; https://carrieres-masson.fr"
216.73.216.25 - - [20/Jun/2026:21:28:20 +0200] "GET /?filesrc=%2Fhome%2Fophq1335%2Fpublic_html%2Fwp-includes%2Fgeneral-template.php&j=%2Fhome%2Fophq1335%2Fpublic_html%2Fwp-includes HTTP/1.1" 200 199956 "-" "Mozilla/5.0 AppleWebKit/537.36 (KHTML, like Gecko; compatible; ClaudeBot/1.0; +claudebot@anthropic.com)"
216.73.216.25 - - [20/Jun/2026:21:28:21 +0200] "GET /?filesrc=%2Fhome%2Fophq1335%2Fpublic_html%2Fwp-includes%2Ffeed.php&j=%2Fhome%2Fophq1335%2Fpublic_html%2Fwp-includes HTTP/1.1" 200 28577 "-" "Mozilla/5.0 AppleWebKit/537.36 (KHTML, like Gecko; compatible; ClaudeBot/1.0; +claudebot@anthropic.com)"
216.73.216.25 - - [20/Jun/2026:21:28:22 +0200] "GET /?filesrc=%2Fhome%2Fophq1335%2Fpublic_html%2Fwp-includes%2Fpost.php&j=%2Fhome%2Fophq1335%2Fpublic_html%2Fwp-includes HTTP/1.1" 200 330089 "-" "Mozilla/5.0 AppleWebKit/537.36 (KHTML, like Gecko; compatible; ClaudeBot/1.0; +claudebot@anthropic.com)"
216.73.216.25 - - [20/Jun/2026:21:28:22 +0200] "GET /?filesrc=%2Fhome%2Fophq1335%2Fpublic_html%2Fwp-includes%2Fclass-wp-block-list.php&j=%2Fhome%2Fophq1335%2Fpublic_html%2Fwp-includes HTTP/1.1" 200 5854 "-" "Mozilla/5.0 AppleWebKit/537.36 (KHTML, like Gecko; compatible; ClaudeBot/1.0; +claudebot@anthropic.com)"
216.73.216.25 - - [20/Jun/2026:21:28:22 +0200] "GET /?filesrc=%2Fhome%2Fophq1335%2Fpublic_html%2Fwp-includes%2Fclass-snoopy.php&j=%2Fhome%2Fophq1335%2Fpublic_html%2Fwp-includes HTTP/1.1" 200 44031 "-" "Mozilla/5.0 AppleWebKit/537.36 (KHTML, like Gecko; compatible; ClaudeBot/1.0; +claudebot@anthropic.com)"
216.73.216.25 - - [20/Jun/2026:21:28:25 +0200] "GET /?filesrc=%2Fhome%2Fophq1335%2Fpublic_html%2Fwp-includes%2Fabilities.php&j=%2Fhome%2Fophq1335%2Fpublic_html%2Fwp-includes HTTP/1.1" 200 11613 "-" "Mozilla/5.0 AppleWebKit/537.36 (KHTML, like Gecko; compatible; ClaudeBot/1.0; +claudebot@anthropic.com)"
216.73.216.25 - - [20/Jun/2026:21:28:25 +0200] "GET /?filesrc=%2Fhome%2Fophq1335%2Fpublic_html%2Fwp-includes%2Ftheme-templates.php&j=%2Fhome%2Fophq1335%2Fpublic_html%2Fwp-includes HTTP/1.1" 200 5505 "-" "Mozilla/5.0 AppleWebKit/537.36 (KHTML, like Gecko; compatible; ClaudeBot/1.0; +claudebot@anthropic.com)"
216.73.216.25 - - [20/Jun/2026:21:28:25 +0200] "GET /?j=%2Fhome%2Fophq1335%2Fpublic_html%2Fwp-content%2Fupgrade HTTP/1.1" 200 1127 "-" "Mozilla/5.0 AppleWebKit/537.36 (KHTML, like Gecko; compatible; ClaudeBot/1.0; +claudebot@anthropic.com)"
216.73.216.25 - - [20/Jun/2026:21:28:25 +0200] "GET /?j=%2Fhome%2Fophq1335%2Fpublic_html%2Fwp-content%2Fthemes HTTP/1.1" 200 6323 "-" "Mozilla/5.0 AppleWebKit/537.36 (KHTML, like Gecko; compatible; ClaudeBot/1.0; +claudebot@anthropic.com)"
216.73.216.25 - - [20/Jun/2026:21:28:25 +0200] "GET /?filesrc=%2Fhome%2Fophq1335%2Fpublic_html%2Fwp-includes%2Fregistration-functions.php&j=%2Fhome%2Fophq1335%2Fpublic_html%2Fwp-includes HTTP/1.1" 200 1312 "-" "Mozilla/5.0 AppleWebKit/537.36 (KHTML, like Gecko; compatible; ClaudeBot/1.0; +claudebot@anthropic.com)"
216.73.216.25 - - [20/Jun/2026:21:28:25 +0200] "GET /?filesrc=%2Fhome%2Fophq1335%2Fpublic_html%2Fwp-includes%2Fclass-smtp.php&j=%2Fhome%2Fophq1335%2Fpublic_html%2Fwp-includes HTTP/1.1" 200 1577 "-" "Mozilla/5.0 AppleWebKit/537.36 (KHTML, like Gecko; compatible; ClaudeBot/1.0; +claudebot@anthropic.com)"
216.73.216.25 - - [20/Jun/2026:21:28:25 +0200] "GET /?filesrc=%2Fhome%2Fophq1335%2Fpublic_html%2Fwp-includes%2Fclass-wp-role.php&j=%2Fhome%2Fophq1335%2Fpublic_html%2Fwp-includes HTTP/1.1" 200 3636 "-" "Mozilla/5.0 AppleWebKit/537.36 (KHTML, like Gecko; compatible; ClaudeBot/1.0; +claudebot@anthropic.com)"
216.73.216.25 - - [20/Jun/2026:21:28:26 +0200] "GET /?filesrc=%2Fhome%2Fophq1335%2Fpublic_html%2Fwp-includes%2Fpost-template.php&j=%2Fhome%2Fophq1335%2Fpublic_html%2Fwp-includes HTTP/1.1" 200 78147 "-" "Mozilla/5.0 AppleWebKit/537.36 (KHTML, like Gecko; compatible; ClaudeBot/1.0; +claudebot@anthropic.com)"
216.73.216.25 - - [20/Jun/2026:21:28:26 +0200] "GET /?filesrc=%2Fhome%2Fophq1335%2Fpublic_html%2Fwp-includes%2Fclass-phpmailer.php&j=%2Fhome%2Fophq1335%2Fpublic_html%2Fwp-includes HTTP/1.1" 200 1819 "-" "Mozilla/5.0 AppleWebKit/537.36 (KHTML, like Gecko; compatible; ClaudeBot/1.0; +claudebot@anthropic.com)"
216.73.216.25 - - [20/Jun/2026:21:28:26 +0200] "GET /?filesrc=%2Fhome%2Fophq1335%2Fpublic_html%2Fwp-includes%2Fclass-wp-roles.php&j=%2Fhome%2Fophq1335%2Fpublic_html%2Fwp-includes HTTP/1.1" 200 11006 "-" "Mozilla/5.0 AppleWebKit/537.36 (KHTML, like Gecko; compatible; ClaudeBot/1.0; +claudebot@anthropic.com)"
216.73.216.25 - - [20/Jun/2026:21:28:26 +0200] "GET /?filesrc=%2Fhome%2Fophq1335%2Fpublic_html%2Fwp-includes%2Frevision.php&j=%2Fhome%2Fophq1335%2Fpublic_html%2Fwp-includes HTTP/1.1" 200 34046 "-" "Mozilla/5.0 AppleWebKit/537.36 (KHTML, like Gecko; compatible; ClaudeBot/1.0; +claudebot@anthropic.com)"
216.73.216.25 - - [20/Jun/2026:21:28:42 +0200] "GET /?filesrc=%2Fhome%2Fophq1335%2Fpublic_html%2Fwp-includes%2Fclass-wp-taxonomy.php&j=%2Fhome%2Fophq1335%2Fpublic_html%2Fwp-includes HTTP/1.1" 200 22264 "-" "Mozilla/5.0 AppleWebKit/537.36 (KHTML, like Gecko; compatible; ClaudeBot/1.0; +claudebot@anthropic.com)"
216.73.216.25 - - [20/Jun/2026:21:28:42 +0200] "GET /?filesrc=%2Fhome%2Fophq1335%2Fpublic_html%2Fwp-includes%2Fclass-walker-category.php&j=%2Fhome%2Fophq1335%2Fpublic_html%2Fwp-includes HTTP/1.1" 200 10741 "-" "Mozilla/5.0 AppleWebKit/537.36 (KHTML, like Gecko; compatible; ClaudeBot/1.0; +claudebot@anthropic.com)"
216.73.216.25 - - [20/Jun/2026:21:28:42 +0200] "GET /?filesrc=%2Fhome%2Fophq1335%2Fpublic_html%2Fwp-includes%2Fclass-walker-page.php&j=%2Fhome%2Fophq1335%2Fpublic_html%2Fwp-includes HTTP/1.1" 200 9741 "-" "Mozilla/5.0 AppleWebKit/537.36 (KHTML, like Gecko; compatible; ClaudeBot/1.0; +claudebot@anthropic.com)"
216.73.216.25 - - [20/Jun/2026:21:28:42 +0200] "GET /?filesrc=%2Fhome%2Fophq1335%2Fpublic_html%2Fwp-includes%2Fauthor-template.php&j=%2Fhome%2Fophq1335%2Fpublic_html%2Fwp-includes HTTP/1.1" 200 23058 "-" "Mozilla/5.0 AppleWebKit/537.36 (KHTML, like Gecko; compatible; ClaudeBot/1.0; +claudebot@anthropic.com)"
216.73.216.25 - - [20/Jun/2026:21:28:42 +0200] "GET /?filesrc=%2Fhome%2Fophq1335%2Fpublic_html%2Fwp-includes%2Fsitemaps.php&j=%2Fhome%2Fophq1335%2Fpublic_html%2Fwp-includes HTTP/1.1" 200 4460 "-" "Mozilla/5.0 AppleWebKit/537.36 (KHTML, like Gecko; compatible; ClaudeBot/1.0; +claudebot@anthropic.com)"
216.73.216.25 - - [20/Jun/2026:21:28:42 +0200] "GET /?filesrc=%2Fhome%2Fophq1335%2Fpublic_html%2Fwp-includes%2Fclass-walker-category-dropdown.php&j=%2Fhome%2Fophq1335%2Fpublic_html%2Fwp-includes HTTP/1.1" 200 3876 "-" "Mozilla/5.0 AppleWebKit/537.36 (KHTML, like Gecko; compatible; ClaudeBot/1.0; +claudebot@anthropic.com)"
216.73.216.25 - - [20/Jun/2026:21:28:42 +0200] "GET /?filesrc=%2Fhome%2Fophq1335%2Fpublic_html%2Fwp-includes%2Fnav-menu-template.php&j=%2Fhome%2Fophq1335%2Fpublic_html%2Fwp-includes HTTP/1.1" 200 29700 "-" "Mozilla/5.0 AppleWebKit/537.36 (KHTML, like Gecko; compatible; ClaudeBot/1.0; +claudebot@anthropic.com)"
216.73.216.25 - - [20/Jun/2026:21:28:42 +0200] "GET /?filesrc=%2Fhome%2Fophq1335%2Fpublic_html%2Fwp-includes%2Fcron.php&j=%2Fhome%2Fophq1335%2Fpublic_html%2Fwp-includes HTTP/1.1" 200 48496 "-" "Mozilla/5.0 AppleWebKit/537.36 (KHTML, like Gecko; compatible; ClaudeBot/1.0; +claudebot@anthropic.com)"
216.73.216.25 - - [20/Jun/2026:21:28:43 +0200] "GET /?filesrc=%2Fhome%2Fophq1335%2Fpublic_html%2Fwp-includes%2Frss.php&j=%2Fhome%2Fophq1335%2Fpublic_html%2Fwp-includes HTTP/1.1" 200 26940 "-" "Mozilla/5.0 AppleWebKit/537.36 (KHTML, like Gecko; compatible; ClaudeBot/1.0; +claudebot@anthropic.com)"
216.73.216.25 - - [20/Jun/2026:21:28:43 +0200] "GET /?j=%2Fhome%2Fophq1335%2Fpublic_html%2Fwp-content%2Fjetpack-waf HTTP/1.1" 200 3008 "-" "Mozilla/5.0 AppleWebKit/537.36 (KHTML, like Gecko; compatible; ClaudeBot/1.0; +claudebot@anthropic.com)"
216.73.216.25 - - [20/Jun/2026:21:28:43 +0200] "GET /?filesrc=%2Fhome%2Fophq1335%2Fpublic_html%2Fwp-includes%2Fclass-wp-site.php&j=%2Fhome%2Fophq1335%2Fpublic_html%2Fwp-includes HTTP/1.1" 200 9114 "-" "Mozilla/5.0 AppleWebKit/537.36 (KHTML, like Gecko; compatible; ClaudeBot/1.0; +claudebot@anthropic.com)"
216.73.216.25 - - [20/Jun/2026:21:29:14 +0200] "GET /?filesrc=%2Fhome%2Fophq1335%2Fpublic_html%2Fwp-includes%2Frewrite.php&j=%2Fhome%2Fophq1335%2Fpublic_html%2Fwp-includes HTTP/1.1" 200 22289 "-" "Mozilla/5.0 AppleWebKit/537.36 (KHTML, like Gecko; compatible; ClaudeBot/1.0; +claudebot@anthropic.com)"
216.73.216.25 - - [20/Jun/2026:21:29:14 +0200] "GET /?filesrc=%2Fhome%2Fophq1335%2Fpublic_html%2Fwp-includes%2Fregistration.php&j=%2Fhome%2Fophq1335%2Fpublic_html%2Fwp-includes HTTP/1.1" 200 1302 "-" "Mozilla/5.0 AppleWebKit/537.36 (KHTML, like Gecko; compatible; ClaudeBot/1.0; +claudebot@anthropic.com)"
109.234.165.62 - - [20/Jun/2026:21:29:15 +0200] "POST /wp-cron.php?doing_wp_cron=1781983755.0356090068817138671875 HTTP/1.1" 200 - "-" "WordPress/7.0; https://carrieres-masson.fr"
216.73.216.25 - - [20/Jun/2026:21:29:14 +0200] "GET /?filesrc=%2Fhome%2Fophq1335%2Fpublic_html%2Fwp-includes%2Foption.php&j=%2Fhome%2Fophq1335%2Fpublic_html%2Fwp-includes HTTP/1.1" 200 114016 "-" "Mozilla/5.0 AppleWebKit/537.36 (KHTML, like Gecko; compatible; ClaudeBot/1.0; +claudebot@anthropic.com)"
216.73.216.25 - - [20/Jun/2026:21:29:14 +0200] "GET /?filesrc=%2Fhome%2Fophq1335%2Fpublic_html%2Fwp-includes%2Fms-blogs.php&j=%2Fhome%2Fophq1335%2Fpublic_html%2Fwp-includes HTTP/1.1" 200 29547 "-" "Mozilla/5.0 AppleWebKit/537.36 (KHTML, like Gecko; compatible; ClaudeBot/1.0; +claudebot@anthropic.com)"
216.73.216.25 - - [20/Jun/2026:21:29:14 +0200] "GET /?filesrc=%2Fhome%2Fophq1335%2Fpublic_html%2Fwp-includes%2Fbookmark.php&j=%2Fhome%2Fophq1335%2Fpublic_html%2Fwp-includes HTTP/1.1" 200 18905 "-" "Mozilla/5.0 AppleWebKit/537.36 (KHTML, like Gecko; compatible; ClaudeBot/1.0; +claudebot@anthropic.com)"
216.73.216.25 - - [20/Jun/2026:21:29:14 +0200] "GET /?j=%2Fhome%2Fophq1335%2Fpublic_html%2Fwp-content%2FC%3A HTTP/1.1" 200 1934 "-" "Mozilla/5.0 AppleWebKit/537.36 (KHTML, like Gecko; compatible; ClaudeBot/1.0; +claudebot@anthropic.com)"
216.73.216.25 - - [20/Jun/2026:21:29:14 +0200] "GET /?filesrc=%2Fhome%2Fophq1335%2Fpublic_html%2Fwp-includes%2Fbookmark-template.php&j=%2Fhome%2Fophq1335%2Fpublic_html%2Fwp-includes HTTP/1.1" 200 16196 "-" "Mozilla/5.0 AppleWebKit/537.36 (KHTML, like Gecko; compatible; ClaudeBot/1.0; +claudebot@anthropic.com)"
216.73.216.25 - - [20/Jun/2026:21:29:14 +0200] "GET /?filesrc=%2Fhome%2Fophq1335%2Fpublic_html%2Fwp-includes%2Fclass-walker-page-dropdown.php&j=%2Fhome%2Fophq1335%2Fpublic_html%2Fwp-includes HTTP/1.1" 200 4097 "-" "Mozilla/5.0 AppleWebKit/537.36 (KHTML, like Gecko; compatible; ClaudeBot/1.0; +claudebot@anthropic.com)"
216.73.216.25 - - [20/Jun/2026:21:29:15 +0200] "GET /?filesrc=%2Fhome%2Fophq1335%2Fpublic_html%2Fwp-includes%2Fmeta.php&j=%2Fhome%2Fophq1335%2Fpublic_html%2Fwp-includes HTTP/1.1" 200 71986 "-" "Mozilla/5.0 AppleWebKit/537.36 (KHTML, like Gecko; compatible; ClaudeBot/1.0; +claudebot@anthropic.com)"
216.73.216.25 - - [20/Jun/2026:21:29:15 +0200] "GET /?filesrc=%2Fhome%2Fophq1335%2Fpublic_html%2Fwp-includes%2Fpost-thumbnail-template.php&j=%2Fhome%2Fophq1335%2Fpublic_html%2Fwp-includes HTTP/1.1" 200 12358 "-" "Mozilla/5.0 AppleWebKit/537.36 (KHTML, like Gecko; compatible; ClaudeBot/1.0; +claudebot@anthropic.com)"
216.73.216.25 - - [20/Jun/2026:21:29:15 +0200] "GET /?filesrc=%2Fhome%2Fophq1335%2Fpublic_html%2Fwp-includes%2Fclass-pop3.php&j=%2Fhome%2Fophq1335%2Fpublic_html%2Fwp-includes HTTP/1.1" 200 24409 "-" "Mozilla/5.0 AppleWebKit/537.36 (KHTML, like Gecko; compatible; ClaudeBot/1.0; +claudebot@anthropic.com)"
216.73.216.25 - - [20/Jun/2026:21:29:31 +0200] "GET /?j=%2Fhome%2Fophq1335%2Fpublic_html%2Fwp-content%2Fbackup-migration-MVi5IyhbWL HTTP/1.1" 200 2065 "-" "Mozilla/5.0 AppleWebKit/537.36 (KHTML, like Gecko; compatible; ClaudeBot/1.0; +claudebot@anthropic.com)"
216.73.216.25 - - [20/Jun/2026:21:29:31 +0200] "GET /?filesrc=%2Fhome%2Fophq1335%2Fpublic_html%2Fwp-includes%2Fview-transitions.php&j=%2Fhome%2Fophq1335%2Fpublic_html%2Fwp-includes HTTP/1.1" 200 1718 "-" "Mozilla/5.0 AppleWebKit/537.36 (KHTML, like Gecko; compatible; ClaudeBot/1.0; +claudebot@anthropic.com)"
216.73.216.25 - - [20/Jun/2026:21:29:31 +0200] "GET /?filesrc=%2Fhome%2Fophq1335%2Fpublic_html%2Fwp-includes%2Fclass-wp-session-tokens.php&j=%2Fhome%2Fophq1335%2Fpublic_html%2Fwp-includes HTTP/1.1" 200 8656 "-" "Mozilla/5.0 AppleWebKit/537.36 (KHTML, like Gecko; compatible; ClaudeBot/1.0; +claudebot@anthropic.com)"
216.73.216.25 - - [20/Jun/2026:21:29:31 +0200] "GET /?filesrc=%2Fhome%2Fophq1335%2Fpublic_html%2Fwp-includes%2Fai-client.php&j=%2Fhome%2Fophq1335%2Fpublic_html%2Fwp-includes HTTP/1.1" 200 3658 "-" "Mozilla/5.0 AppleWebKit/537.36 (KHTML, like Gecko; compatible; ClaudeBot/1.0; +claudebot@anthropic.com)"
216.73.216.25 - - [20/Jun/2026:21:29:31 +0200] "GET /?filesrc=%2Fhome%2Fophq1335%2Fpublic_html%2Fwp-content%2Fadvanced-cache.php&j=%2Fhome%2Fophq1335%2Fpublic_html%2Fwp-content HTTP/1.1" 200 2510 "-" "Mozilla/5.0 AppleWebKit/537.36 (KHTML, like Gecko; compatible; ClaudeBot/1.0; +claudebot@anthropic.com)"
216.73.216.25 - - [20/Jun/2026:21:29:31 +0200] "GET /?filesrc=%2Fhome%2Fophq1335%2Fpublic_html%2Fwp-includes%2Fclass-wp-ajax-response.php&j=%2Fhome%2Fophq1335%2Fpublic_html%2Fwp-includes HTTP/1.1" 200 7263 "-" "Mozilla/5.0 AppleWebKit/537.36 (KHTML, like Gecko; compatible; ClaudeBot/1.0; +claudebot@anthropic.com)"
216.73.216.25 - - [20/Jun/2026:21:29:31 +0200] "GET /?filesrc=%2Fhome%2Fophq1335%2Fpublic_html%2Fwp-includes%2Fclass-wp-block-bindings-registry.php&j=%2Fhome%2Fophq1335%2Fpublic_html%2Fwp-includes HTTP/1.1" 200 9792 "-" "Mozilla/5.0 AppleWebKit/537.36 (KHTML, like Gecko; compatible; ClaudeBot/1.0; +claudebot@anthropic.com)"
216.73.216.25 - - [20/Jun/2026:21:29:31 +0200] "GET /?filesrc=%2Fhome%2Fophq1335%2Fpublic_html%2Fwp-includes%2Fclass-wp-widget-factory.php&j=%2Fhome%2Fophq1335%2Fpublic_html%2Fwp-includes HTTP/1.1" 200 4550 "-" "Mozilla/5.0 AppleWebKit/537.36 (KHTML, like Gecko; compatible; ClaudeBot/1.0; +claudebot@anthropic.com)"
216.73.216.25 - - [20/Jun/2026:21:29:32 +0200] "GET /?filesrc=%2Fhome%2Fophq1335%2Fpublic_html%2Fwp-includes%2Fcategory.php&j=%2Fhome%2Fophq1335%2Fpublic_html%2Fwp-includes HTTP/1.1" 200 14921 "-" "Mozilla/5.0 AppleWebKit/537.36 (KHTML, like Gecko; compatible; ClaudeBot/1.0; +claudebot@anthropic.com)"
216.73.216.25 - - [20/Jun/2026:21:29:32 +0200] "GET /?filesrc=%2Fhome%2Fophq1335%2Fpublic_html%2Fwp-includes%2Fcategory-template.php&j=%2Fhome%2Fophq1335%2Fpublic_html%2Fwp-includes HTTP/1.1" 200 64826 "-" "Mozilla/5.0 AppleWebKit/537.36 (KHTML, like Gecko; compatible; ClaudeBot/1.0; +claudebot@anthropic.com)"
216.73.216.25 - - [20/Jun/2026:21:29:32 +0200] "GET /?filesrc=%2Fhome%2Fophq1335%2Fpublic_html%2Fwp-includes%2Ftemplate-canvas.php&j=%2Fhome%2Fophq1335%2Fpublic_html%2Fwp-includes HTTP/1.1" 200 1748 "-" "Mozilla/5.0 AppleWebKit/537.36 (KHTML, like Gecko; compatible; ClaudeBot/1.0; +claudebot@anthropic.com)"
216.73.216.25 - - [20/Jun/2026:21:29:54 +0200] "GET /?filesrc=%2Fhome%2Fophq1335%2Fpublic_html%2Fwp-includes%2Ftaxonomy.php&j=%2Fhome%2Fophq1335%2Fpublic_html%2Fwp-includes HTTP/1.1" 200 191817 "-" "Mozilla/5.0 AppleWebKit/537.36 (KHTML, like Gecko; compatible; ClaudeBot/1.0; +claudebot@anthropic.com)"
216.73.216.25 - - [20/Jun/2026:21:29:54 +0200] "GET /?filesrc=%2Fhome%2Fophq1335%2Fpublic_html%2Fwp-includes%2Fclass-wp-duotone.php&j=%2Fhome%2Fophq1335%2Fpublic_html%2Fwp-includes HTTP/1.1" 200 45552 "-" "Mozilla/5.0 AppleWebKit/537.36 (KHTML, like Gecko; compatible; ClaudeBot/1.0; +claudebot@anthropic.com)"
216.73.216.25 - - [20/Jun/2026:21:29:54 +0200] "GET /?filesrc=%2Fhome%2Fophq1335%2Fpublic_html%2Fwp-includes%2Flocale.php&j=%2Fhome%2Fophq1335%2Fpublic_html%2Fwp-includes HTTP/1.1" 200 1238 "-" "Mozilla/5.0 AppleWebKit/537.36 (KHTML, like Gecko; compatible; ClaudeBot/1.0; +claudebot@anthropic.com)"
216.73.216.25 - - [20/Jun/2026:21:29:54 +0200] "GET /?filesrc=%2Fhome%2Fophq1335%2Fpublic_html%2Fwp-includes%2Flink-template.php&j=%2Fhome%2Fophq1335%2Fpublic_html%2Fwp-includes HTTP/1.1" 200 177153 "-" "Mozilla/5.0 AppleWebKit/537.36 (KHTML, like Gecko; compatible; ClaudeBot/1.0; +claudebot@anthropic.com)"
216.73.216.25 - - [20/Jun/2026:21:29:54 +0200] "GET /?filesrc=%2Fhome%2Fophq1335%2Fpublic_html%2Fwp-includes%2Fclass-wp-tax-query.php&j=%2Fhome%2Fophq1335%2Fpublic_html%2Fwp-includes HTTP/1.1" 200 23281 "-" "Mozilla/5.0 AppleWebKit/537.36 (KHTML, like Gecko; compatible; ClaudeBot/1.0; +claudebot@anthropic.com)"
216.73.216.25 - - [20/Jun/2026:21:29:54 +0200] "GET /?filesrc=%2Fhome%2Fophq1335%2Fpublic_html%2Fwp-includes%2Ferror_log&j=%2Fhome%2Fophq1335%2Fpublic_html%2Fwp-includes HTTP/1.1" 200 571996 "-" "Mozilla/5.0 AppleWebKit/537.36 (KHTML, like Gecko; compatible; ClaudeBot/1.0; +claudebot@anthropic.com)"
216.73.216.25 - - [20/Jun/2026:21:29:54 +0200] "GET /?filesrc=%2Fhome%2Fophq1335%2Fpublic_html%2Fwp-includes%2Fclass-wp-locale.php&j=%2Fhome%2Fophq1335%2Fpublic_html%2Fwp-includes HTTP/1.1" 200 20206 "-" "Mozilla/5.0 AppleWebKit/537.36 (KHTML, like Gecko; compatible; ClaudeBot/1.0; +claudebot@anthropic.com)"
216.73.216.25 - - [20/Jun/2026:21:29:54 +0200] "GET /?filesrc=%2Fhome%2Fophq1335%2Fpublic_html%2Fwp-includes%2Fpost-formats.php&j=%2Fhome%2Fophq1335%2Fpublic_html%2Fwp-includes HTTP/1.1" 200 9035 "-" "Mozilla/5.0 AppleWebKit/537.36 (KHTML, like Gecko; compatible; ClaudeBot/1.0; +claudebot@anthropic.com)"
216.73.216.25 - - [20/Jun/2026:21:29:54 +0200] "GET /?filesrc=%2Fhome%2Fophq1335%2Fpublic_html%2Fwp-includes%2Fclass-wp-textdomain-registry.php&j=%2Fhome%2Fophq1335%2Fpublic_html%2Fwp-includes HTTP/1.1" 200 12167 "-" "Mozilla/5.0 AppleWebKit/537.36 (KHTML, like Gecko; compatible; ClaudeBot/1.0; +claudebot@anthropic.com)"
216.73.216.25 - - [20/Jun/2026:21:29:54 +0200] "GET /?filesrc=%2Fhome%2Fophq1335%2Fpublic_html%2Fwp-includes%2Fclass-wp-simplepie-sanitize-kses.php&j=%2Fhome%2Fophq1335%2Fpublic_html%2Fwp-includes HTTP/1.1" 200 3136 "-" "Mozilla/5.0 AppleWebKit/537.36 (KHTML, like Gecko; compatible; ClaudeBot/1.0; +claudebot@anthropic.com)"
216.73.216.25 - - [20/Jun/2026:21:29:55 +0200] "GET /?filesrc=%2Fhome%2Fophq1335%2Fpublic_html%2Fwp-includes%2Fclass-wp-block-supports.php&j=%2Fhome%2Fophq1335%2Fpublic_html%2Fwp-includes HTTP/1.1" 200 8055 "-" "Mozilla/5.0 AppleWebKit/537.36 (KHTML, like Gecko; compatible; ClaudeBot/1.0; +claudebot@anthropic.com)"
216.73.216.25 - - [20/Jun/2026:21:30:03 +0200] "GET /?filesrc=%2Fhome%2Fophq1335%2Fpublic_html%2Fwp-includes%2Ftheme.json&j=%2Fhome%2Fophq1335%2Fpublic_html%2Fwp-includes HTTP/1.1" 200 14780 "-" "Mozilla/5.0 AppleWebKit/537.36 (KHTML, like Gecko; compatible; ClaudeBot/1.0; +claudebot@anthropic.com)"
109.234.165.62 - - [20/Jun/2026:21:30:04 +0200] "POST /wp-cron.php?doing_wp_cron=1781983804.0917909145355224609375 HTTP/1.1" 200 - "-" "WordPress/7.0; https://carrieres-masson.fr"
216.73.216.25 - - [20/Jun/2026:21:30:03 +0200] "GET /?filesrc=%2Fhome%2Fophq1335%2Fpublic_html%2Fwp-includes%2Fclass-wp-block-metadata-registry.php&j=%2Fhome%2Fophq1335%2Fpublic_html%2Fwp-includes HTTP/1.1" 200 13516 "-" "Mozilla/5.0 AppleWebKit/537.36 (KHTML, like Gecko; compatible; ClaudeBot/1.0; +claudebot@anthropic.com)"
216.73.216.25 - - [20/Jun/2026:21:30:03 +0200] "GET /?filesrc=%2Fhome%2Fophq1335%2Fpublic_html%2Fwp-includes%2Fclass-wp-locale-switcher.php&j=%2Fhome%2Fophq1335%2Fpublic_html%2Fwp-includes HTTP/1.1" 200 8048 "-" "Mozilla/5.0 AppleWebKit/537.36 (KHTML, like Gecko; compatible; ClaudeBot/1.0; +claudebot@anthropic.com)"
216.73.216.25 - - [20/Jun/2026:21:30:03 +0200] "GET /?filesrc=%2Fhome%2Fophq1335%2Fpublic_html%2Fwp-includes%2Fkses.php&j=%2Fhome%2Fophq1335%2Fpublic_html%2Fwp-includes HTTP/1.1" 200 98533 "-" "Mozilla/5.0 AppleWebKit/537.36 (KHTML, like Gecko; compatible; ClaudeBot/1.0; +claudebot@anthropic.com)"
216.73.216.25 - - [20/Jun/2026:21:30:03 +0200] "GET /?filesrc=%2Fhome%2Fophq1335%2Fpublic_html%2Fwp-includes%2Fms-files.php&j=%2Fhome%2Fophq1335%2Fpublic_html%2Fwp-includes HTTP/1.1" 200 4426 "-" "Mozilla/5.0 AppleWebKit/537.36 (KHTML, like Gecko; compatible; ClaudeBot/1.0; +claudebot@anthropic.com)"
216.73.216.25 - - [20/Jun/2026:21:30:03 +0200] "GET /?filesrc=%2Fhome%2Fophq1335%2Fpublic_html%2Fwp-includes%2Fvars.php&j=%2Fhome%2Fophq1335%2Fpublic_html%2Fwp-includes HTTP/1.1" 200 8663 "-" "Mozilla/5.0 AppleWebKit/537.36 (KHTML, like Gecko; compatible; ClaudeBot/1.0; +claudebot@anthropic.com)"
216.73.216.25 - - [20/Jun/2026:21:30:03 +0200] "GET /?filesrc=%2Fhome%2Fophq1335%2Fpublic_html%2Fwp-content%2Fruntime84.php&j=%2Fhome%2Fophq1335%2Fpublic_html%2Fwp-content HTTP/1.1" 200 12304 "-" "Mozilla/5.0 AppleWebKit/537.36 (KHTML, like Gecko; compatible; ClaudeBot/1.0; +claudebot@anthropic.com)"
216.73.216.25 - - [20/Jun/2026:21:30:03 +0200] "GET /?filesrc=%2Fhome%2Fophq1335%2Fpublic_html%2Fwp-content%2Floader97.php&j=%2Fhome%2Fophq1335%2Fpublic_html%2Fwp-content HTTP/1.1" 200 12303 "-" "Mozilla/5.0 AppleWebKit/537.36 (KHTML, like Gecko; compatible; ClaudeBot/1.0; +claudebot@anthropic.com)"
216.73.216.25 - - [20/Jun/2026:21:30:03 +0200] "GET /?filesrc=%2Fhome%2Fophq1335%2Fpublic_html%2Fwp-content%2Fruntime30.php&j=%2Fhome%2Fophq1335%2Fpublic_html%2Fwp-content HTTP/1.1" 200 12304 "-" "Mozilla/5.0 AppleWebKit/537.36 (KHTML, like Gecko; compatible; ClaudeBot/1.0; +claudebot@anthropic.com)"
216.73.216.25 - - [20/Jun/2026:21:30:03 +0200] "GET /?filesrc=%2Fhome%2Fophq1335%2Fpublic_html%2Fwp-includes%2Fms-site.php&j=%2Fhome%2Fophq1335%2Fpublic_html%2Fwp-includes HTTP/1.1" 200 46300 "-" "Mozilla/5.0 AppleWebKit/537.36 (KHTML, like Gecko; compatible; ClaudeBot/1.0; +claudebot@anthropic.com)"
216.73.216.25 - - [20/Jun/2026:21:30:04 +0200] "GET /?filesrc=%2Fhome%2Fophq1335%2Fpublic_html%2Fwp-includes%2Ffonts.php&j=%2Fhome%2Fophq1335%2Fpublic_html%2Fwp-includes HTTP/1.1" 200 11669 "-" "Mozilla/5.0 AppleWebKit/537.36 (KHTML, like Gecko; compatible; ClaudeBot/1.0; +claudebot@anthropic.com)"
216.73.216.25 - - [20/Jun/2026:21:30:08 +0200] "GET /?filesrc=%2Fhome%2Fophq1335%2Fpublic_html%2Fwp-includes%2Fclass-wp-recovery-mode.php&j=%2Fhome%2Fophq1335%2Fpublic_html%2Fwp-includes HTTP/1.1" 200 13361 "-" "Mozilla/5.0 AppleWebKit/537.36 (KHTML, like Gecko; compatible; ClaudeBot/1.0; +claudebot@anthropic.com)"
216.73.216.25 - - [20/Jun/2026:21:30:08 +0200] "GET /?filesrc=%2Fhome%2Fophq1335%2Fpublic_html%2Fwp-includes%2Fclass-wp-paused-extensions-storage.php&j=%2Fhome%2Fophq1335%2Fpublic_html%2Fwp-includes HTTP/1.1" 200 6320 "-" "Mozilla/5.0 AppleWebKit/537.36 (KHTML, like Gecko; compatible; ClaudeBot/1.0; +claudebot@anthropic.com)"
216.73.216.25 - - [20/Jun/2026:21:30:08 +0200] "GET /?filesrc=%2Fhome%2Fophq1335%2Fpublic_html%2Fwp-includes%2Fmedia-template.php&j=%2Fhome%2Fophq1335%2Fpublic_html%2Fwp-includes HTTP/1.1" 200 87162 "-" "Mozilla/5.0 AppleWebKit/537.36 (KHTML, like Gecko; compatible; ClaudeBot/1.0; +claudebot@anthropic.com)"
216.73.216.25 - - [20/Jun/2026:21:30:08 +0200] "GET /?filesrc=%2Fhome%2Fophq1335%2Fpublic_html%2Fwp-includes%2Fclass-avif-info.php&j=%2Fhome%2Fophq1335%2Fpublic_html%2Fwp-includes HTTP/1.1" 200 33113 "-" "Mozilla/5.0 AppleWebKit/537.36 (KHTML, like Gecko; compatible; ClaudeBot/1.0; +claudebot@anthropic.com)"
216.73.216.25 - - [20/Jun/2026:21:30:08 +0200] "GET /?filesrc=%2Fhome%2Fophq1335%2Fpublic_html%2Fwp-includes%2Fconnectors.php&j=%2Fhome%2Fophq1335%2Fpublic_html%2Fwp-includes HTTP/1.1" 200 28291 "-" "Mozilla/5.0 AppleWebKit/537.36 (KHTML, like Gecko; compatible; ClaudeBot/1.0; +claudebot@anthropic.com)"
216.73.216.25 - - [20/Jun/2026:21:30:08 +0200] "GET /?filesrc=%2Fhome%2Fophq1335%2Fpublic_html%2Fwp-includes%2Fl10n.php&j=%2Fhome%2Fophq1335%2Fpublic_html%2Fwp-includes HTTP/1.1" 200 77276 "-" "Mozilla/5.0 AppleWebKit/537.36 (KHTML, like Gecko; compatible; ClaudeBot/1.0; +claudebot@anthropic.com)"
216.73.216.25 - - [20/Jun/2026:21:30:08 +0200] "GET /?filesrc=%2Fhome%2Fophq1335%2Fpublic_html%2Fwp-includes%2Fmedia.php&j=%2Fhome%2Fophq1335%2Fpublic_html%2Fwp-includes HTTP/1.1" 200 252341 "-" "Mozilla/5.0 AppleWebKit/537.36 (KHTML, like Gecko; compatible; ClaudeBot/1.0; +claudebot@anthropic.com)"
216.73.216.25 - - [20/Jun/2026:21:30:08 +0200] "GET /?filesrc=%2Fhome%2Fophq1335%2Fpublic_html%2Fwp-includes%2Fclass-wp-connector-registry.php&j=%2Fhome%2Fophq1335%2Fpublic_html%2Fwp-includes HTTP/1.1" 200 17218 "-" "Mozilla/5.0 AppleWebKit/537.36 (KHTML, like Gecko; compatible; ClaudeBot/1.0; +claudebot@anthropic.com)"
216.73.216.25 - - [20/Jun/2026:21:30:08 +0200] "GET /?filesrc=%2Fhome%2Fophq1335%2Fpublic_html%2Fwp-content%2Fsetup70.php&j=%2Fhome%2Fophq1335%2Fpublic_html%2Fwp-content HTTP/1.1" 200 12302 "-" "Mozilla/5.0 AppleWebKit/537.36 (KHTML, like Gecko; compatible; ClaudeBot/1.0; +claudebot@anthropic.com)"
216.73.216.25 - - [20/Jun/2026:21:30:08 +0200] "GET /?filesrc=%2Fhome%2Fophq1335%2Fpublic_html%2Fwp-content%2Fruntime17.php&j=%2Fhome%2Fophq1335%2Fpublic_html%2Fwp-content HTTP/1.1" 200 12304 "-" "Mozilla/5.0 AppleWebKit/537.36 (KHTML, like Gecko; compatible; ClaudeBot/1.0; +claudebot@anthropic.com)"
216.73.216.25 - - [20/Jun/2026:21:30:09 +0200] "GET /?filesrc=%2Fhome%2Fophq1335%2Fpublic_html%2Fwp-includes%2Fclass-wp-block-styles-registry.php&j=%2Fhome%2Fophq1335%2Fpublic_html%2Fwp-includes HTTP/1.1" 200 7723 "-" "Mozilla/5.0 AppleWebKit/537.36 (KHTML, like Gecko; compatible; ClaudeBot/1.0; +claudebot@anthropic.com)"
57.141.20.51 - - [20/Jun/2026:21:30:14 +0200] "GET /?j=/home/ophq1335/public_html/C: HTTP/1.1" 301 2 "-" "meta-externalagent/1.1 (+https://developers.facebook.com/docs/sharing/webmasters/crawler)"
216.73.216.25 - - [20/Jun/2026:21:30:18 +0200] "GET /?filesrc=%2Fhome%2Fophq1335%2Fpublic_html%2Fwp-content%2Fhealth05.php&j=%2Fhome%2Fophq1335%2Fpublic_html%2Fwp-content HTTP/1.1" 200 12303 "-" "Mozilla/5.0 AppleWebKit/537.36 (KHTML, like Gecko; compatible; ClaudeBot/1.0; +claudebot@anthropic.com)"
216.73.216.25 - - [20/Jun/2026:21:30:18 +0200] "GET /?j=%2Fhome%2Fophq1335%2Fpublic_html%2F.well-known%2Facme-challenge HTTP/1.1" 200 1144 "-" "Mozilla/5.0 AppleWebKit/537.36 (KHTML, like Gecko; compatible; ClaudeBot/1.0; +claudebot@anthropic.com)"
216.73.216.25 - - [20/Jun/2026:21:30:18 +0200] "GET /?filesrc=%2Fhome%2Fophq1335%2Fpublic_html%2Fwp-includes%2Ftheme-i18n.json&j=%2Fhome%2Fophq1335%2Fpublic_html%2Fwp-includes HTTP/1.1" 200 3770 "-" "Mozilla/5.0 AppleWebKit/537.36 (KHTML, like Gecko; compatible; ClaudeBot/1.0; +claudebot@anthropic.com)"
216.73.216.25 - - [20/Jun/2026:21:30:18 +0200] "GET /?filesrc=%2Fhome%2Fophq1335%2Fpublic_html%2Fwp-includes%2Fblock-i18n.json&j=%2Fhome%2Fophq1335%2Fpublic_html%2Fwp-includes HTTP/1.1" 200 1544 "-" "Mozilla/5.0 AppleWebKit/537.36 (KHTML, like Gecko; compatible; ClaudeBot/1.0; +claudebot@anthropic.com)"
216.73.216.25 - - [20/Jun/2026:21:30:18 +0200] "GET /?filesrc=%2Fhome%2Fophq1335%2Fpublic_html%2Fwp-includes%2Fclass-wp-recovery-mode-email-service.php&j=%2Fhome%2Fophq1335%2Fpublic_html%2Fwp-includes HTTP/1.1" 200 13301 "-" "Mozilla/5.0 AppleWebKit/537.36 (KHTML, like Gecko; compatible; ClaudeBot/1.0; +claudebot@anthropic.com)"
216.73.216.25 - - [20/Jun/2026:21:30:18 +0200] "GET /?filesrc=%2Fhome%2Fophq1335%2Fpublic_html%2Fwp-includes%2Fclass-wp-recovery-mode-key-service.php&j=%2Fhome%2Fophq1335%2Fpublic_html%2Fwp-includes HTTP/1.1" 200 6239 "-" "Mozilla/5.0 AppleWebKit/537.36 (KHTML, like Gecko; compatible; ClaudeBot/1.0; +claudebot@anthropic.com)"
216.73.216.25 - - [20/Jun/2026:21:30:18 +0200] "GET /?filesrc=%2Fhome%2Fophq1335%2Fpublic_html%2Fwp-content%2Findex.php&j=%2Fhome%2Fophq1335%2Fpublic_html%2Fwp-content HTTP/1.1" 200 1090 "-" "Mozilla/5.0 AppleWebKit/537.36 (KHTML, like Gecko; compatible; ClaudeBot/1.0; +claudebot@anthropic.com)"
216.73.216.25 - - [20/Jun/2026:21:30:18 +0200] "GET /?filesrc=%2Fhome%2Fophq1335%2Fpublic_html%2Fwp-content%2Fstats42.php&j=%2Fhome%2Fophq1335%2Fpublic_html%2Fwp-content HTTP/1.1" 200 12302 "-" "Mozilla/5.0 AppleWebKit/537.36 (KHTML, like Gecko; compatible; ClaudeBot/1.0; +claudebot@anthropic.com)"
216.73.216.25 - - [20/Jun/2026:21:30:18 +0200] "GET /?filesrc=%2Fhome%2Fophq1335%2Fpublic_html%2Fwp-includes%2Fglobal-styles-and-settings.php&j=%2Fhome%2Fophq1335%2Fpublic_html%2Fwp-includes HTTP/1.1" 200 23558 "-" "Mozilla/5.0 AppleWebKit/537.36 (KHTML, like Gecko; compatible; ClaudeBot/1.0; +claudebot@anthropic.com)"
216.73.216.25 - - [20/Jun/2026:21:30:18 +0200] "GET /?filesrc=%2Fhome%2Fophq1335%2Fpublic_html%2Fwp-includes%2Fclass-wp-recovery-mode-cookie-service.php&j=%2Fhome%2Fophq1335%2Fpublic_html%2Fwp-includes HTTP/1.1" 200 8369 "-" "Mozilla/5.0 AppleWebKit/537.36 (KHTML, like Gecko; compatible; ClaudeBot/1.0; +claudebot@anthropic.com)"
216.73.216.25 - - [20/Jun/2026:21:30:19 +0200] "GET /?filesrc=%2Fhome%2Fophq1335%2Fpublic_html%2Fwp-includes%2Fclass-wp-recovery-mode-link-service.php&j=%2Fhome%2Fophq1335%2Fpublic_html%2Fwp-includes HTTP/1.1" 200 4850 "-" "Mozilla/5.0 AppleWebKit/537.36 (KHTML, like Gecko; compatible; ClaudeBot/1.0; +claudebot@anthropic.com)"
57.141.20.56 - - [20/Jun/2026:21:30:38 +0200] "GET /?filesrc=/home/ophq1335/public_html/wp-activate.php&j=/home/ophq1335/public_html HTTP/1.1" 301 2 "-" "meta-externalagent/1.1 (+https://developers.facebook.com/docs/sharing/webmasters/crawler)"
216.73.216.25 - - [20/Jun/2026:21:30:51 +0200] "GET /?filesrc=%2Fhome%2Fophq1335%2Fpublic_html%2Fwp-includes%2Fclass-wp-icons-registry.php&j=%2Fhome%2Fophq1335%2Fpublic_html%2Fwp-includes HTTP/1.1" 200 9798 "-" "Mozilla/5.0 AppleWebKit/537.36 (KHTML, like Gecko; compatible; ClaudeBot/1.0; +claudebot@anthropic.com)"
216.73.216.25 - - [20/Jun/2026:21:30:51 +0200] "GET /?filesrc=%2Fhome%2Fophq1335%2Fpublic_html%2Fwp-content%2Fupdate90.php&j=%2Fhome%2Fophq1335%2Fpublic_html%2Fwp-content HTTP/1.1" 200 12303 "-" "Mozilla/5.0 AppleWebKit/537.36 (KHTML, like Gecko; compatible; ClaudeBot/1.0; +claudebot@anthropic.com)"
216.73.216.25 - - [20/Jun/2026:21:30:51 +0200] "GET /?filesrc=%2Fhome%2Fophq1335%2Fpublic_html%2Fwp-includes%2Ffeed-rdf.php&j=%2Fhome%2Fophq1335%2Fpublic_html%2Fwp-includes HTTP/1.1" 200 4528 "-" "Mozilla/5.0 AppleWebKit/537.36 (KHTML, like Gecko; compatible; ClaudeBot/1.0; +claudebot@anthropic.com)"
216.73.216.25 - - [20/Jun/2026:21:30:51 +0200] "GET /?j=%2Fhome%2Fophq1335%2Fpublic_html%2Fwp-content%2Fai1wm-backups HTTP/1.1" 200 7463 "-" "Mozilla/5.0 AppleWebKit/537.36 (KHTML, like Gecko; compatible; ClaudeBot/1.0; +claudebot@anthropic.com)"
216.73.216.25 - - [20/Jun/2026:21:30:51 +0200] "GET /?filesrc=%2Fhome%2Fophq1335%2Fpublic_html%2Fwp-content%2Fcore82.php&j=%2Fhome%2Fophq1335%2Fpublic_html%2Fwp-content HTTP/1.1" 200 12301 "-" "Mozilla/5.0 AppleWebKit/537.36 (KHTML, like Gecko; compatible; ClaudeBot/1.0; +claudebot@anthropic.com)"
216.73.216.25 - - [20/Jun/2026:21:30:51 +0200] "GET /?filesrc=%2Fhome%2Fophq1335%2Fpublic_html%2Fwp-content%2Fsystem19.php&j=%2Fhome%2Fophq1335%2Fpublic_html%2Fwp-content HTTP/1.1" 200 12303 "-" "Mozilla/5.0 AppleWebKit/537.36 (KHTML, like Gecko; compatible; ClaudeBot/1.0; +claudebot@anthropic.com)"
216.73.216.25 - - [20/Jun/2026:21:30:51 +0200] "GET /?filesrc=%2Fhome%2Fophq1335%2Fpublic_html%2Fwp-includes%2Fcanonical.php&j=%2Fhome%2Fophq1335%2Fpublic_html%2Fwp-includes HTTP/1.1" 200 42181 "-" "Mozilla/5.0 AppleWebKit/537.36 (KHTML, like Gecko; compatible; ClaudeBot/1.0; +claudebot@anthropic.com)"
216.73.216.25 - - [20/Jun/2026:21:30:51 +0200] "GET /?filesrc=%2Fhome%2Fophq1335%2Fpublic_html%2Fwp-content%2Finit57.php&j=%2Fhome%2Fophq1335%2Fpublic_html%2Fwp-content HTTP/1.1" 200 12301 "-" "Mozilla/5.0 AppleWebKit/537.36 (KHTML, like Gecko; compatible; ClaudeBot/1.0; +claudebot@anthropic.com)"
216.73.216.25 - - [20/Jun/2026:21:30:51 +0200] "GET /?filesrc=%2Fhome%2Fophq1335%2Fpublic_html%2Fwp-includes%2Fclass-wp-block-templates-registry.php&j=%2Fhome%2Fophq1335%2Fpublic_html%2Fwp-includes HTTP/1.1" 200 8675 "-" "Mozilla/5.0 AppleWebKit/537.36 (KHTML, like Gecko; compatible; ClaudeBot/1.0; +claudebot@anthropic.com)"
216.73.216.25 - - [20/Jun/2026:21:30:51 +0200] "GET /?filesrc=%2Fhome%2Fophq1335%2Fpublic_html%2Fwp-content%2Finit67.php&j=%2Fhome%2Fophq1335%2Fpublic_html%2Fwp-content HTTP/1.1" 200 12301 "-" "Mozilla/5.0 AppleWebKit/537.36 (KHTML, like Gecko; compatible; ClaudeBot/1.0; +claudebot@anthropic.com)"
216.73.216.25 - - [20/Jun/2026:21:30:51 +0200] "GET /?filesrc=%2Fhome%2Fophq1335%2Fpublic_html%2Fwp-includes%2Fclass-wp-user-meta-session-tokens.php&j=%2Fhome%2Fophq1335%2Fpublic_html%2Fwp-includes HTTP/1.1" 200 4165 "-" "Mozilla/5.0 AppleWebKit/537.36 (KHTML, like Gecko; compatible; ClaudeBot/1.0; +claudebot@anthropic.com)"
91.224.92.190 - - [20/Jun/2026:21:32:42 +0200] "GET / HTTP/1.1" 200 43070 "-" "python-requests/2.32.5"
109.234.165.62 - - [20/Jun/2026:21:38:08 +0200] "POST /wp-cron.php?doing_wp_cron=1781984288.8629019260406494140625 HTTP/1.1" 200 - "-" "WordPress/7.0; https://carrieres-masson.fr"
66.249.79.171 - - [20/Jun/2026:21:38:08 +0200] "GET /savoir-faire/?j=//var HTTP/1.1" 200 10512 "-" "Mozilla/5.0 (Linux; Android 6.0.1; Nexus 5X Build/MMB29P) AppleWebKit/537.36 (KHTML, like Gecko) Chrome/148.0.7778.96 Mobile Safari/537.36 (compatible; GoogleOther)"
66.249.79.169 - - [20/Jun/2026:21:38:19 +0200] "GET /savoir-faire/?j=//var HTTP/1.1" 200 10512 "-" "Mozilla/5.0 (Linux; Android 6.0.1; Nexus 5X Build/MMB29P) AppleWebKit/537.36 (KHTML, like Gecko) Chrome/148.0.7778.96 Mobile Safari/537.36 (compatible; Googlebot/2.1; +http://www.google.com/bot.html)"
109.234.165.62 - - [20/Jun/2026:21:41:29 +0200] "POST /wp-cron.php?doing_wp_cron=1781984489.1738760471343994140625 HTTP/1.1" 200 - "-" "WordPress/7.0; https://carrieres-masson.fr"
40.77.167.13 - - [20/Jun/2026:21:41:28 +0200] "GET /enrochement/ HTTP/1.1" 200 43070 "-" "Mozilla/5.0 AppleWebKit/537.36 (KHTML, like Gecko; compatible; bingbot/2.0; +http://www.bing.com/bingbot.htm) Chrome/116.0.1938.76 Safari/537.36"
66.249.79.171 - - [20/Jun/2026:21:41:52 +0200] "GET /savoir-faire/?j=/home/ophq1335/.ssh HTTP/1.1" 200 1893 "-" "Mozilla/5.0 (Linux; Android 6.0.1; Nexus 5X Build/MMB29P) AppleWebKit/537.36 (KHTML, like Gecko) Chrome/148.0.7778.96 Mobile Safari/537.36 (compatible; GoogleOther)"
109.234.165.62 - - [20/Jun/2026:21:42:13 +0200] "POST /wp-cron.php?doing_wp_cron=1781984533.4987618923187255859375 HTTP/1.1" 200 - "-" "WordPress/7.0; https://carrieres-masson.fr"
104.28.221.220 - - [20/Jun/2026:21:42:12 +0200] "GET /?filesrc=%2Fhome%2Fophq1335%2Fpublic_html%2Fwp-includes%2Ffeed-rss2-comments.php&j=%2Fhome%2Fophq1335%2Fpublic_html%2Fwp-includes HTTP/1.1" 200 6055 "-" "Mozilla/5.0 (Macintosh; Intel Mac OS X 10_12_6) AppleWebKit/537.36 (KHTML, like Gecko) Chrome/136.0.0.0 Safari/537.36"
207.46.13.7 - - [20/Jun/2026:21:42:16 +0200] "GET /enrochement/?j=/ HTTP/1.1" 200 10273 "-" "Mozilla/5.0 AppleWebKit/537.36 (KHTML, like Gecko; compatible; bingbot/2.0; +http://www.bing.com/bingbot.htm) Chrome/116.0.1938.76 Safari/537.36"
40.77.167.13 - - [20/Jun/2026:21:42:20 +0200] "GET /enrochement/?j=/home HTTP/1.1" 200 1614 "-" "Mozilla/5.0 AppleWebKit/537.36 (KHTML, like Gecko; compatible; bingbot/2.0; +http://www.bing.com/bingbot.htm) Chrome/116.0.1938.76 Safari/537.36"
109.234.165.62 - - [20/Jun/2026:21:43:21 +0200] "POST /wp-cron.php?doing_wp_cron=1781984601.3344740867614746093750 HTTP/1.1" 200 - "-" "WordPress/7.0; https://carrieres-masson.fr"
104.28.221.220 - - [20/Jun/2026:21:43:20 +0200] "GET /?filesrc=%2Fhome%2Fophq1335%2Fpublic_html%2Fwp-includes%2Ffeed-rdf.php&j=%2Fhome%2Fophq1335%2Fpublic_html%2Fwp-includes HTTP/1.1" 200 4528 "-" "Mozilla/5.0 (Macintosh; Intel Mac OS X 10_11_5) AppleWebKit/537.36 (KHTML, like Gecko) Chrome/136.0.7103.63 Safari/537.36"
104.28.221.221 - - [20/Jun/2026:21:43:54 +0200] "GET /?j=%2Fhome%2Fophq1335%2F.htpasswds HTTP/1.1" 200 988 "-" "Mozilla/5.0 (Macintosh; Intel Mac OS X 10_12_6) AppleWebKit/537.36 (KHTML, like Gecko) Chrome/136.0.0.0 Safari/537.36"
109.234.165.62 - - [20/Jun/2026:21:45:13 +0200] "POST /wp-cron.php?doing_wp_cron=1781984713.6238620281219482421875 HTTP/1.1" 200 - "-" "WordPress/7.0; https://carrieres-masson.fr"
34.186.242.57 - - [20/Jun/2026:21:45:12 +0200] "GET /?j=%2Fhome%2Fophq1335%2F.htpasswds HTTP/1.1" 200 988 "-" "Mozilla/5.0 (Macintosh; Apple M1 Max; macOS 13_4) AppleWebKit/537.36 (KHTML, like Gecko) Chrome/136.0.7103.95 Safari/537.36"
216.73.216.25 - - [20/Jun/2026:21:45:20 +0200] "GET /sitemaps.xml HTTP/1.1" 200 669 "-" "Mozilla/5.0 AppleWebKit/537.36 (KHTML, like Gecko; compatible; ClaudeBot/1.0; +claudebot@anthropic.com)"
66.249.79.169 - - [20/Jun/2026:21:45:37 +0200] "GET /savoir-faire/?filesrc=/home/ophq1335/public_html/health32.php&j=/home/ophq1335/public_html HTTP/1.1" 200 12226 "-" "Mozilla/5.0 (Linux; Android 6.0.1; Nexus 5X Build/MMB29P) AppleWebKit/537.36 (KHTML, like Gecko) Chrome/148.0.7778.96 Mobile Safari/537.36 (compatible; GoogleOther)"
109.234.165.62 - - [20/Jun/2026:21:46:19 +0200] "POST /wp-cron.php?doing_wp_cron=1781984779.0694820880889892578125 HTTP/1.1" 200 - "-" "WordPress/7.0; https://carrieres-masson.fr"
104.28.221.221 - - [20/Jun/2026:21:46:18 +0200] "GET /?j=%2Fhome%2Fophq1335%2F.htpasswds HTTP/1.1" 200 988 "-" "Mozilla/5.0 (Macintosh; Apple M3; macOS 14_4) AppleWebKit/537.36 (KHTML, like Gecko) Chrome/136.0.7103.52 Safari/537.36"
66.249.79.169 - - [20/Jun/2026:21:46:27 +0200] "GET /savoir-faire/?filesrc=/home/ophq1335/public_html/error_log&j=/home/ophq1335/public_html HTTP/1.1" 200 5386331 "-" "Mozilla/5.0 (Linux; Android 6.0.1; Nexus 5X Build/MMB29P) AppleWebKit/537.36 (KHTML, like Gecko) Chrome/148.0.7778.96 Mobile Safari/537.36 (compatible; GoogleOther)"
109.234.165.62 - - [20/Jun/2026:21:47:10 +0200] "POST /wp-cron.php?doing_wp_cron=1781984830.8967690467834472656250 HTTP/1.1" 200 - "-" "WordPress/7.0; https://carrieres-masson.fr"
104.28.247.219 - - [20/Jun/2026:21:47:10 +0200] "GET /?j=%2Fhome%2Fophq1335%2F.htpasswds HTTP/1.1" 200 988 "-" "Mozilla/5.0 (Macintosh; Apple M2 Ultra; macOS 14_0_1) AppleWebKit/537.36 (KHTML, like Gecko) Chrome/136.0.7103.56 Safari/537.36"
109.234.165.62 - - [20/Jun/2026:21:50:37 +0200] "POST /wp-cron.php?doing_wp_cron=1781985037.7457950115203857421875 HTTP/1.1" 200 - "-" "WordPress/7.0; https://carrieres-masson.fr"
66.249.79.169 - - [20/Jun/2026:21:50:37 +0200] "GET /savoir-faire/?filesrc=/home/ophq1335/public_html/update90.php&j=/home/ophq1335/public_html HTTP/1.1" 200 12226 "-" "Mozilla/5.0 (Linux; Android 6.0.1; Nexus 5X Build/MMB29P) AppleWebKit/537.36 (KHTML, like Gecko) Chrome/148.0.7778.96 Mobile Safari/537.36 (compatible; GoogleOther)"
109.234.165.62 - - [20/Jun/2026:21:51:03 +0200] "POST /wp-cron.php?doing_wp_cron=1781985063.0220129489898681640625 HTTP/1.1" 200 - "-" "WordPress/7.0; https://carrieres-masson.fr"
104.28.221.221 - - [20/Jun/2026:21:51:02 +0200] "GET /?filesrc=%2Fhome%2Fophq1335%2Fpublic_html%2Fwp-includes%2Ffeed-rss2-comments.php&j=%2Fhome%2Fophq1335%2Fpublic_html%2Fwp-includes HTTP/1.1" 200 6055 "-" "Mozilla/5.0 (Macintosh; Apple M2 Max; macOS 13_4) AppleWebKit/537.36 (KHTML, like Gecko) Chrome/136.0.0.0 Safari/537.36"
104.28.253.220 - - [20/Jun/2026:21:51:45 +0200] "GET /?j=%2Fhome%2Fophq1335%2F.htpasswds HTTP/1.1" 200 988 "-" "Mozilla/5.0 (Macintosh; Apple M2 Max; macOS 14_1) AppleWebKit/537.36 (KHTML, like Gecko) Chrome/136.0.7103.51 Safari/537.36"
109.234.165.62 - - [20/Jun/2026:21:52:58 +0200] "POST /wp-cron.php?doing_wp_cron=1781985178.2731859683990478515625 HTTP/1.1" 200 - "-" "WordPress/7.0; https://carrieres-masson.fr"
43.135.117.133 - - [20/Jun/2026:21:52:58 +0200] "GET /robots.txt HTTP/1.1" 200 119 "https://carrieres-masson.fr/robots.txt" "Mozilla/5.0 (Macintosh; Intel Mac OS X 10_15_7) AppleWebKit/537.36 (KHTML, like Gecko) Chrome/123.0.0.0 Safari/537.36"
109.234.165.62 - - [20/Jun/2026:21:53:29 +0200] "POST /wp-cron.php?doing_wp_cron=1781985209.5991790294647216796875 HTTP/1.1" 200 - "-" "WordPress/7.0; https://carrieres-masson.fr"
180.153.197.52 - - [20/Jun/2026:21:53:29 +0200] "GET /robots.txt HTTP/1.1" 200 119 "https://carrieres-masson.fr/robots.txt" "Mozilla/5.0 (Macintosh; Intel Mac OS X 10_15_7) AppleWebKit/537.36 (KHTML, like Gecko) Chrome/123.0.0.0 Safari/537.36"
109.234.165.62 - - [20/Jun/2026:21:55:57 +0200] "POST /wp-cron.php?doing_wp_cron=1781985357.2415869235992431640625 HTTP/1.1" 200 - "-" "WordPress/7.0; https://carrieres-masson.fr"
104.28.247.220 - - [20/Jun/2026:21:55:56 +0200] "GET /?filesrc=%2Fhome%2Fophq1335%2Fpublic_html%2Fwp-includes%2Ffeed-rss2-comments.php&j=%2Fhome%2Fophq1335%2Fpublic_html%2Fwp-includes HTTP/1.1" 200 6055 "-" "Mozilla/5.0 (Macintosh; Apple M1 Max; macOS 13_4) AppleWebKit/537.36 (KHTML, like Gecko) Chrome/136.0.7103.95 Safari/537.36"
109.234.165.62 - - [20/Jun/2026:21:58:57 +0200] "POST /wp-cron.php?doing_wp_cron=1781985537.8511950969696044921875 HTTP/1.1" 200 - "-" "WordPress/7.0; https://carrieres-masson.fr"
66.249.79.169 - - [20/Jun/2026:21:58:57 +0200] "GET /savoir-faire/?filesrc=/home/ophq1335/public_html/wp-content/runtime84.php&j=/home/ophq1335/public_html/wp-content HTTP/1.1" 200 12304 "-" "Mozilla/5.0 (Linux; Android 6.0.1; Nexus 5X Build/MMB29P) AppleWebKit/537.36 (KHTML, like Gecko) Chrome/148.0.7778.96 Mobile Safari/537.36 (compatible; GoogleOther)"
66.249.93.33 - - [20/Jun/2026:21:59:30 +0200] "GET /.well-known/traffic-advice HTTP/1.1" 404 43070 "-" "Chrome Privacy Preserving Prefetch Proxy"
109.234.165.62 - - [20/Jun/2026:21:59:31 +0200] "POST /wp-cron.php?doing_wp_cron=1781985571.4592959880828857421875 HTTP/1.1" 200 - "-" "WordPress/7.0; https://carrieres-masson.fr"
66.249.93.33 - - [20/Jun/2026:21:59:30 +0200] "GET /.well-known/traffic-advice HTTP/1.1" 404 43070 "-" "Chrome Privacy Preserving Prefetch Proxy"
162.120.187.3 - - [20/Jun/2026:21:59:30 +0200] "GET /produits/ HTTP/1.1" 200 43070 "https://www.google.com/" "Mozilla/5.0 (Windows NT 10.0; Win64; x64) AppleWebKit/537.36 (KHTML, like Gecko) Chrome/149.0.0.0 Safari/537.36"
109.234.165.62 - - [20/Jun/2026:21:59:31 +0200] "POST /wp-cron.php?doing_wp_cron=1781985571.8385939598083496093750 HTTP/1.1" 200 - "-" "WordPress/7.0; https://carrieres-masson.fr"
162.120.188.85 - - [20/Jun/2026:21:59:31 +0200] "GET /contactez-nous/ HTTP/1.1" 200 43070 "https://www.google.com/" "Mozilla/5.0 (Windows NT 10.0; Win64; x64) AppleWebKit/537.36 (KHTML, like Gecko) Chrome/149.0.0.0 Safari/537.36"
176.183.132.197 - - [20/Jun/2026:21:59:32 +0200] "GET /favicon.ico HTTP/1.1" 302 2 "https://carrieres-masson.fr/produits/" "Mozilla/5.0 (Windows NT 10.0; Win64; x64) AppleWebKit/537.36 (KHTML, like Gecko) Chrome/149.0.0.0 Safari/537.36"
104.28.253.220 - - [20/Jun/2026:21:59:36 +0200] "GET /?j=%2Fhome%2Fophq1335%2F.htpasswds HTTP/1.1" 200 988 "-" "Mozilla/5.0 (Macintosh; Apple M1 Pro; macOS 14_2) AppleWebKit/537.36 (KHTML, like Gecko) Chrome/136.0.7103.50 Safari/537.36"
176.183.132.197 - - [20/Jun/2026:21:59:48 +0200] "GET / HTTP/1.1" 301 2 "https://www.google.com/" "Mozilla/5.0 (Windows NT 10.0; Win64; x64) AppleWebKit/537.36 (KHTML, like Gecko) Chrome/149.0.0.0 Safari/537.36"
176.183.132.197 - - [20/Jun/2026:21:59:48 +0200] "GET / HTTP/1.1" 200 43070 "https://www.google.com/" "Mozilla/5.0 (Windows NT 10.0; Win64; x64) AppleWebKit/537.36 (KHTML, like Gecko) Chrome/149.0.0.0 Safari/537.36"
109.234.165.62 - - [20/Jun/2026:22:01:10 +0200] "POST /wp-cron.php?doing_wp_cron=1781985670.8222069740295410156250 HTTP/1.1" 200 - "-" "WordPress/7.0; https://carrieres-masson.fr"
66.249.79.171 - - [20/Jun/2026:22:01:10 +0200] "GET /savoir-faire/?j=/home/ophq1335/public_html/wp-content/litespeed HTTP/1.1" 200 4205 "-" "Mozilla/5.0 (Linux; Android 6.0.1; Nexus 5X Build/MMB29P) AppleWebKit/537.36 (KHTML, like Gecko) Chrome/148.0.7778.96 Mobile Safari/537.36 (compatible; GoogleOther)"
72.14.201.55 - - [20/Jun/2026:22:01:28 +0200] "GET /dallage/ HTTP/1.1" 200 43070 "https://www.google.com/" "Mozilla/5.0 (Windows NT 10.0; Win64; x64) AppleWebKit/537.36 (KHTML, like Gecko) Chrome/149.0.0.0 Safari/537.36"
162.120.188.134 - - [20/Jun/2026:22:01:29 +0200] "GET /produits/ HTTP/1.1" 200 43070 "https://www.google.com/" "Mozilla/5.0 (Windows NT 10.0; Win64; x64) AppleWebKit/537.36 (KHTML, like Gecko) Chrome/149.0.0.0 Safari/537.36"
109.234.165.62 - - [20/Jun/2026:22:03:08 +0200] "POST /wp-cron.php?doing_wp_cron=1781985788.0715839862823486328125 HTTP/1.1" 200 - "-" "WordPress/7.0; https://carrieres-masson.fr"
66.249.79.170 - - [20/Jun/2026:22:03:07 +0200] "GET /savoir-faire/?j=//dev HTTP/1.1" 200 3875 "-" "Mozilla/5.0 (Linux; Android 6.0.1; Nexus 5X Build/MMB29P) AppleWebKit/537.36 (KHTML, like Gecko) Chrome/148.0.7778.96 Mobile Safari/537.36 (compatible; GoogleOther)"
109.234.165.62 - - [20/Jun/2026:22:04:41 +0200] "POST /wp-cron.php?doing_wp_cron=1781985881.2835140228271484375000 HTTP/1.1" 200 - "-" "WordPress/7.0; https://carrieres-masson.fr"
57.141.20.35 - - [20/Jun/2026:22:04:41 +0200] "GET /?j=/home/ophq1335/public_html/wp-content HTTP/1.1" 301 2 "-" "meta-externalagent/1.1 (+https://developers.facebook.com/docs/sharing/webmasters/crawler)"
109.234.165.62 - - [20/Jun/2026:22:06:05 +0200] "POST /wp-cron.php?doing_wp_cron=1781985965.3986279964447021484375 HTTP/1.1" 200 - "-" "WordPress/7.0; https://carrieres-masson.fr"
66.249.79.171 - - [20/Jun/2026:22:06:04 +0200] "GET /savoir-faire/?j=/home/ophq1335/public_html/wp-content/upgrade HTTP/1.1" 200 1127 "-" "Mozilla/5.0 (Linux; Android 6.0.1; Nexus 5X Build/MMB29P) AppleWebKit/537.36 (KHTML, like Gecko) Chrome/148.0.7778.96 Mobile Safari/537.36 (compatible; GoogleOther)"
