136.111.229.68 - - [20/Jun/2026:10:40:21 +0200] "GET /?j=%2Fhome%2Fophq1335%2Fpublic_html%2Fwp-includes%2Fblocks%2Faccordion-heading HTTP/1.1" 200 6640 "-" "Mozilla/5.0 (Macintosh; Apple M2 Pro; macOS 13_6) AppleWebKit/537.36 (KHTML, like Gecko) Chrome/136.0.7103.93 Safari/537.36"
136.111.229.68 - - [20/Jun/2026:10:40:21 +0200] "GET /?j=%2Fhome%2Fophq1335%2Fpublic_html%2Fwp-includes%2Fblocks%2Faudio HTTP/1.1" 200 14687 "-" "Mozilla/5.0 (Macintosh; Apple M2; macOS 14_4_1) AppleWebKit/537.36 (KHTML, like Gecko) Chrome/136.0.7103.84 Safari/537.36"
136.111.229.68 - - [20/Jun/2026:10:40:21 +0200] "GET /?j=%2Fhome%2Fophq1335%2Fpublic_html%2Fwp-includes%2Fblocks%2Fcategories HTTP/1.1" 200 10729 "-" "Mozilla/5.0 (Macintosh; Intel Mac OS X 10_15_7) AppleWebKit/537.36 (KHTML, like Gecko) Chrome/136.0.7103.97 Safari/537.36"
136.111.229.68 - - [20/Jun/2026:10:40:21 +0200] "GET /?j=%2Fhome%2Fophq1335%2Fpublic_html%2Fwp-includes%2Fblocks%2Faccordion-panel HTTP/1.1" 200 6594 "-" "Mozilla/5.0 (Macintosh; Apple M1; macOS 12_5) AppleWebKit/537.36 (KHTML, like Gecko) Chrome/136.0.7103.53 Safari/537.36"
136.111.229.68 - - [20/Jun/2026:10:40:22 +0200] "GET /?j=/home/ophq1335/public_html/wp-includes/blocks/comment-reply-link HTTP/1.1" 301 2 "-" "Mozilla/5.0 (Macintosh; Apple M3 Pro; macOS 13_0) AppleWebKit/537.36 (KHTML, like Gecko) Chrome/136.0.7103.57 Safari/537.36"
136.111.229.68 - - [20/Jun/2026:10:40:22 +0200] "GET /?j=/home/ophq1335/public_html/wp-includes/blocks/comments HTTP/1.1" 301 2 "-" "Mozilla/5.0 (Macintosh; Apple M1; macOS 12_7_1) AppleWebKit/537.36 (KHTML, like Gecko) Chrome/136.0.0.0 Safari/537.36"
136.111.229.68 - - [20/Jun/2026:10:40:22 +0200] "GET /?j=/home/ophq1335/public_html/wp-includes/blocks/comment-template HTTP/1.1" 301 2 "-" "Mozilla/5.0 (Macintosh; Intel Mac OS X 10_14_5) AppleWebKit/537.36 (KHTML, like Gecko) Chrome/136.0.7103.60 Safari/537.36"
136.111.229.68 - - [20/Jun/2026:10:40:22 +0200] "GET /?j=/home/ophq1335/public_html/wp-includes/blocks/comments-pagination HTTP/1.1" 301 2 "-" "Mozilla/5.0 (Macintosh; Intel Mac OS X 10_15_7) AppleWebKit/537.36 (KHTML, like Gecko) Chrome/136.0.7103.81 Safari/537.36"
136.111.229.68 - - [20/Jun/2026:10:40:22 +0200] "GET /?j=/home/ophq1335/public_html/wp-includes/blocks/comments-pagination-next HTTP/1.1" 301 2 "-" "Mozilla/5.0 (Macintosh; Apple M1; macOS 13_0_1) AppleWebKit/537.36 (KHTML, like Gecko) Chrome/136.0.0.0 Safari/537.36"
136.111.229.68 - - [20/Jun/2026:10:40:22 +0200] "GET /?j=/home/ophq1335/public_html/wp-includes/blocks/comments-pagination-numbers HTTP/1.1" 301 2 "-" "Mozilla/5.0 (Macintosh; Intel Mac OS X 10_14) AppleWebKit/537.36 (KHTML, like Gecko) Chrome/136.0.0.0 Safari/537.36"
136.111.229.68 - - [20/Jun/2026:10:40:22 +0200] "GET /?j=%2Fhome%2Fophq1335%2Fpublic_html%2Fwp-includes%2Fblocks%2Fcolumns HTTP/1.1" 200 10616 "-" "Mozilla/5.0 (Macintosh; Apple M1; macOS 12_7_1) AppleWebKit/537.36 (KHTML, like Gecko) Chrome/136.0.8900.41 Safari/537.36"
136.111.229.68 - - [20/Jun/2026:10:40:22 +0200] "GET /?j=%2Fhome%2Fophq1335%2Fpublic_html%2Fwp-includes%2Fblocks%2Fcomment-content HTTP/1.1" 200 6596 "-" "Mozilla/5.0 (Macintosh; Apple M2 Max; macOS 13_4) AppleWebKit/537.36 (KHTML, like Gecko) Chrome/136.0.0.0 Safari/537.36"
136.111.229.68 - - [20/Jun/2026:10:40:22 +0200] "GET /?j=%2Fhome%2Fophq1335%2Fpublic_html%2Fwp-includes%2Fblocks%2Fcomment-author-name HTTP/1.1" 200 6684 "-" "Mozilla/5.0 (Macintosh; Apple M3 Max; macOS 14_3) AppleWebKit/537.36 (KHTML, like Gecko) Chrome/136.0.0.0 Safari/537.36"
136.111.229.68 - - [20/Jun/2026:10:40:22 +0200] "GET /?j=%2Fhome%2Fophq1335%2Fpublic_html%2Fwp-includes%2Fblocks%2Fcomment-date HTTP/1.1" 200 6530 "-" "Mozilla/5.0 (Macintosh; Intel Mac OS X 10_15_7) AppleWebKit/537.36 (KHTML, like Gecko) Chrome/136.0.7103.97 Safari/537.36"
136.111.229.68 - - [20/Jun/2026:10:40:22 +0200] "GET /?j=%2Fhome%2Fophq1335%2Fpublic_html%2Fwp-includes%2Fblocks%2Fcomment-template HTTP/1.1" 200 6618 "-" "Mozilla/5.0 (Macintosh; Intel Mac OS X 10_14_5) AppleWebKit/537.36 (KHTML, like Gecko) Chrome/136.0.7103.60 Safari/537.36"
136.111.229.68 - - [20/Jun/2026:10:40:22 +0200] "GET /?j=%2Fhome%2Fophq1335%2Fpublic_html%2Fwp-includes%2Fblocks%2Fcomment-edit-link HTTP/1.1" 200 6640 "-" "Mozilla/5.0 (Macintosh; Apple M1; macOS 13_5) AppleWebKit/537.36 (KHTML, like Gecko) Chrome/136.0.0.0 Safari/537.36"
136.111.229.68 - - [20/Jun/2026:10:40:22 +0200] "GET /?j=%2Fhome%2Fophq1335%2Fpublic_html%2Fwp-includes%2Fblocks%2Fcomments HTTP/1.1" 200 10654 "-" "Mozilla/5.0 (Macintosh; Apple M1; macOS 12_7_1) AppleWebKit/537.36 (KHTML, like Gecko) Chrome/136.0.0.0 Safari/537.36"
136.111.229.68 - - [20/Jun/2026:10:40:22 +0200] "GET /?j=%2Fhome%2Fophq1335%2Fpublic_html%2Fwp-includes%2Fblocks%2Fcomment-reply-link HTTP/1.1" 200 6660 "-" "Mozilla/5.0 (Macintosh; Apple M3 Pro; macOS 13_0) AppleWebKit/537.36 (KHTML, like Gecko) Chrome/136.0.7103.57 Safari/537.36"
136.111.229.68 - - [20/Jun/2026:10:40:22 +0200] "GET /?j=%2Fhome%2Fophq1335%2Fpublic_html%2Fwp-includes%2Fblocks%2Fcomments-pagination HTTP/1.1" 200 11072 "-" "Mozilla/5.0 (Macintosh; Intel Mac OS X 10_15_7) AppleWebKit/537.36 (KHTML, like Gecko) Chrome/136.0.7103.81 Safari/537.36"
136.111.229.68 - - [20/Jun/2026:10:40:22 +0200] "GET /?j=%2Fhome%2Fophq1335%2Fpublic_html%2Fwp-includes%2Fblocks%2Fcomments-pagination-next HTTP/1.1" 200 2342 "-" "Mozilla/5.0 (Macintosh; Apple M1; macOS 13_0_1) AppleWebKit/537.36 (KHTML, like Gecko) Chrome/136.0.0.0 Safari/537.36"
136.111.229.68 - - [20/Jun/2026:10:40:22 +0200] "GET /?j=%2Fhome%2Fophq1335%2Fpublic_html%2Fwp-includes%2Fblocks%2Fcomments-pagination-numbers HTTP/1.1" 200 6876 "-" "Mozilla/5.0 (Macintosh; Intel Mac OS X 10_14) AppleWebKit/537.36 (KHTML, like Gecko) Chrome/136.0.0.0 Safari/537.36"
35.239.184.71 - - [20/Jun/2026:10:40:25 +0200] "GET /?filesrc=%2Fhome%2Fophq1335%2Fpublic_html%2Fwp-includes%2Fblocks%2Fsite-title.php&j=%2Fhome%2Fophq1335%2Fpublic_html%2Fwp-includes%2Fblocks HTTP/1.1" 500 2484 "-" "Mozilla/5.0 (Macintosh; Apple M2; macOS 14_4_1) AppleWebKit/537.36 (KHTML, like Gecko) Chrome/136.0.0.0 Safari/537.36"
34.9.121.41 - - [20/Jun/2026:10:40:26 +0200] "GET /?filesrc=%2Fhome%2Fophq1335%2Fpublic_html%2Fwp-includes%2Fblocks%2Fpost-excerpt.php&j=%2Fhome%2Fophq1335%2Fpublic_html%2Fwp-includes%2Fblocks HTTP/1.1" 500 2484 "-" "Mozilla/5.0 (Macintosh; Apple M2; macOS 13_0) AppleWebKit/537.36 (KHTML, like Gecko) Chrome/136.0.0.0 Safari/537.36"
35.232.160.22 - - [20/Jun/2026:10:40:25 +0200] "GET /?filesrc=%2Fhome%2Fophq1335%2Fpublic_html%2Fwp-includes%2Fblocks%2Fterm-name.php&j=%2Fhome%2Fophq1335%2Fpublic_html%2Fwp-includes%2Fblocks HTTP/1.1" 200 3545 "-" "Mozilla/5.0 (Macintosh; Intel Mac OS X 10_15_7) AppleWebKit/537.36 (KHTML, like Gecko) Chrome/136.0.0.0 Safari/537.36"
34.28.251.21 - - [20/Jun/2026:10:40:25 +0200] "GET /?filesrc=%2Fhome%2Fophq1335%2Fpublic_html%2Fwp-includes%2Fblocks%2Fpost-author-name.php&j=%2Fhome%2Fophq1335%2Fpublic_html%2Fwp-includes%2Fblocks HTTP/1.1" 200 3502 "-" "Mozilla/5.0 (Macintosh; Intel Mac OS X 10_15_7) AppleWebKit/537.36 (KHTML, like Gecko) Chrome/136.0.7103.49 Safari/537.36"
34.121.158.227 - - [20/Jun/2026:10:40:25 +0200] "GET /?filesrc=%2Fhome%2Fophq1335%2Fpublic_html%2Fwp-includes%2Fblocks%2Fpost-author.php&j=%2Fhome%2Fophq1335%2Fpublic_html%2Fwp-includes%2Fblocks HTTP/1.1" 200 4620 "-" "Mozilla/5.0 (Macintosh; Apple M1; macOS 13_5) AppleWebKit/537.36 (KHTML, like Gecko) Chrome/136.0.0.0 Safari/537.36"
34.41.168.107 - - [20/Jun/2026:10:40:25 +0200] "GET /?filesrc=%2Fhome%2Fophq1335%2Fpublic_html%2Fwp-includes%2Fblocks%2Fpattern.php&j=%2Fhome%2Fophq1335%2Fpublic_html%2Fwp-includes%2Fblocks HTTP/1.1" 200 3117 "-" "Mozilla/5.0 (Macintosh; Apple M2 Ultra; macOS 14_0_1) AppleWebKit/537.36 (KHTML, like Gecko) Chrome/136.0.7103.56 Safari/537.36"
35.254.91.177 - - [20/Jun/2026:10:40:25 +0200] "GET /?filesrc=%2Fhome%2Fophq1335%2Fpublic_html%2Fwp-includes%2Fblocks%2Fpage-list-item.php&j=%2Fhome%2Fophq1335%2Fpublic_html%2Fwp-includes%2Fblocks HTTP/1.1" 200 1542 "-" "Mozilla/5.0 (Macintosh; Apple M2; macOS 14_4_1) AppleWebKit/537.36 (KHTML, like Gecko) Chrome/136.0.0.0 Safari/537.36"
34.44.166.34 - - [20/Jun/2026:10:40:25 +0200] "GET /?filesrc=%2Fhome%2Fophq1335%2Fpublic_html%2Fwp-includes%2Fblocks%2Fpost-time-to-read.php&j=%2Fhome%2Fophq1335%2Fpublic_html%2Fwp-includes%2Fblocks HTTP/1.1" 200 8497 "-" "Mozilla/5.0 (Macintosh; Apple M1; macOS 12_6) AppleWebKit/537.36 (KHTML, like Gecko) Chrome/136.0.0.0 Safari/537.36"
35.193.76.1 - - [20/Jun/2026:10:40:25 +0200] "GET /?filesrc=%2Fhome%2Fophq1335%2Fpublic_html%2Fwp-includes%2Fblocks%2Fnavigation-submenu.php&j=%2Fhome%2Fophq1335%2Fpublic_html%2Fwp-includes%2Fblocks HTTP/1.1" 200 14865 "-" "Mozilla/5.0 (Macintosh; Apple M2; macOS 14_4_1) AppleWebKit/537.36 (KHTML, like Gecko) Chrome/136.0.7103.84 Safari/537.36"
34.61.6.119 - - [20/Jun/2026:10:40:25 +0200] "GET /?filesrc=%2Fhome%2Fophq1335%2Fpublic_html%2Fwp-includes%2Fblocks%2Fparagraph.php&j=%2Fhome%2Fophq1335%2Fpublic_html%2Fwp-includes%2Fblocks HTTP/1.1" 200 2408 "-" "Mozilla/5.0 (Macintosh; Apple M1; macOS 14_4_1) AppleWebKit/537.36 (KHTML, like Gecko) Chrome/136.0.8900.41 Safari/537.36"
34.61.6.119 - - [20/Jun/2026:10:40:25 +0200] "GET /?filesrc=%2Fhome%2Fophq1335%2Fpublic_html%2Fwp-includes%2Fblocks%2Fterm-template.php&j=%2Fhome%2Fophq1335%2Fpublic_html%2Fwp-includes%2Fblocks HTTP/1.1" 200 6377 "-" "Mozilla/5.0 (Macintosh; Apple M2; macOS 13_0) AppleWebKit/537.36 (KHTML, like Gecko) Chrome/136.0.0.0 Safari/537.36"
35.253.134.2 - - [20/Jun/2026:10:40:25 +0200] "GET /?filesrc=%2Fhome%2Fophq1335%2Fpublic_html%2Fwp-includes%2Fblocks%2Fpost-content.php&j=%2Fhome%2Fophq1335%2Fpublic_html%2Fwp-includes%2Fblocks HTTP/1.1" 200 3786 "-" "Mozilla/5.0 (Macintosh; Apple M2 Max; macOS 14_1) AppleWebKit/537.36 (KHTML, like Gecko) Chrome/136.0.7103.51 Safari/537.36"
34.42.136.242 - - [20/Jun/2026:10:40:25 +0200] "GET /?filesrc=%2Fhome%2Fophq1335%2Fpublic_html%2Fwp-includes%2Fblocks%2Ftag-cloud.php&j=%2Fhome%2Fophq1335%2Fpublic_html%2Fwp-includes%2Fblocks HTTP/1.1" 200 3022 "-" "Mozilla/5.0 (Macintosh; Apple M3; macOS 13_6) AppleWebKit/537.36 (KHTML, like Gecko) Chrome/136.0.0.0 Safari/537.36"
34.69.81.212 - - [20/Jun/2026:10:40:25 +0200] "GET /?filesrc=%2Fhome%2Fophq1335%2Fpublic_html%2Fwp-includes%2Fblocks%2Fvideo.php&j=%2Fhome%2Fophq1335%2Fpublic_html%2Fwp-includes%2Fblocks HTTP/1.1" 200 4286 "-" "Mozilla/5.0 (Macintosh; Apple M2; macOS 13_0) AppleWebKit/537.36 (KHTML, like Gecko) Chrome/136.0.0.0 Safari/537.36"
136.115.140.60 - - [20/Jun/2026:10:40:25 +0200] "GET /?filesrc=%2Fhome%2Fophq1335%2Fpublic_html%2Fwp-includes%2Fblocks%2Fnavigation.php&j=%2Fhome%2Fophq1335%2Fpublic_html%2Fwp-includes%2Fblocks HTTP/1.1" 200 72125 "-" "Mozilla/5.0 (Macintosh; Intel Mac OS X 10_8_5) AppleWebKit/537.36 (KHTML, like Gecko) Chrome/136.0.7103.66 Safari/537.36"
35.232.236.241 - - [20/Jun/2026:10:40:25 +0200] "GET /?filesrc=%2Fhome%2Fophq1335%2Fpublic_html%2Fwp-includes%2Fblocks%2Fquery-pagination.php&j=%2Fhome%2Fophq1335%2Fpublic_html%2Fwp-includes%2Fblocks HTTP/1.1" 200 2520 "-" "Mozilla/5.0 (Macintosh; Apple M2 Max; macOS 14_1) AppleWebKit/537.36 (KHTML, like Gecko) Chrome/136.0.7103.51 Safari/537.36"
34.135.135.223 - - [20/Jun/2026:10:40:25 +0200] "GET /?filesrc=%2Fhome%2Fophq1335%2Fpublic_html%2Fwp-includes%2Fblocks%2Fread-more.php&j=%2Fhome%2Fophq1335%2Fpublic_html%2Fwp-includes%2Fblocks HTTP/1.1" 200 3252 "-" "Mozilla/5.0 (Macintosh; Apple M1; macOS 12_5) AppleWebKit/537.36 (KHTML, like Gecko) Chrome/136.0.7103.53 Safari/537.36"
34.56.143.102 - - [20/Jun/2026:10:40:25 +0200] "GET /?filesrc=%2Fhome%2Fophq1335%2Fpublic_html%2Fwp-includes%2Fblocks%2Fpost-comments-form.php&j=%2Fhome%2Fophq1335%2Fpublic_html%2Fwp-includes%2Fblocks HTTP/1.1" 200 4414 "-" "Mozilla/5.0 (Macintosh; Apple M3; macOS 14_5) AppleWebKit/537.36 (KHTML, like Gecko) Chrome/136.0.0.0 Safari/537.36"
34.31.15.125 - - [20/Jun/2026:10:40:25 +0200] "GET /?filesrc=%2Fhome%2Fophq1335%2Fpublic_html%2Fwp-includes%2Fblocks%2Fquery-no-results.php&j=%2Fhome%2Fophq1335%2Fpublic_html%2Fwp-includes%2Fblocks HTTP/1.1" 200 3294 "-" "Mozilla/5.0 (Macintosh; Apple M2; macOS 14_4_1) AppleWebKit/537.36 (KHTML, like Gecko) Chrome/136.0.0.0 Safari/537.36"
35.255.140.147 - - [20/Jun/2026:10:40:25 +0200] "GET /?filesrc=%2Fhome%2Fophq1335%2Fpublic_html%2Fwp-includes%2Fblocks%2Fterm-description.php&j=%2Fhome%2Fophq1335%2Fpublic_html%2Fwp-includes%2Fblocks HTTP/1.1" 200 3222 "-" "Mozilla/5.0 (Macintosh; Apple M3; macOS 14_0) AppleWebKit/537.36 (KHTML, like Gecko) Chrome/136.0.0.0 Safari/537.36"
34.31.53.226 - - [20/Jun/2026:10:40:25 +0200] "GET /?filesrc=%2Fhome%2Fophq1335%2Fpublic_html%2Fwp-includes%2Fblocks%2Ftemplate-part.php&j=%2Fhome%2Fophq1335%2Fpublic_html%2Fwp-includes%2Fblocks HTTP/1.1" 200 12875 "-" "Mozilla/5.0 (Macintosh; Apple M1 Pro; macOS 14_2) AppleWebKit/537.36 (KHTML, like Gecko) Chrome/136.0.7103.50 Safari/537.36"
136.111.229.68 - - [20/Jun/2026:10:40:26 +0200] "GET /?filesrc=/home/ophq1335/public_html/wp-includes/blocks/shortcode.php&j=/home/ophq1335/public_html/wp-includes/blocks HTTP/1.1" 301 2 "-" "Mozilla/5.0 (Macintosh; Apple M2; macOS 13_0) AppleWebKit/537.36 (KHTML, like Gecko) Chrome/136.0.0.0 Safari/537.36"
35.192.247.165 - - [20/Jun/2026:10:40:25 +0200] "GET /?filesrc=%2Fhome%2Fophq1335%2Fpublic_html%2Fwp-includes%2Fblocks%2Fquery-total.php&j=%2Fhome%2Fophq1335%2Fpublic_html%2Fwp-includes%2Fblocks HTTP/1.1" 200 3879 "-" "Mozilla/5.0 (Macintosh; Apple M3; macOS 14_4) AppleWebKit/537.36 (KHTML, like Gecko) Chrome/136.0.7103.52 Safari/537.36"
136.116.57.184 - - [20/Jun/2026:10:40:25 +0200] "GET /?filesrc=%2Fhome%2Fophq1335%2Fpublic_html%2Fwp-includes%2Fblocks%2Fpost-author-biography.php&j=%2Fhome%2Fophq1335%2Fpublic_html%2Fwp-includes%2Fblocks HTTP/1.1" 200 2896 "-" "Mozilla/5.0 (Macintosh; Intel Mac OS X 10_12_6) AppleWebKit/537.36 (KHTML, like Gecko) Chrome/136.0.0.0 Safari/537.36"
35.254.91.177 - - [20/Jun/2026:10:40:25 +0200] "GET /?filesrc=%2Fhome%2Fophq1335%2Fpublic_html%2Fwp-includes%2Fblocks%2Fsearch.php&j=%2Fhome%2Fophq1335%2Fpublic_html%2Fwp-includes%2Fblocks HTTP/1.1" 200 28660 "-" "Mozilla/5.0 (Macintosh; Apple M3; macOS 14_5) AppleWebKit/537.36 (KHTML, like Gecko) Chrome/136.0.8900.41 Safari/537.36"
35.225.111.142 - - [20/Jun/2026:10:40:25 +0200] "GET /?filesrc=%2Fhome%2Fophq1335%2Fpublic_html%2Fwp-includes%2Fblocks%2Fpost-comments-link.php&j=%2Fhome%2Fophq1335%2Fpublic_html%2Fwp-includes%2Fblocks HTTP/1.1" 200 3824 "-" "Mozilla/5.0 (Macintosh; Apple M2; macOS 13_3) AppleWebKit/537.36 (KHTML, like Gecko) Chrome/136.0.7103.54 Safari/537.36"
34.42.227.33 - - [20/Jun/2026:10:40:25 +0200] "GET /?filesrc=%2Fhome%2Fophq1335%2Fpublic_html%2Fwp-includes%2Fblocks%2Fpost-featured-image.php&j=%2Fhome%2Fophq1335%2Fpublic_html%2Fwp-includes%2Fblocks HTTP/1.1" 200 12120 "-" "Mozilla/5.0 (Macintosh; Intel Mac OS X 10_14_6) AppleWebKit/537.36 (KHTML, like Gecko) Chrome/136.0.7103.85 Safari/537.36"
34.31.241.228 - - [20/Jun/2026:10:40:25 +0200] "GET /?filesrc=%2Fhome%2Fophq1335%2Fpublic_html%2Fwp-includes%2Fblocks%2Fquery-pagination-previous.php&j=%2Fhome%2Fophq1335%2Fpublic_html%2Fwp-includes%2Fblocks HTTP/1.1" 200 5169 "-" "Mozilla/5.0 (Macintosh; Intel Mac OS X 10_8_5) AppleWebKit/537.36 (KHTML, like Gecko) Chrome/136.0.7103.66 Safari/537.36"
35.193.76.1 - - [20/Jun/2026:10:40:25 +0200] "GET /?filesrc=%2Fhome%2Fophq1335%2Fpublic_html%2Fwp-includes%2Fblocks%2Fpost-terms.php&j=%2Fhome%2Fophq1335%2Fpublic_html%2Fwp-includes%2Fblocks HTTP/1.1" 200 5566 "-" "Mozilla/5.0 (Macintosh; Apple M3; macOS 14_5) AppleWebKit/537.36 (KHTML, like Gecko) Chrome/136.0.0.0 Safari/537.36"
35.253.134.2 - - [20/Jun/2026:10:40:25 +0200] "GET /?filesrc=%2Fhome%2Fophq1335%2Fpublic_html%2Fwp-includes%2Fblocks%2Fpost-comments-count.php&j=%2Fhome%2Fophq1335%2Fpublic_html%2Fwp-includes%2Fblocks HTTP/1.1" 200 2595 "-" "Mozilla/5.0 (Macintosh; Apple M2 Pro; macOS 13_5_2) AppleWebKit/537.36 (KHTML, like Gecko) Chrome/136.0.0.0 Safari/537.36"
34.122.206.137 - - [20/Jun/2026:10:40:25 +0200] "GET /?filesrc=%2Fhome%2Fophq1335%2Fpublic_html%2Fwp-includes%2Fblocks%2Fpost-title.php&j=%2Fhome%2Fophq1335%2Fpublic_html%2Fwp-includes%2Fblocks HTTP/1.1" 200 3729 "-" "Mozilla/5.0 (Macintosh; Apple M1 Max; macOS 13_5_2) AppleWebKit/537.36 (KHTML, like Gecko) Chrome/136.0.0.0 Safari/537.36"
35.232.236.241 - - [20/Jun/2026:10:40:25 +0200] "GET /?filesrc=%2Fhome%2Fophq1335%2Fpublic_html%2Fwp-includes%2Fblocks%2Fquery.php&j=%2Fhome%2Fophq1335%2Fpublic_html%2Fwp-includes%2Fblocks HTTP/1.1" 200 7520 "-" "Mozilla/5.0 (Macintosh; Apple M3; macOS 14_4) AppleWebKit/537.36 (KHTML, like Gecko) Chrome/136.0.7103.52 Safari/537.36"
136.115.77.140 - - [20/Jun/2026:10:40:25 +0200] "GET /?filesrc=%2Fhome%2Fophq1335%2Fpublic_html%2Fwp-includes%2Fblocks%2Fwidget-group.php&j=%2Fhome%2Fophq1335%2Fpublic_html%2Fwp-includes%2Fblocks HTTP/1.1" 200 3840 "-" "Mozilla/5.0 (Macintosh; Apple M3 Pro; macOS 14_4_1) AppleWebKit/537.36 (KHTML, like Gecko) Chrome/136.0.0.0 Safari/537.36"
34.46.127.83 - - [20/Jun/2026:10:40:25 +0200] "GET /?filesrc=%2Fhome%2Fophq1335%2Fpublic_html%2Fwp-includes%2Fblocks%2Fquery-pagination-next.php&j=%2Fhome%2Fophq1335%2Fpublic_html%2Fwp-includes%2Fblocks HTTP/1.1" 200 5371 "-" "Mozilla/5.0 (Macintosh; Apple M3; macOS 14_5) AppleWebKit/537.36 (KHTML, like Gecko) Chrome/136.0.7103.48 Safari/537.36"
34.55.246.223 - - [20/Jun/2026:10:40:25 +0200] "GET /?filesrc=%2Fhome%2Fophq1335%2Fpublic_html%2Fwp-includes%2Fblocks%2Fpost-template.php&j=%2Fhome%2Fophq1335%2Fpublic_html%2Fwp-includes%2Fblocks HTTP/1.1" 200 7674 "-" "Mozilla/5.0 (Macintosh; Apple M1; macOS 11_7) AppleWebKit/537.36 (KHTML, like Gecko) Chrome/136.0.7103.58 Safari/537.36"
34.44.166.34 - - [20/Jun/2026:10:40:25 +0200] "GET /?filesrc=%2Fhome%2Fophq1335%2Fpublic_html%2Fwp-includes%2Fblocks%2Fpost-navigation-link.php&j=%2Fhome%2Fophq1335%2Fpublic_html%2Fwp-includes%2Fblocks HTTP/1.1" 200 6987 "-" "Mozilla/5.0 (Macintosh; Apple M2; macOS 14_4_1) AppleWebKit/537.36 (KHTML, like Gecko) Chrome/136.0.0.0 Safari/537.36"
35.232.236.241 - - [20/Jun/2026:10:40:25 +0200] "GET /?filesrc=%2Fhome%2Fophq1335%2Fpublic_html%2Fwp-includes%2Fblocks%2Fpost-date.php&j=%2Fhome%2Fophq1335%2Fpublic_html%2Fwp-includes%2Fblocks HTTP/1.1" 200 5527 "-" "Mozilla/5.0 (Macintosh; Apple M2 Max; macOS 13_4) AppleWebKit/537.36 (KHTML, like Gecko) Chrome/136.0.0.0 Safari/537.36"
34.66.36.43 - - [20/Jun/2026:10:40:25 +0200] "GET /?filesrc=%2Fhome%2Fophq1335%2Fpublic_html%2Fwp-includes%2Fblocks%2Fpage-list.php&j=%2Fhome%2Fophq1335%2Fpublic_html%2Fwp-includes%2Fblocks HTTP/1.1" 200 18664 "-" "Mozilla/5.0 (Macintosh; Apple M1 Pro; macOS 13_5_2) AppleWebKit/537.36 (KHTML, like Gecko) Chrome/136.0.0.0 Safari/537.36"
104.197.60.84 - - [20/Jun/2026:10:40:25 +0200] "GET /?filesrc=%2Fhome%2Fophq1335%2Fpublic_html%2Fwp-includes%2Fblocks%2Fterm-count.php&j=%2Fhome%2Fophq1335%2Fpublic_html%2Fwp-includes%2Fblocks HTTP/1.1" 200 3244 "-" "Mozilla/5.0 (Macintosh; Apple M1; macOS 13_0_1) AppleWebKit/537.36 (KHTML, like Gecko) Chrome/136.0.0.0 Safari/537.36"
34.61.214.61 - - [20/Jun/2026:10:40:25 +0200] "GET /?filesrc=%2Fhome%2Fophq1335%2Fpublic_html%2Fwp-includes%2Fblocks%2Fquery-pagination-numbers.php&j=%2Fhome%2Fophq1335%2Fpublic_html%2Fwp-includes%2Fblocks HTTP/1.1" 200 6459 "-" "Mozilla/5.0 (Macintosh; Apple M3; macOS 14_4) AppleWebKit/537.36 (KHTML, like Gecko) Chrome/136.0.7103.52 Safari/537.36"
35.192.166.21 - - [20/Jun/2026:10:40:25 +0200] "GET /?filesrc=%2Fhome%2Fophq1335%2Fpublic_html%2Fwp-includes%2Fblocks%2Fnavigation-overlay-close.php&j=%2Fhome%2Fophq1335%2Fpublic_html%2Fwp-includes%2Fblocks HTTP/1.1" 200 3311 "-" "Mozilla/5.0 (Macintosh; Apple M3; macOS 14_5) AppleWebKit/537.36 (KHTML, like Gecko) Chrome/136.0.8900.41 Safari/537.36"
104.197.9.75 - - [20/Jun/2026:10:40:25 +0200] "GET /?filesrc=%2Fhome%2Fophq1335%2Fpublic_html%2Fwp-includes%2Fblocks%2Fsite-logo.php&j=%2Fhome%2Fophq1335%2Fpublic_html%2Fwp-includes%2Fblocks HTTP/1.1" 200 8333 "-" "Mozilla/5.0 (Macintosh; Apple M1; macOS 11_6) AppleWebKit/537.36 (KHTML, like Gecko) Chrome/136.0.0.0 Safari/537.36"
34.59.95.155 - - [20/Jun/2026:10:40:25 +0200] "GET /?filesrc=%2Fhome%2Fophq1335%2Fpublic_html%2Fwp-includes%2Fblocks%2Fquery-title.php&j=%2Fhome%2Fophq1335%2Fpublic_html%2Fwp-includes%2Fblocks HTTP/1.1" 200 4344 "-" "Mozilla/5.0 (Macintosh; Apple M2 Max; macOS 14_1) AppleWebKit/537.36 (KHTML, like Gecko) Chrome/136.0.7103.51 Safari/537.36"
136.111.229.68 - - [20/Jun/2026:10:40:26 +0200] "GET /?filesrc=%2Fhome%2Fophq1335%2Fpublic_html%2Fwp-includes%2Fblocks%2Fshortcode.php&j=%2Fhome%2Fophq1335%2Fpublic_html%2Fwp-includes%2Fblocks HTTP/1.1" 200 1934 "-" "Mozilla/5.0 (Macintosh; Apple M2; macOS 13_0) AppleWebKit/537.36 (KHTML, like Gecko) Chrome/136.0.0.0 Safari/537.36"
136.111.229.68 - - [20/Jun/2026:10:40:28 +0200] "GET /?j=/home/ophq1335/public_html/wp-includes/blocks/comments-pagination-previous HTTP/1.1" 301 2 "-" "Mozilla/5.0 (Macintosh; Apple M2; macOS 13_4_1) AppleWebKit/537.36 (KHTML, like Gecko) Chrome/136.0.0.0 Safari/537.36"
136.111.229.68 - - [20/Jun/2026:10:40:28 +0200] "GET /?filesrc=/home/ophq1335/public_html/wp-includes/blocks/rss.php&j=/home/ophq1335/public_html/wp-includes/blocks HTTP/1.1" 301 2 "-" "Mozilla/5.0 (Macintosh; Apple M1; macOS 13_0_1) AppleWebKit/537.36 (KHTML, like Gecko) Chrome/136.0.0.0 Safari/537.36"
136.111.229.68 - - [20/Jun/2026:10:40:28 +0200] "GET /?j=%2Fhome%2Fophq1335%2Fpublic_html%2Fwp-includes%2Fblocks%2Fcomments-pagination-previous HTTP/1.1" 200 2366 "-" "Mozilla/5.0 (Macintosh; Apple M2; macOS 13_4_1) AppleWebKit/537.36 (KHTML, like Gecko) Chrome/136.0.0.0 Safari/537.36"
136.111.229.68 - - [20/Jun/2026:10:40:28 +0200] "GET /?filesrc=%2Fhome%2Fophq1335%2Fpublic_html%2Fwp-includes%2Fblocks%2Frss.php&j=%2Fhome%2Fophq1335%2Fpublic_html%2Fwp-includes%2Fblocks HTTP/1.1" 200 6858 "-" "Mozilla/5.0 (Macintosh; Apple M1; macOS 13_0_1) AppleWebKit/537.36 (KHTML, like Gecko) Chrome/136.0.0.0 Safari/537.36"
136.111.229.68 - - [20/Jun/2026:10:40:29 +0200] "GET /?filesrc=/home/ophq1335/public_html/wp-includes/blocks/require-static-blocks.php&j=/home/ophq1335/public_html/wp-includes/blocks HTTP/1.1" 301 2 "-" "Mozilla/5.0 (Macintosh; Apple M1; macOS 12_6) AppleWebKit/537.36 (KHTML, like Gecko) Chrome/136.0.0.0 Safari/537.36"
136.111.229.68 - - [20/Jun/2026:10:40:29 +0200] "GET /?filesrc=%2Fhome%2Fophq1335%2Fpublic_html%2Fwp-includes%2Fblocks%2Frequire-static-blocks.php&j=%2Fhome%2Fophq1335%2Fpublic_html%2Fwp-includes%2Fblocks HTTP/1.1" 200 1938 "-" "Mozilla/5.0 (Macintosh; Apple M1; macOS 12_6) AppleWebKit/537.36 (KHTML, like Gecko) Chrome/136.0.0.0 Safari/537.36"
136.111.229.68 - - [20/Jun/2026:10:40:31 +0200] "GET /?filesrc=/home/ophq1335/public_html/wp-includes/blocks/site-tagline.php&j=/home/ophq1335/public_html/wp-includes/blocks HTTP/1.1" 301 2 "-" "Mozilla/5.0 (Macintosh; Apple M1; macOS 14_4_1) AppleWebKit/537.36 (KHTML, like Gecko) Chrome/136.0.8900.41 Safari/537.36"
136.111.229.68 - - [20/Jun/2026:10:40:31 +0200] "GET /?filesrc=%2Fhome%2Fophq1335%2Fpublic_html%2Fwp-includes%2Fblocks%2Fsite-tagline.php&j=%2Fhome%2Fophq1335%2Fpublic_html%2Fwp-includes%2Fblocks HTTP/1.1" 200 2548 "-" "Mozilla/5.0 (Macintosh; Apple M1; macOS 14_4_1) AppleWebKit/537.36 (KHTML, like Gecko) Chrome/136.0.8900.41 Safari/537.36"
136.111.229.68 - - [20/Jun/2026:10:40:32 +0200] "GET /?filesrc=/home/ophq1335/public_html/wp-includes/blocks/require-dynamic-blocks.php&j=/home/ophq1335/public_html/wp-includes/blocks HTTP/1.1" 301 2 "-" "Mozilla/5.0 (Macintosh; Intel Mac OS X 10_12_5) AppleWebKit/537.36 (KHTML, like Gecko) Chrome/136.0.7103.62 Safari/537.36"
136.111.229.68 - - [20/Jun/2026:10:40:32 +0200] "GET /?filesrc=%2Fhome%2Fophq1335%2Fpublic_html%2Fwp-includes%2Fblocks%2Frequire-dynamic-blocks.php&j=%2Fhome%2Fophq1335%2Fpublic_html%2Fwp-includes%2Fblocks HTTP/1.1" 200 6947 "-" "Mozilla/5.0 (Macintosh; Intel Mac OS X 10_12_5) AppleWebKit/537.36 (KHTML, like Gecko) Chrome/136.0.7103.62 Safari/537.36"
136.111.229.68 - - [20/Jun/2026:10:40:34 +0200] "GET /?filesrc=/home/ophq1335/public_html/wp-includes/blocks/social-link.php&j=/home/ophq1335/public_html/wp-includes/blocks HTTP/1.1" 301 2 "-" "Mozilla/5.0 (Macintosh; Apple M1; macOS 13_0_1) AppleWebKit/537.36 (KHTML, like Gecko) Chrome/136.0.0.0 Safari/537.36"
136.111.229.68 - - [20/Jun/2026:10:40:34 +0200] "GET /?filesrc=%2Fhome%2Fophq1335%2Fpublic_html%2Fwp-includes%2Fblocks%2Fsocial-link.php&j=%2Fhome%2Fophq1335%2Fpublic_html%2Fwp-includes%2Fblocks HTTP/1.1" 200 78107 "-" "Mozilla/5.0 (Macintosh; Apple M1; macOS 13_0_1) AppleWebKit/537.36 (KHTML, like Gecko) Chrome/136.0.0.0 Safari/537.36"
136.111.229.68 - - [20/Jun/2026:10:40:35 +0200] "GET /?j=/home/ophq1335/public_html/wp-includes/blocks/cover HTTP/1.1" 301 2 "-" "Mozilla/5.0 (Macintosh; Apple M1; macOS 12_6) AppleWebKit/537.36 (KHTML, like Gecko) Chrome/136.0.0.0 Safari/537.36"
136.111.229.68 - - [20/Jun/2026:10:40:35 +0200] "GET /?j=/home/ophq1335/public_html/wp-includes/blocks/file HTTP/1.1" 301 2 "-" "Mozilla/5.0 (Macintosh; Intel Mac OS X 10_15_7) AppleWebKit/537.36 (KHTML, like Gecko) Chrome/136.0.7103.97 Safari/537.36"
136.111.229.68 - - [20/Jun/2026:10:40:35 +0200] "GET /?j=/home/ophq1335/public_html/wp-includes/blocks/comments-title HTTP/1.1" 301 2 "-" "Mozilla/5.0 (Macintosh; Intel Mac OS X 10_11_5) AppleWebKit/537.36 (KHTML, like Gecko) Chrome/136.0.7103.63 Safari/537.36"
136.111.229.68 - - [20/Jun/2026:10:40:35 +0200] "GET /?j=/home/ophq1335/public_html/wp-includes/blocks/details HTTP/1.1" 301 2 "-" "Mozilla/5.0 (Macintosh; Apple M3; macOS 14_5) AppleWebKit/537.36 (KHTML, like Gecko) Chrome/136.0.7103.48 Safari/537.36"
136.111.229.68 - - [20/Jun/2026:10:40:35 +0200] "GET /?j=/home/ophq1335/public_html/wp-includes/blocks/footnotes HTTP/1.1" 301 2 "-" "Mozilla/5.0 (Macintosh; Intel Mac OS X 10_13_5) AppleWebKit/537.36 (KHTML, like Gecko) Chrome/136.0.7103.61 Safari/537.36"
136.111.229.68 - - [20/Jun/2026:10:40:35 +0200] "GET /?j=/home/ophq1335/public_html/wp-includes/blocks/embed HTTP/1.1" 301 2 "-" "Mozilla/5.0 (Macintosh; Apple M1; macOS 11_7) AppleWebKit/537.36 (KHTML, like Gecko) Chrome/136.0.7103.58 Safari/537.36"
136.111.229.68 - - [20/Jun/2026:10:40:35 +0200] "GET /?j=/home/ophq1335/public_html/wp-includes/blocks/button HTTP/1.1" 301 2 "-" "Mozilla/5.0 (Macintosh; Apple M3; macOS 14_5) AppleWebKit/537.36 (KHTML, like Gecko) Chrome/136.0.7103.48 Safari/537.36"
136.111.229.68 - - [20/Jun/2026:10:40:35 +0200] "GET /?j=%2Fhome%2Fophq1335%2Fpublic_html%2Fwp-includes%2Fblocks%2Fcomments-title HTTP/1.1" 200 6590 "-" "Mozilla/5.0 (Macintosh; Intel Mac OS X 10_11_5) AppleWebKit/537.36 (KHTML, like Gecko) Chrome/136.0.7103.63 Safari/537.36"
136.111.229.68 - - [20/Jun/2026:10:40:35 +0200] "GET /?j=%2Fhome%2Fophq1335%2Fpublic_html%2Fwp-includes%2Fblocks%2Fcover HTTP/1.1" 200 10544 "-" "Mozilla/5.0 (Macintosh; Apple M1; macOS 12_6) AppleWebKit/537.36 (KHTML, like Gecko) Chrome/136.0.0.0 Safari/537.36"
136.111.229.68 - - [20/Jun/2026:10:40:35 +0200] "GET /?j=%2Fhome%2Fophq1335%2Fpublic_html%2Fwp-includes%2Fblocks%2Ffile HTTP/1.1" 200 10501 "-" "Mozilla/5.0 (Macintosh; Intel Mac OS X 10_15_7) AppleWebKit/537.36 (KHTML, like Gecko) Chrome/136.0.7103.97 Safari/537.36"
136.111.229.68 - - [20/Jun/2026:10:40:36 +0200] "GET /?j=%2Fhome%2Fophq1335%2Fpublic_html%2Fwp-includes%2Fblocks%2Fbutton HTTP/1.1" 200 10576 "-" "Mozilla/5.0 (Macintosh; Apple M3; macOS 14_5) AppleWebKit/537.36 (KHTML, like Gecko) Chrome/136.0.7103.48 Safari/537.36"
136.111.229.68 - - [20/Jun/2026:10:40:35 +0200] "GET /?j=%2Fhome%2Fophq1335%2Fpublic_html%2Fwp-includes%2Fblocks%2Fdetails HTTP/1.1" 200 10616 "-" "Mozilla/5.0 (Macintosh; Apple M3; macOS 14_5) AppleWebKit/537.36 (KHTML, like Gecko) Chrome/136.0.7103.48 Safari/537.36"
136.111.229.68 - - [20/Jun/2026:10:40:35 +0200] "GET /?j=%2Fhome%2Fophq1335%2Fpublic_html%2Fwp-includes%2Fblocks%2Ffootnotes HTTP/1.1" 200 6463 "-" "Mozilla/5.0 (Macintosh; Intel Mac OS X 10_13_5) AppleWebKit/537.36 (KHTML, like Gecko) Chrome/136.0.7103.61 Safari/537.36"
136.111.229.68 - - [20/Jun/2026:10:40:36 +0200] "GET /?j=%2Fhome%2Fophq1335%2Fpublic_html%2Fwp-includes%2Fblocks%2Fembed HTTP/1.1" 200 14686 "-" "Mozilla/5.0 (Macintosh; Apple M1; macOS 11_7) AppleWebKit/537.36 (KHTML, like Gecko) Chrome/136.0.7103.58 Safari/537.36"
34.16.29.122 - - [20/Jun/2026:10:40:40 +0200] "GET /?filesrc=%2Fhome%2Fophq1335%2Fpublic_html%2Fwp-admin%2Fadmin-footer.php&j=%2Fhome%2Fophq1335%2Fpublic_html%2Fwp-admin HTTP/1.1" 200 4434 "-" "Mozilla/5.0 (Macintosh; Apple M1; macOS 13_5_2) AppleWebKit/537.36 (KHTML, like Gecko) Chrome/136.0.7103.88 Safari/537.36"
136.111.229.68 - - [20/Jun/2026:10:40:41 +0200] "GET /?j=/home/ophq1335/public_html/wp-includes/blocks/comments-pagination-previous HTTP/1.1" 301 2 "-" "Mozilla/5.0 (Macintosh; Intel Mac OS X 10_15_6) AppleWebKit/537.36 (KHTML, like Gecko) Chrome/136.0.0.0 Safari/537.36"
136.111.229.68 - - [20/Jun/2026:10:40:41 +0200] "GET /?j=%2Fhome%2Fophq1335%2Fpublic_html%2Fwp-includes%2Fblocks%2Fcomments-pagination-previous HTTP/1.1" 200 2366 "-" "Mozilla/5.0 (Macintosh; Intel Mac OS X 10_15_6) AppleWebKit/537.36 (KHTML, like Gecko) Chrome/136.0.0.0 Safari/537.36"
167.160.69.255 - - [20/Jun/2026:10:40:43 +0200] "GET /contactez-nous/?filesrc=/home/ophq1335/public_html/health32.php&j=/home/ophq1335/public_html HTTP/1.1" 200 12226 "https://carrieres-masson.fr/contactez-nous/" "Mozilla/5.0 (X11; Linux x86_64) AppleWebKit/537.36 (KHTML, like Gecko) Chrome/114.0.0.0 Safari/537.36 OPR/89.0.4447.51"
136.111.229.68 - - [20/Jun/2026:10:40:45 +0200] "GET /?j=/home/ophq1335/public_html/wp-includes/blocks/comment-date HTTP/1.1" 301 2 "-" "Mozilla/5.0 (Macintosh; Intel Mac OS X 10_8_5) AppleWebKit/537.36 (KHTML, like Gecko) Chrome/136.0.7103.66 Safari/537.36"
136.111.229.68 - - [20/Jun/2026:10:40:46 +0200] "GET /?j=%2Fhome%2Fophq1335%2Fpublic_html%2Fwp-includes%2Fblocks%2Fcomment-date HTTP/1.1" 200 6530 "-" "Mozilla/5.0 (Macintosh; Intel Mac OS X 10_8_5) AppleWebKit/537.36 (KHTML, like Gecko) Chrome/136.0.7103.66 Safari/537.36"
167.160.69.255 - - [20/Jun/2026:10:40:48 +0200] "GET /contactez-nous/?filesrc=/home/ophq1335/public_html/index.php&j=/home/ophq1335/public_html HTTP/1.1" 200 2663 "https://carrieres-masson.fr/contactez-nous/" "Mozilla/5.0 (X11; Linux x86_64) AppleWebKit/537.36 (KHTML, like Gecko) Chrome/114.0.0.0 Safari/537.36 OPR/89.0.4447.51"
136.111.229.68 - - [20/Jun/2026:10:40:50 +0200] "GET /?j=/home/ophq1335/public_html/wp-includes/blocks/code HTTP/1.1" 301 2 "-" "Mozilla/5.0 (Macintosh; Apple M3 Pro; macOS 13_0) AppleWebKit/537.36 (KHTML, like Gecko) Chrome/136.0.7103.57 Safari/537.36"
136.111.229.68 - - [20/Jun/2026:10:40:50 +0200] "GET /?j=%2Fhome%2Fophq1335%2Fpublic_html%2Fwp-includes%2Fblocks%2Fcode HTTP/1.1" 200 14632 "-" "Mozilla/5.0 (Macintosh; Apple M3 Pro; macOS 13_0) AppleWebKit/537.36 (KHTML, like Gecko) Chrome/136.0.7103.57 Safari/537.36"
136.111.229.68 - - [20/Jun/2026:10:40:55 +0200] "GET /?j=/home/ophq1335/public_html/wp-includes/blocks/column HTTP/1.1" 301 2 "-" "Mozilla/5.0 (Macintosh; Intel Mac OS X 10_12_6) AppleWebKit/537.36 (KHTML, like Gecko) Chrome/136.0.0.0 Safari/537.36"
136.111.229.68 - - [20/Jun/2026:10:40:55 +0200] "GET /?j=%2Fhome%2Fophq1335%2Fpublic_html%2Fwp-includes%2Fblocks%2Fcolumn HTTP/1.1" 200 2234 "-" "Mozilla/5.0 (Macintosh; Intel Mac OS X 10_12_6) AppleWebKit/537.36 (KHTML, like Gecko) Chrome/136.0.0.0 Safari/537.36"
136.111.229.68 - - [20/Jun/2026:10:41:00 +0200] "GET /?j=/home/ophq1335/public_html/wp-includes/blocks/categories HTTP/1.1" 301 2 "-" "Mozilla/5.0 (Macintosh; Apple M2; macOS 14_4_1) AppleWebKit/537.36 (KHTML, like Gecko) Chrome/136.0.8900.41 Safari/537.36"
136.111.229.68 - - [20/Jun/2026:10:41:00 +0200] "GET /?j=%2Fhome%2Fophq1335%2Fpublic_html%2Fwp-includes%2Fblocks%2Fcategories HTTP/1.1" 200 10729 "-" "Mozilla/5.0 (Macintosh; Apple M2; macOS 14_4_1) AppleWebKit/537.36 (KHTML, like Gecko) Chrome/136.0.8900.41 Safari/537.36"
109.234.165.62 - - [20/Jun/2026:10:41:05 +0200] "POST /wp-cron.php?doing_wp_cron=1781944865.2824048995971679687500 HTTP/1.1" 200 - "-" "WordPress/7.0; https://carrieres-masson.fr"
136.111.229.68 - - [20/Jun/2026:10:41:05 +0200] "GET /?j=/home/ophq1335/public_html/wp-includes/blocks/avatar HTTP/1.1" 301 2 "-" "Mozilla/5.0 (Macintosh; Intel Mac OS X 10_9_5) AppleWebKit/537.36 (KHTML, like Gecko) Chrome/136.0.7103.65 Safari/537.36"
136.111.229.68 - - [20/Jun/2026:10:41:05 +0200] "GET /?j=%2Fhome%2Fophq1335%2Fpublic_html%2Fwp-includes%2Fblocks%2Favatar HTTP/1.1" 200 10578 "-" "Mozilla/5.0 (Macintosh; Intel Mac OS X 10_9_5) AppleWebKit/537.36 (KHTML, like Gecko) Chrome/136.0.7103.65 Safari/537.36"
167.160.69.255 - - [20/Jun/2026:10:41:05 +0200] "GET /contactez-nous/?filesrc=/home/ophq1335/public_html/system19.php&j=/home/ophq1335/public_html HTTP/1.1" 200 12226 "https://carrieres-masson.fr/contactez-nous/" "Mozilla/5.0 (X11; Linux x86_64) AppleWebKit/537.36 (KHTML, like Gecko) Chrome/114.0.0.0 Safari/537.36 OPR/89.0.4447.51"
167.160.69.255 - - [20/Jun/2026:10:41:08 +0200] "GET /contactez-nous/?filesrc=/home/ophq1335/public_html/init47t.php&j=/home/ophq1335/public_html HTTP/1.1" 200 12464 "https://carrieres-masson.fr/contactez-nous/" "Mozilla/5.0 (X11; Linux x86_64) AppleWebKit/537.36 (KHTML, like Gecko) Chrome/114.0.0.0 Safari/537.36 OPR/89.0.4447.51"
136.111.229.68 - - [20/Jun/2026:10:41:09 +0200] "GET /?j=/home/ophq1335/public_html/wp-includes/blocks/comment-content HTTP/1.1" 301 2 "-" "Mozilla/5.0 (Macintosh; Apple M3; macOS 14_0) AppleWebKit/537.36 (KHTML, like Gecko) Chrome/136.0.0.0 Safari/537.36"
136.111.229.68 - - [20/Jun/2026:10:41:10 +0200] "GET /?j=%2Fhome%2Fophq1335%2Fpublic_html%2Fwp-includes%2Fblocks%2Fcomment-content HTTP/1.1" 200 6596 "-" "Mozilla/5.0 (Macintosh; Apple M3; macOS 14_0) AppleWebKit/537.36 (KHTML, like Gecko) Chrome/136.0.0.0 Safari/537.36"
170.199.228.59 - - [20/Jun/2026:10:41:10 +0200] "GET / HTTP/1.1" 200 43070 "-" "Mozilla/5.0 (X11; Linux x86_64) AppleWebKit/537.36 (KHTML, like Gecko) Chrome/114.0.0.0 Safari/537.36 OPR/89.0.4447.51"
167.160.69.255 - - [20/Jun/2026:10:41:12 +0200] "GET /?j=/ HTTP/1.1" 301 2 "https://carrieres-masson.fr/" "Mozilla/5.0 (X11; Linux x86_64) AppleWebKit/537.36 (KHTML, like Gecko) Chrome/114.0.0.0 Safari/537.36 OPR/89.0.4447.51"
136.111.229.68 - - [20/Jun/2026:10:41:14 +0200] "GET /?j=/home/ophq1335/public_html/wp-includes/blocks/comment-template HTTP/1.1" 301 2 "-" "Mozilla/5.0 (Macintosh; Intel Mac OS X 10_14_5) AppleWebKit/537.36 (KHTML, like Gecko) Chrome/136.0.7103.60 Safari/537.36"
136.111.229.68 - - [20/Jun/2026:10:41:14 +0200] "GET /?j=%2Fhome%2Fophq1335%2Fpublic_html%2Fwp-includes%2Fblocks%2Fcomment-template HTTP/1.1" 200 6618 "-" "Mozilla/5.0 (Macintosh; Intel Mac OS X 10_14_5) AppleWebKit/537.36 (KHTML, like Gecko) Chrome/136.0.7103.60 Safari/537.36"
167.160.69.255 - - [20/Jun/2026:10:41:16 +0200] "GET /?j=%2F HTTP/1.1" 200 10273 "https://carrieres-masson.fr/?j=/" "Mozilla/5.0 (X11; Linux x86_64) AppleWebKit/537.36 (KHTML, like Gecko) Chrome/114.0.0.0 Safari/537.36 OPR/89.0.4447.51"
136.111.229.68 - - [20/Jun/2026:10:41:19 +0200] "GET /?j=/home/ophq1335/public_html/wp-includes/blocks/calendar HTTP/1.1" 301 2 "-" "Mozilla/5.0 (Macintosh; Apple M1 Ultra; macOS 13_5) AppleWebKit/537.36 (KHTML, like Gecko) Chrome/136.0.7103.55 Safari/537.36"
136.111.229.68 - - [20/Jun/2026:10:41:19 +0200] "GET /?j=%2Fhome%2Fophq1335%2Fpublic_html%2Fwp-includes%2Fblocks%2Fcalendar HTTP/1.1" 200 6442 "-" "Mozilla/5.0 (Macintosh; Apple M1 Ultra; macOS 13_5) AppleWebKit/537.36 (KHTML, like Gecko) Chrome/136.0.7103.55 Safari/537.36"
136.111.229.68 - - [20/Jun/2026:10:41:24 +0200] "GET /?j=/home/ophq1335/public_html/wp-includes/blocks/comments HTTP/1.1" 301 2 "-" "Mozilla/5.0 (Macintosh; Intel Mac OS X 10_10_5) AppleWebKit/537.36 (KHTML, like Gecko) Chrome/136.0.7103.64 Safari/537.36"
136.111.229.68 - - [20/Jun/2026:10:41:24 +0200] "GET /?j=%2Fhome%2Fophq1335%2Fpublic_html%2Fwp-includes%2Fblocks%2Fcomments HTTP/1.1" 200 10654 "-" "Mozilla/5.0 (Macintosh; Intel Mac OS X 10_10_5) AppleWebKit/537.36 (KHTML, like Gecko) Chrome/136.0.7103.64 Safari/537.36"
167.160.69.255 - - [20/Jun/2026:10:41:26 +0200] "GET /?j=/home HTTP/1.1" 301 2 "https://carrieres-masson.fr/" "Mozilla/5.0 (X11; Linux x86_64) AppleWebKit/537.36 (KHTML, like Gecko) Chrome/114.0.0.0 Safari/537.36 OPR/89.0.4447.51"
136.111.229.68 - - [20/Jun/2026:10:41:28 +0200] "GET /?j=/home/ophq1335/public_html/wp-includes/blocks/accordion HTTP/1.1" 301 2 "-" "Mozilla/5.0 (Macintosh; Apple M1 Max; macOS 13_4) AppleWebKit/537.36 (KHTML, like Gecko) Chrome/136.0.7103.95 Safari/537.36"
167.160.69.255 - - [20/Jun/2026:10:41:28 +0200] "GET /?j=%2Fhome HTTP/1.1" 200 1614 "https://carrieres-masson.fr/?j=/home" "Mozilla/5.0 (X11; Linux x86_64) AppleWebKit/537.36 (KHTML, like Gecko) Chrome/114.0.0.0 Safari/537.36 OPR/89.0.4447.51"
136.111.229.68 - - [20/Jun/2026:10:41:29 +0200] "GET /?j=%2Fhome%2Fophq1335%2Fpublic_html%2Fwp-includes%2Fblocks%2Faccordion HTTP/1.1" 200 6464 "-" "Mozilla/5.0 (Macintosh; Apple M1 Max; macOS 13_4) AppleWebKit/537.36 (KHTML, like Gecko) Chrome/136.0.7103.95 Safari/537.36"
167.160.69.255 - - [20/Jun/2026:10:41:33 +0200] "GET /?filesrc=/home/ophq1335/public_html/wp-trackback.php&j=/home/ophq1335/public_html HTTP/1.1" 301 2 "https://carrieres-masson.fr/" "Mozilla/5.0 (X11; Linux x86_64) AppleWebKit/537.36 (KHTML, like Gecko) Chrome/114.0.0.0 Safari/537.36 OPR/89.0.4447.51"
136.111.229.68 - - [20/Jun/2026:10:41:34 +0200] "GET /?j=/home/ophq1335/public_html/wp-includes/blocks/comments-pagination HTTP/1.1" 301 2 "-" "Mozilla/5.0 (Macintosh; Apple M1 Pro; macOS 13_5_2) AppleWebKit/537.36 (KHTML, like Gecko) Chrome/136.0.0.0 Safari/537.36"
136.111.229.68 - - [20/Jun/2026:10:41:34 +0200] "GET /?j=%2Fhome%2Fophq1335%2Fpublic_html%2Fwp-includes%2Fblocks%2Fcomments-pagination HTTP/1.1" 200 11072 "-" "Mozilla/5.0 (Macintosh; Apple M1 Pro; macOS 13_5_2) AppleWebKit/537.36 (KHTML, like Gecko) Chrome/136.0.0.0 Safari/537.36"
167.160.69.255 - - [20/Jun/2026:10:41:34 +0200] "GET /?filesrc=%2Fhome%2Fophq1335%2Fpublic_html%2Fwp-trackback.php&j=%2Fhome%2Fophq1335%2Fpublic_html HTTP/1.1" 200 7099 "https://carrieres-masson.fr/?filesrc=/home/ophq1335/public_html/wp-trackback.php&j=/home/ophq1335/public_html" "Mozilla/5.0 (X11; Linux x86_64) AppleWebKit/537.36 (KHTML, like Gecko) Chrome/114.0.0.0 Safari/537.36 OPR/89.0.4447.51"
167.160.69.255 - - [20/Jun/2026:10:41:38 +0200] "GET /?j=/home/ophq1335 HTTP/1.1" 301 2 "https://carrieres-masson.fr/" "Mozilla/5.0 (X11; Linux x86_64) AppleWebKit/537.36 (KHTML, like Gecko) Chrome/114.0.0.0 Safari/537.36 OPR/89.0.4447.51"
136.111.229.68 - - [20/Jun/2026:10:41:38 +0200] "GET /?j=/home/ophq1335/public_html/wp-includes/blocks/comment-author-name HTTP/1.1" 301 2 "-" "Mozilla/5.0 (Macintosh; Apple M3; macOS 14_5) AppleWebKit/537.36 (KHTML, like Gecko) Chrome/136.0.8900.41 Safari/537.36"
136.111.229.68 - - [20/Jun/2026:10:41:39 +0200] "GET /?j=%2Fhome%2Fophq1335%2Fpublic_html%2Fwp-includes%2Fblocks%2Fcomment-author-name HTTP/1.1" 200 6684 "-" "Mozilla/5.0 (Macintosh; Apple M3; macOS 14_5) AppleWebKit/537.36 (KHTML, like Gecko) Chrome/136.0.8900.41 Safari/537.36"
167.160.69.255 - - [20/Jun/2026:10:41:41 +0200] "GET /?j=%2Fhome%2Fophq1335 HTTP/1.1" 200 30049 "https://carrieres-masson.fr/?j=/home/ophq1335" "Mozilla/5.0 (X11; Linux x86_64) AppleWebKit/537.36 (KHTML, like Gecko) Chrome/114.0.0.0 Safari/537.36 OPR/89.0.4447.51"
136.111.229.68 - - [20/Jun/2026:10:41:43 +0200] "GET /?j=/home/ophq1335/public_html/wp-includes/blocks/breadcrumbs HTTP/1.1" 301 2 "-" "Mozilla/5.0 (Macintosh; Apple M2 Max; macOS 13_4) AppleWebKit/537.36 (KHTML, like Gecko) Chrome/136.0.0.0 Safari/537.36"
136.111.229.68 - - [20/Jun/2026:10:41:43 +0200] "GET /?j=%2Fhome%2Fophq1335%2Fpublic_html%2Fwp-includes%2Fblocks%2Fbreadcrumbs HTTP/1.1" 200 6508 "-" "Mozilla/5.0 (Macintosh; Apple M2 Max; macOS 13_4) AppleWebKit/537.36 (KHTML, like Gecko) Chrome/136.0.0.0 Safari/537.36"
136.111.229.68 - - [20/Jun/2026:10:41:48 +0200] "GET /?j=/home/ophq1335/public_html/wp-includes/blocks/buttons HTTP/1.1" 301 2 "-" "Mozilla/5.0 (Macintosh; Apple M2; macOS 14_4_1) AppleWebKit/537.36 (KHTML, like Gecko) Chrome/136.0.8900.41 Safari/537.36"
136.111.229.68 - - [20/Jun/2026:10:41:48 +0200] "GET /?j=%2Fhome%2Fophq1335%2Fpublic_html%2Fwp-includes%2Fblocks%2Fbuttons HTTP/1.1" 200 10614 "-" "Mozilla/5.0 (Macintosh; Apple M2; macOS 14_4_1) AppleWebKit/537.36 (KHTML, like Gecko) Chrome/136.0.8900.41 Safari/537.36"
34.68.135.207 - - [20/Jun/2026:10:41:51 +0200] "GET /?filesrc=%2Fhome%2Fophq1335%2Fpublic_html%2Fwp-includes%2Fclass-wp-block-processor.php&j=%2Fhome%2Fophq1335%2Fpublic_html%2Fwp-includes HTTP/1.1" 200 74290 "-" "Mozilla/5.0 (Macintosh; Apple M1; macOS 13_5_2) AppleWebKit/537.36 (KHTML, like Gecko) Chrome/136.0.7103.88 Safari/537.36"
167.160.69.255 - - [20/Jun/2026:10:41:52 +0200] "GET /?filesrc=/home/ophq1335/public_html/wp-signup.php&j=/home/ophq1335/public_html HTTP/1.1" 301 2 "https://carrieres-masson.fr/" "Mozilla/5.0 (X11; Linux x86_64) AppleWebKit/537.36 (KHTML, like Gecko) Chrome/114.0.0.0 Safari/537.36 OPR/89.0.4447.51"
136.111.229.68 - - [20/Jun/2026:10:41:53 +0200] "GET /?j=/home/ophq1335/public_html/wp-includes/blocks/archives HTTP/1.1" 301 2 "-" "Mozilla/5.0 (Macintosh; Apple M2; macOS 13_4_1) AppleWebKit/537.36 (KHTML, like Gecko) Chrome/136.0.0.0 Safari/537.36"
136.111.229.68 - - [20/Jun/2026:10:41:53 +0200] "GET /?j=%2Fhome%2Fophq1335%2Fpublic_html%2Fwp-includes%2Fblocks%2Farchives HTTP/1.1" 200 6442 "-" "Mozilla/5.0 (Macintosh; Apple M2; macOS 13_4_1) AppleWebKit/537.36 (KHTML, like Gecko) Chrome/136.0.0.0 Safari/537.36"
167.160.69.255 - - [20/Jun/2026:10:41:54 +0200] "GET /?filesrc=%2Fhome%2Fophq1335%2Fpublic_html%2Fwp-signup.php&j=%2Fhome%2Fophq1335%2Fpublic_html HTTP/1.1" 200 42599 "https://carrieres-masson.fr/?filesrc=/home/ophq1335/public_html/wp-signup.php&j=/home/ophq1335/public_html" "Mozilla/5.0 (X11; Linux x86_64) AppleWebKit/537.36 (KHTML, like Gecko) Chrome/114.0.0.0 Safari/537.36 OPR/89.0.4447.51"
167.160.69.255 - - [20/Jun/2026:10:41:56 +0200] "GET /?j=/home/ophq1335/public_html HTTP/1.1" 301 2 "https://carrieres-masson.fr/" "Mozilla/5.0 (X11; Linux x86_64) AppleWebKit/537.36 (KHTML, like Gecko) Chrome/114.0.0.0 Safari/537.36 OPR/89.0.4447.51"
136.111.229.68 - - [20/Jun/2026:10:41:57 +0200] "GET /?j=/home/ophq1335/public_html/wp-includes/blocks/audio HTTP/1.1" 301 2 "-" "Mozilla/5.0 (Macintosh; Apple M3; macOS 14_5) AppleWebKit/537.36 (KHTML, like Gecko) Chrome/136.0.7103.48 Safari/537.36"
136.111.229.68 - - [20/Jun/2026:10:41:58 +0200] "GET /?j=%2Fhome%2Fophq1335%2Fpublic_html%2Fwp-includes%2Fblocks%2Faudio HTTP/1.1" 200 14687 "-" "Mozilla/5.0 (Macintosh; Apple M3; macOS 14_5) AppleWebKit/537.36 (KHTML, like Gecko) Chrome/136.0.7103.48 Safari/537.36"
167.160.69.255 - - [20/Jun/2026:10:41:59 +0200] "GET /?j=%2Fhome%2Fophq1335%2Fpublic_html HTTP/1.1" 200 43070 "https://carrieres-masson.fr/?j=/home/ophq1335/public_html" "Mozilla/5.0 (X11; Linux x86_64) AppleWebKit/537.36 (KHTML, like Gecko) Chrome/114.0.0.0 Safari/537.36 OPR/89.0.4447.51"
109.234.165.62 - - [20/Jun/2026:10:42:02 +0200] "POST /wp-cron.php?doing_wp_cron=1781944922.7791628837585449218750 HTTP/1.1" 200 - "-" "WordPress/7.0; https://carrieres-masson.fr"
136.111.229.68 - - [20/Jun/2026:10:42:02 +0200] "GET /?j=/home/ophq1335/public_html/wp-includes/blocks/columns HTTP/1.1" 301 2 "-" "Mozilla/5.0 (Macintosh; Intel Mac OS X 10_10_5) AppleWebKit/537.36 (KHTML, like Gecko) Chrome/136.0.7103.64 Safari/537.36"
136.111.229.68 - - [20/Jun/2026:10:42:02 +0200] "GET /?j=%2Fhome%2Fophq1335%2Fpublic_html%2Fwp-includes%2Fblocks%2Fcolumns HTTP/1.1" 200 10616 "-" "Mozilla/5.0 (Macintosh; Intel Mac OS X 10_10_5) AppleWebKit/537.36 (KHTML, like Gecko) Chrome/136.0.7103.64 Safari/537.36"
167.160.69.255 - - [20/Jun/2026:10:42:06 +0200] "GET /?filesrc=/home/ophq1335/public_html/wp-settings.php&j=/home/ophq1335/public_html HTTP/1.1" 301 2 "https://carrieres-masson.fr/" "Mozilla/5.0 (X11; Linux x86_64) AppleWebKit/537.36 (KHTML, like Gecko) Chrome/114.0.0.0 Safari/537.36 OPR/89.0.4447.51"
136.111.229.68 - - [20/Jun/2026:10:42:07 +0200] "GET /?j=/home/ophq1335/public_html/wp-includes/blocks/accordion-panel HTTP/1.1" 301 2 "-" "Mozilla/5.0 (Macintosh; Intel Mac OS X 10_15_7) AppleWebKit/537.36 (KHTML, like Gecko) Chrome/136.0.7103.97 Safari/537.36"
136.111.229.68 - - [20/Jun/2026:10:42:07 +0200] "GET /?j=%2Fhome%2Fophq1335%2Fpublic_html%2Fwp-includes%2Fblocks%2Faccordion-panel HTTP/1.1" 200 6594 "-" "Mozilla/5.0 (Macintosh; Intel Mac OS X 10_15_7) AppleWebKit/537.36 (KHTML, like Gecko) Chrome/136.0.7103.97 Safari/537.36"
167.160.69.255 - - [20/Jun/2026:10:42:09 +0200] "GET /?filesrc=%2Fhome%2Fophq1335%2Fpublic_html%2Fwp-settings.php&j=%2Fhome%2Fophq1335%2Fpublic_html HTTP/1.1" 200 37392 "https://carrieres-masson.fr/?filesrc=/home/ophq1335/public_html/wp-settings.php&j=/home/ophq1335/public_html" "Mozilla/5.0 (X11; Linux x86_64) AppleWebKit/537.36 (KHTML, like Gecko) Chrome/114.0.0.0 Safari/537.36 OPR/89.0.4447.51"
167.160.69.255 - - [20/Jun/2026:10:42:11 +0200] "GET /?j=/home/ophq1335/public_html/.well-known HTTP/1.1" 301 2 "https://carrieres-masson.fr/" "Mozilla/5.0 (X11; Linux x86_64) AppleWebKit/537.36 (KHTML, like Gecko) Chrome/114.0.0.0 Safari/537.36 OPR/89.0.4447.51"
136.111.229.68 - - [20/Jun/2026:10:42:13 +0200] "GET /?j=/home/ophq1335/public_html/wp-includes/blocks/group HTTP/1.1" 301 2 "-" "Mozilla/5.0 (Macintosh; Intel Mac OS X 10_13_5) AppleWebKit/537.36 (KHTML, like Gecko) Chrome/136.0.7103.61 Safari/537.36"
136.111.229.68 - - [20/Jun/2026:10:42:13 +0200] "GET /?j=/home/ophq1335/public_html/wp-includes/blocks/gallery HTTP/1.1" 301 2 "-" "Mozilla/5.0 (Macintosh; Intel Mac OS X 10_11_6) AppleWebKit/537.36 (KHTML, like Gecko) Chrome/136.0.0.0 Safari/537.36"
136.111.229.68 - - [20/Jun/2026:10:42:13 +0200] "GET /?j=/home/ophq1335/public_html/wp-includes/blocks/html HTTP/1.1" 301 2 "-" "Mozilla/5.0 (Macintosh; Apple M1; macOS 12_7_1) AppleWebKit/537.36 (KHTML, like Gecko) Chrome/136.0.8900.41 Safari/537.36"
136.111.229.68 - - [20/Jun/2026:10:42:13 +0200] "GET /?j=/home/ophq1335/public_html/wp-includes/blocks/image HTTP/1.1" 301 2 "-" "Mozilla/5.0 (Macintosh; Apple M1; macOS 14_4_1) AppleWebKit/537.36 (KHTML, like Gecko) Chrome/136.0.8900.41 Safari/537.36"
136.111.229.68 - - [20/Jun/2026:10:42:13 +0200] "GET /?j=/home/ophq1335/public_html/wp-includes/blocks/heading HTTP/1.1" 301 2 "-" "Mozilla/5.0 (Macintosh; Apple M2; macOS 13_3) AppleWebKit/537.36 (KHTML, like Gecko) Chrome/136.0.7103.54 Safari/537.36"
136.111.229.68 - - [20/Jun/2026:10:42:13 +0200] "GET /?j=/home/ophq1335/public_html/wp-includes/blocks/list HTTP/1.1" 301 2 "-" "Mozilla/5.0 (Macintosh; Intel Mac OS X 10_15_7) AppleWebKit/537.36 (KHTML, like Gecko) Chrome/136.0.7103.49 Safari/537.36"
136.111.229.68 - - [20/Jun/2026:10:42:13 +0200] "GET /?j=/home/ophq1335/public_html/wp-includes/blocks/legacy-widget HTTP/1.1" 301 2 "-" "Mozilla/5.0 (Macintosh; Intel Mac OS X 10_14) AppleWebKit/537.36 (KHTML, like Gecko) Chrome/136.0.0.0 Safari/537.36"
136.111.229.68 - - [20/Jun/2026:10:42:13 +0200] "GET /?j=/home/ophq1335/public_html/wp-includes/blocks/freeform HTTP/1.1" 301 2 "-" "Mozilla/5.0 (Macintosh; Apple M1 Max; macOS 13_4) AppleWebKit/537.36 (KHTML, like Gecko) Chrome/136.0.7103.95 Safari/537.36"
136.111.229.68 - - [20/Jun/2026:10:42:13 +0200] "GET /?j=/home/ophq1335/public_html/wp-includes/blocks/latest-posts HTTP/1.1" 301 2 "-" "Mozilla/5.0 (Macintosh; Intel Mac OS X 10_10_5) AppleWebKit/537.36 (KHTML, like Gecko) Chrome/136.0.7103.64 Safari/537.36"
136.111.229.68 - - [20/Jun/2026:10:42:13 +0200] "GET /?j=/home/ophq1335/public_html/wp-includes/blocks/list-item HTTP/1.1" 301 2 "-" "Mozilla/5.0 (Macintosh; Intel Mac OS X 10_13_5) AppleWebKit/537.36 (KHTML, like Gecko) Chrome/136.0.7103.61 Safari/537.36"
136.111.229.68 - - [20/Jun/2026:10:42:13 +0200] "GET /?j=/home/ophq1335/public_html/wp-includes/blocks/media-text HTTP/1.1" 301 2 "-" "Mozilla/5.0 (Macintosh; Intel Mac OS X 10_13_6) AppleWebKit/537.36 (KHTML, like Gecko) Chrome/136.0.0.0 Safari/537.36"
136.111.229.68 - - [20/Jun/2026:10:42:13 +0200] "GET /?j=/home/ophq1335/public_html/wp-includes/blocks/more HTTP/1.1" 301 2 "-" "Mozilla/5.0 (Macintosh; Apple M1; macOS 12_7_1) AppleWebKit/537.36 (KHTML, like Gecko) Chrome/136.0.8900.41 Safari/537.36"
136.111.229.68 - - [20/Jun/2026:10:42:13 +0200] "GET /?j=/home/ophq1335/public_html/wp-includes/blocks/navigation-overlay-close HTTP/1.1" 301 2 "-" "Mozilla/5.0 (Macintosh; Intel Mac OS X 10_12_5) AppleWebKit/537.36 (KHTML, like Gecko) Chrome/136.0.7103.62 Safari/537.36"
136.111.229.68 - - [20/Jun/2026:10:42:13 +0200] "GET /?j=/home/ophq1335/public_html/wp-includes/blocks/nextpage HTTP/1.1" 301 2 "-" "Mozilla/5.0 (Macintosh; Intel Mac OS X 10_10_5) AppleWebKit/537.36 (KHTML, like Gecko) Chrome/136.0.7103.64 Safari/537.36"
136.111.229.68 - - [20/Jun/2026:10:42:13 +0200] "GET /?j=/home/ophq1335/public_html/wp-includes/blocks/loginout HTTP/1.1" 301 2 "-" "Mozilla/5.0 (Macintosh; Apple M2; macOS 14_4_1) AppleWebKit/537.36 (KHTML, like Gecko) Chrome/136.0.8900.41 Safari/537.36"
136.111.229.68 - - [20/Jun/2026:10:42:13 +0200] "GET /?j=/home/ophq1335/public_html/wp-includes/blocks/paragraph HTTP/1.1" 301 2 "-" "Mozilla/5.0 (Macintosh; Intel Mac OS X 10_15_7) AppleWebKit/537.36 (KHTML, like Gecko) Chrome/136.0.7103.59 Safari/537.36"
136.111.229.68 - - [20/Jun/2026:10:42:13 +0200] "GET /?j=/home/ophq1335/public_html/wp-includes/blocks/navigation-submenu HTTP/1.1" 301 2 "-" "Mozilla/5.0 (Macintosh; Apple M2; macOS 13_4_1) AppleWebKit/537.36 (KHTML, like Gecko) Chrome/136.0.0.0 Safari/537.36"
136.111.229.68 - - [20/Jun/2026:10:42:13 +0200] "GET /?j=/home/ophq1335/public_html/wp-includes/blocks/math HTTP/1.1" 301 2 "-" "Mozilla/5.0 (Macintosh; Apple M1; macOS 13_5) AppleWebKit/537.36 (KHTML, like Gecko) Chrome/136.0.0.0 Safari/537.36"
