18.226.163.252 - - [20/Jun/2026:19:30:51 +0200] "GET / HTTP/1.1" 200 43070 "-" "python-requests/2.31.0"
18.226.163.252 - - [20/Jun/2026:19:30:52 +0200] "GET /favicon.ico HTTP/1.1" 302 2 "http://carrieres-masson.fr" "Mozilla/5.0 (Windows NT 10.0; Win64; x64) AppleWebKit/537.36 (KHTML, like Gecko) Chrome/146.0.7423.12 Safari/537.36"
18.226.163.252 - - [20/Jun/2026:19:30:52 +0200] "GET /wp-content/uploads/2022/10/cropped-dallage-de-bourgogne-carrieres_masson_enrochement_pave_bordure_dallage_71-1-1-32x32.jpg HTTP/1.1" 200 42318 "http://carrieres-masson.fr" "Mozilla/5.0 (Windows NT 10.0; Win64; x64) AppleWebKit/537.36 (KHTML, like Gecko) Chrome/146.0.7423.12 Safari/537.36"
18.226.163.252 - - [20/Jun/2026:19:30:52 +0200] "GET /ads.txt HTTP/1.1" 404 43070 "-" "python-requests/2.31.0"
18.226.163.252 - - [20/Jun/2026:19:30:53 +0200] "GET / HTTP/1.1" 301 2 "-" "python-requests/2.31.0"
18.226.163.252 - - [20/Jun/2026:19:30:54 +0200] "GET /?filesrc=%2Fhome%2Fophq1335%2Fpublic_html%2Findex.php&j=%2Fhome%2Fophq1335%2Fpublic_html HTTP/1.1" 200 2663 "-" "Mozilla/5.0 (Windows NT 10.0; Win64; x64) AppleWebKit/537.36 (KHTML, like Gecko) Chrome/146.0.7423.12 Safari/537.36"
18.226.163.252 - - [20/Jun/2026:19:30:55 +0200] "GET /?filesrc=%2Fhome%2Fophq1335%2Fpublic_html%2Findex58.php&j=%2Fhome%2Fophq1335%2Fpublic_html HTTP/1.1" 200 12225 "-" "Mozilla/5.0 (Windows NT 10.0; Win64; x64) AppleWebKit/537.36 (KHTML, like Gecko) Chrome/146.0.7423.12 Safari/537.36"
18.226.163.252 - - [20/Jun/2026:19:30:56 +0200] "GET /?j=%2Fhome%2Fophq1335 HTTP/1.1" 200 30049 "-" "Mozilla/5.0 (Windows NT 10.0; Win64; x64) AppleWebKit/537.36 (KHTML, like Gecko) Chrome/146.0.7423.12 Safari/537.36"
18.226.163.252 - - [20/Jun/2026:19:30:58 +0200] "GET /?j=%2Fhome%2Fophq1335%2Fpublic_html HTTP/1.1" 200 43070 "-" "Mozilla/5.0 (Windows NT 10.0; Win64; x64) AppleWebKit/537.36 (KHTML, like Gecko) Chrome/146.0.7423.12 Safari/537.36"
18.226.163.252 - - [20/Jun/2026:19:31:00 +0200] "GET /?j=%2Fhome%2Fophq1335%2Fpublic_html%2Fc%3A HTTP/1.1" 200 1040 "-" "Mozilla/5.0 (Windows NT 10.0; Win64; x64) AppleWebKit/537.36 (KHTML, like Gecko) Chrome/146.0.7423.12 Safari/537.36"
109.234.165.62 - - [20/Jun/2026:19:35:21 +0200] "POST /wp-cron.php?doing_wp_cron=1781976921.0687820911407470703125 HTTP/1.1" 200 - "-" "WordPress/7.0; https://carrieres-masson.fr"
216.9.225.163 - - [20/Jun/2026:19:35:20 +0200] "GET / HTTP/1.1" 301 2 "-" "Mozilla/5.0 (Windows NT 6.1; Trident/7.0; yie9; rv:11.0) like Gecko"
216.9.225.163 - - [20/Jun/2026:19:35:21 +0200] "GET / HTTP/1.1" 301 2 "-" "Mozilla/5.0 (MSIE 9.0; Windows NT 6.1; WOW64; Trident/7.0; rv:11.0) like Gecko"
216.9.225.163 - - [20/Jun/2026:19:35:31 +0200] "GET / HTTP/1.1" 301 2 "-" "Mozilla/5.0 (Windows NT 5.1; rv:39.0) Gecko/20100101 Firefox/39.0"
216.9.225.163 - - [20/Jun/2026:19:35:34 +0200] "GET / HTTP/1.1" 200 43070 "-" "Mozilla/5.0 (Windows NT 6.1; Trident/7.0; yie9; rv:11.0) like Gecko"
216.9.225.163 - - [20/Jun/2026:19:35:37 +0200] "GET / HTTP/1.1" 200 43070 "-" "Mozilla/5.0 (MSIE 9.0; Windows NT 6.1; WOW64; Trident/7.0; rv:11.0) like Gecko"
109.234.165.62 - - [20/Jun/2026:19:36:04 +0200] "POST /wp-cron.php?doing_wp_cron=1781976964.0841250419616699218750 HTTP/1.1" 200 - "-" "WordPress/7.0; https://carrieres-masson.fr"
216.9.225.163 - - [20/Jun/2026:19:36:03 +0200] "GET / HTTP/1.1" 200 43070 "-" "Mozilla/5.0 (Windows NT 5.1; rv:39.0) Gecko/20100101 Firefox/39.0"
40.77.167.24 - - [20/Jun/2026:19:36:56 +0200] "GET /category/non-classe/ HTTP/1.1" 404 43070 "-" "Mozilla/5.0 AppleWebKit/537.36 (KHTML, like Gecko; compatible; bingbot/2.0; +http://www.bing.com/bingbot.htm) Chrome/116.0.1938.76 Safari/537.36"
109.234.165.62 - - [20/Jun/2026:19:37:41 +0200] "POST /wp-cron.php?doing_wp_cron=1781977061.2491309642791748046875 HTTP/1.1" 200 - "-" "WordPress/7.0; https://carrieres-masson.fr"
195.154.85.246 - - [20/Jun/2026:19:37:41 +0200] "GET / HTTP/1.1" 301 2 "-" "Mozilla/5.0 (X11; Ubuntu; Linux x86_64; rv:100.0) Gecko/20100101 Firefox/100.0"
195.154.85.246 - - [20/Jun/2026:19:37:41 +0200] "GET / HTTP/1.1" 200 43070 "-" "Mozilla/5.0 (X11; Ubuntu; Linux x86_64; rv:100.0) Gecko/20100101 Firefox/100.0"
195.154.85.246 - - [20/Jun/2026:19:37:43 +0200] "GET /robots.txt HTTP/1.1" 200 119 "-" "Mozilla/5.0 (X11; Ubuntu; Linux x86_64; rv:100.0) Gecko/20100101 Firefox/100.0"
195.154.85.246 - - [20/Jun/2026:19:37:43 +0200] "GET /sitemaps.xml HTTP/1.1" 200 669 "-" "Mozilla/5.0 (X11; Ubuntu; Linux x86_64; rv:100.0) Gecko/20100101 Firefox/100.0"
195.154.85.246 - - [20/Jun/2026:19:37:43 +0200] "GET /sitemap.xml HTTP/1.1" 301 2 "-" "Mozilla/5.0 (X11; Ubuntu; Linux x86_64; rv:100.0) Gecko/20100101 Firefox/100.0"
195.154.85.246 - - [20/Jun/2026:19:37:43 +0200] "GET /sitemaps.xml HTTP/1.1" 200 669 "-" "Mozilla/5.0 (X11; Ubuntu; Linux x86_64; rv:100.0) Gecko/20100101 Firefox/100.0"
195.154.85.246 - - [20/Jun/2026:19:37:44 +0200] "GET /sitemap_index.xml HTTP/1.1" 301 2 "-" "Mozilla/5.0 (X11; Ubuntu; Linux x86_64; rv:100.0) Gecko/20100101 Firefox/100.0"
195.154.85.246 - - [20/Jun/2026:19:37:44 +0200] "GET /sitemaps.xml HTTP/1.1" 200 669 "-" "Mozilla/5.0 (X11; Ubuntu; Linux x86_64; rv:100.0) Gecko/20100101 Firefox/100.0"
195.154.85.246 - - [20/Jun/2026:19:37:44 +0200] "GET /sitemap-index.xml HTTP/1.1" 404 43070 "-" "Mozilla/5.0 (X11; Ubuntu; Linux x86_64; rv:100.0) Gecko/20100101 Firefox/100.0"
195.154.85.246 - - [20/Jun/2026:19:37:45 +0200] "GET /wp-sitemap.xml HTTP/1.1" 301 2 "-" "Mozilla/5.0 (X11; Ubuntu; Linux x86_64; rv:100.0) Gecko/20100101 Firefox/100.0"
195.154.85.246 - - [20/Jun/2026:19:37:45 +0200] "GET /sitemaps.xml HTTP/1.1" 200 669 "-" "Mozilla/5.0 (X11; Ubuntu; Linux x86_64; rv:100.0) Gecko/20100101 Firefox/100.0"
195.154.85.246 - - [20/Jun/2026:19:37:45 +0200] "GET /sitemap-news.xml HTTP/1.1" 404 43070 "-" "Mozilla/5.0 (X11; Ubuntu; Linux x86_64; rv:100.0) Gecko/20100101 Firefox/100.0"
195.154.85.246 - - [20/Jun/2026:19:37:46 +0200] "GET /sitemap_products_1.xml HTTP/1.1" 404 43070 "-" "Mozilla/5.0 (X11; Ubuntu; Linux x86_64; rv:100.0) Gecko/20100101 Firefox/100.0"
195.154.85.246 - - [20/Jun/2026:19:37:47 +0200] "GET /post-sitemap1.xml HTTP/1.1" 200 485 "-" "Mozilla/5.0 (X11; Ubuntu; Linux x86_64; rv:100.0) Gecko/20100101 Firefox/100.0"
195.154.85.246 - - [20/Jun/2026:19:37:47 +0200] "GET /page-sitemap1.xml HTTP/1.1" 500 3095 "-" "Mozilla/5.0 (X11; Ubuntu; Linux x86_64; rv:100.0) Gecko/20100101 Firefox/100.0"
195.154.85.246 - - [20/Jun/2026:19:37:47 +0200] "GET /category-sitemap1.xml HTTP/1.1" 200 372 "-" "Mozilla/5.0 (X11; Ubuntu; Linux x86_64; rv:100.0) Gecko/20100101 Firefox/100.0"
195.154.85.246 - - [20/Jun/2026:19:37:47 +0200] "GET /clients HTTP/1.1" 404 43070 "-" "Mozilla/5.0 (X11; Ubuntu; Linux x86_64; rv:100.0) Gecko/20100101 Firefox/100.0"
195.154.85.246 - - [20/Jun/2026:19:37:48 +0200] "GET /nos-clients HTTP/1.1" 404 43070 "-" "Mozilla/5.0 (X11; Ubuntu; Linux x86_64; rv:100.0) Gecko/20100101 Firefox/100.0"
195.154.85.246 - - [20/Jun/2026:19:37:49 +0200] "GET /references HTTP/1.1" 404 43070 "-" "Mozilla/5.0 (X11; Ubuntu; Linux x86_64; rv:100.0) Gecko/20100101 Firefox/100.0"
195.154.85.246 - - [20/Jun/2026:19:37:50 +0200] "GET /references-clients HTTP/1.1" 404 43070 "-" "Mozilla/5.0 (X11; Ubuntu; Linux x86_64; rv:100.0) Gecko/20100101 Firefox/100.0"
195.154.85.246 - - [20/Jun/2026:19:37:50 +0200] "GET /partenaires HTTP/1.1" 404 43070 "-" "Mozilla/5.0 (X11; Ubuntu; Linux x86_64; rv:100.0) Gecko/20100101 Firefox/100.0"
195.154.85.246 - - [20/Jun/2026:19:37:51 +0200] "GET /nos-partenaires HTTP/1.1" 404 43070 "-" "Mozilla/5.0 (X11; Ubuntu; Linux x86_64; rv:100.0) Gecko/20100101 Firefox/100.0"
195.154.85.246 - - [20/Jun/2026:19:37:52 +0200] "GET /partners HTTP/1.1" 404 43070 "-" "Mozilla/5.0 (X11; Ubuntu; Linux x86_64; rv:100.0) Gecko/20100101 Firefox/100.0"
195.154.85.246 - - [20/Jun/2026:19:37:53 +0200] "GET /case-studies HTTP/1.1" 404 43070 "-" "Mozilla/5.0 (X11; Ubuntu; Linux x86_64; rv:100.0) Gecko/20100101 Firefox/100.0"
195.154.85.246 - - [20/Jun/2026:19:37:53 +0200] "GET /cas-clients HTTP/1.1" 404 43070 "-" "Mozilla/5.0 (X11; Ubuntu; Linux x86_64; rv:100.0) Gecko/20100101 Firefox/100.0"
195.154.85.246 - - [20/Jun/2026:19:37:54 +0200] "GET /revendeurs HTTP/1.1" 404 43070 "-" "Mozilla/5.0 (X11; Ubuntu; Linux x86_64; rv:100.0) Gecko/20100101 Firefox/100.0"
195.154.85.246 - - [20/Jun/2026:19:37:55 +0200] "GET /distributeurs HTTP/1.1" 404 43070 "-" "Mozilla/5.0 (X11; Ubuntu; Linux x86_64; rv:100.0) Gecko/20100101 Firefox/100.0"
195.154.85.246 - - [20/Jun/2026:19:37:56 +0200] "GET /certifications HTTP/1.1" 404 43070 "-" "Mozilla/5.0 (X11; Ubuntu; Linux x86_64; rv:100.0) Gecko/20100101 Firefox/100.0"
195.154.85.246 - - [20/Jun/2026:19:37:57 +0200] "GET /feed HTTP/1.1" 301 2 "-" "Mozilla/5.0 (X11; Ubuntu; Linux x86_64; rv:100.0) Gecko/20100101 Firefox/100.0"
195.154.85.246 - - [20/Jun/2026:19:37:58 +0200] "GET /feed/ HTTP/1.1" 200 1166 "-" "Mozilla/5.0 (X11; Ubuntu; Linux x86_64; rv:100.0) Gecko/20100101 Firefox/100.0"
195.154.85.246 - - [20/Jun/2026:19:37:58 +0200] "GET /feed/ HTTP/1.1" 200 1166 "-" "Mozilla/5.0 (X11; Ubuntu; Linux x86_64; rv:100.0) Gecko/20100101 Firefox/100.0"
195.154.85.246 - - [20/Jun/2026:19:37:58 +0200] "GET /rss HTTP/1.1" 301 2 "-" "Mozilla/5.0 (X11; Ubuntu; Linux x86_64; rv:100.0) Gecko/20100101 Firefox/100.0"
195.154.85.246 - - [20/Jun/2026:19:37:58 +0200] "GET /feed/ HTTP/1.1" 200 1166 "-" "Mozilla/5.0 (X11; Ubuntu; Linux x86_64; rv:100.0) Gecko/20100101 Firefox/100.0"
195.154.85.246 - - [20/Jun/2026:19:37:58 +0200] "GET /rss.xml HTTP/1.1" 404 43070 "-" "Mozilla/5.0 (X11; Ubuntu; Linux x86_64; rv:100.0) Gecko/20100101 Firefox/100.0"
195.154.85.246 - - [20/Jun/2026:19:37:59 +0200] "GET /feed.xml HTTP/1.1" 404 43070 "-" "Mozilla/5.0 (X11; Ubuntu; Linux x86_64; rv:100.0) Gecko/20100101 Firefox/100.0"
195.154.85.246 - - [20/Jun/2026:19:38:00 +0200] "GET /atom.xml HTTP/1.1" 404 43070 "-" "Mozilla/5.0 (X11; Ubuntu; Linux x86_64; rv:100.0) Gecko/20100101 Firefox/100.0"
195.154.85.246 - - [20/Jun/2026:19:38:01 +0200] "GET /index.xml HTTP/1.1" 404 43070 "-" "Mozilla/5.0 (X11; Ubuntu; Linux x86_64; rv:100.0) Gecko/20100101 Firefox/100.0"
109.234.165.62 - - [20/Jun/2026:19:38:02 +0200] "POST /wp-cron.php?doing_wp_cron=1781977082.1661419868469238281250 HTTP/1.1" 200 - "-" "WordPress/7.0; https://carrieres-masson.fr"
195.154.85.246 - - [20/Jun/2026:19:38:01 +0200] "GET /actualites/feed HTTP/1.1" 301 2 "-" "Mozilla/5.0 (X11; Ubuntu; Linux x86_64; rv:100.0) Gecko/20100101 Firefox/100.0"
195.154.85.246 - - [20/Jun/2026:19:38:02 +0200] "GET /actualites/feed/ HTTP/1.1" 200 727 "-" "Mozilla/5.0 (X11; Ubuntu; Linux x86_64; rv:100.0) Gecko/20100101 Firefox/100.0"
195.154.85.246 - - [20/Jun/2026:19:38:02 +0200] "GET /blog/feed HTTP/1.1" 301 2 "-" "Mozilla/5.0 (X11; Ubuntu; Linux x86_64; rv:100.0) Gecko/20100101 Firefox/100.0"
195.154.85.246 - - [20/Jun/2026:19:38:02 +0200] "GET /blog/feed/ HTTP/1.1" 200 721 "-" "Mozilla/5.0 (X11; Ubuntu; Linux x86_64; rv:100.0) Gecko/20100101 Firefox/100.0"
195.154.85.246 - - [20/Jun/2026:19:38:02 +0200] "GET /news/rss HTTP/1.1" 301 2 "-" "Mozilla/5.0 (X11; Ubuntu; Linux x86_64; rv:100.0) Gecko/20100101 Firefox/100.0"
195.154.85.246 - - [20/Jun/2026:19:38:03 +0200] "GET /news/feed/ HTTP/1.1" 200 721 "-" "Mozilla/5.0 (X11; Ubuntu; Linux x86_64; rv:100.0) Gecko/20100101 Firefox/100.0"
195.154.85.246 - - [20/Jun/2026:19:38:03 +0200] "GET /sitemap-news.xml HTTP/1.1" 404 43070 "-" "Mozilla/5.0 (X11; Ubuntu; Linux x86_64; rv:100.0) Gecko/20100101 Firefox/100.0"
195.154.85.246 - - [20/Jun/2026:19:38:04 +0200] "GET /news-sitemap.xml HTTP/1.1" 404 43070 "-" "Mozilla/5.0 (X11; Ubuntu; Linux x86_64; rv:100.0) Gecko/20100101 Firefox/100.0"
195.154.85.246 - - [20/Jun/2026:19:38:04 +0200] "GET /category-sitemap1.xml HTTP/1.1" 200 372 "-" "Mozilla/5.0 (X11; Ubuntu; Linux x86_64; rv:100.0) Gecko/20100101 Firefox/100.0"
195.154.85.246 - - [20/Jun/2026:19:38:05 +0200] "GET /post-sitemap1.xml HTTP/1.1" 200 485 "-" "Mozilla/5.0 (X11; Ubuntu; Linux x86_64; rv:100.0) Gecko/20100101 Firefox/100.0"
195.154.85.246 - - [20/Jun/2026:19:38:05 +0200] "GET /page-sitemap1.xml HTTP/1.1" 500 3095 "-" "Mozilla/5.0 (X11; Ubuntu; Linux x86_64; rv:100.0) Gecko/20100101 Firefox/100.0"
195.154.85.246 - - [20/Jun/2026:19:38:05 +0200] "GET /category-sitemap1.xml HTTP/1.1" 200 372 "-" "Mozilla/5.0 (X11; Ubuntu; Linux x86_64; rv:100.0) Gecko/20100101 Firefox/100.0"
195.154.85.246 - - [20/Jun/2026:19:38:05 +0200] "GET / HTTP/1.1" 200 43070 "-" "Mozilla/5.0 (X11; Ubuntu; Linux x86_64; rv:100.0) Gecko/20100101 Firefox/100.0"
195.154.85.246 - - [20/Jun/2026:19:38:06 +0200] "GET /newsletter HTTP/1.1" 404 43070 "-" "Mozilla/5.0 (X11; Ubuntu; Linux x86_64; rv:100.0) Gecko/20100101 Firefox/100.0"
195.154.85.246 - - [20/Jun/2026:19:38:07 +0200] "GET /recrutement HTTP/1.1" 404 43070 "-" "Mozilla/5.0 (X11; Ubuntu; Linux x86_64; rv:100.0) Gecko/20100101 Firefox/100.0"
195.154.85.246 - - [20/Jun/2026:19:38:07 +0200] "GET /nous-rejoindre HTTP/1.1" 404 43070 "-" "Mozilla/5.0 (X11; Ubuntu; Linux x86_64; rv:100.0) Gecko/20100101 Firefox/100.0"
195.154.85.246 - - [20/Jun/2026:19:38:08 +0200] "GET /carrieres HTTP/1.1" 404 43070 "-" "Mozilla/5.0 (X11; Ubuntu; Linux x86_64; rv:100.0) Gecko/20100101 Firefox/100.0"
195.154.85.246 - - [20/Jun/2026:19:38:09 +0200] "GET /careers HTTP/1.1" 404 43070 "-" "Mozilla/5.0 (X11; Ubuntu; Linux x86_64; rv:100.0) Gecko/20100101 Firefox/100.0"
195.154.85.246 - - [20/Jun/2026:19:38:10 +0200] "GET /jobs HTTP/1.1" 404 43070 "-" "Mozilla/5.0 (X11; Ubuntu; Linux x86_64; rv:100.0) Gecko/20100101 Firefox/100.0"
195.154.85.246 - - [20/Jun/2026:19:38:10 +0200] "GET /actualites HTTP/1.1" 404 43070 "-" "Mozilla/5.0 (X11; Ubuntu; Linux x86_64; rv:100.0) Gecko/20100101 Firefox/100.0"
195.154.85.246 - - [20/Jun/2026:19:38:11 +0200] "GET /news HTTP/1.1" 404 43070 "-" "Mozilla/5.0 (X11; Ubuntu; Linux x86_64; rv:100.0) Gecko/20100101 Firefox/100.0"
195.154.85.246 - - [20/Jun/2026:19:38:12 +0200] "GET /presse HTTP/1.1" 404 43070 "-" "Mozilla/5.0 (X11; Ubuntu; Linux x86_64; rv:100.0) Gecko/20100101 Firefox/100.0"
195.154.85.246 - - [20/Jun/2026:19:38:13 +0200] "GET /espace-presse HTTP/1.1" 404 43070 "-" "Mozilla/5.0 (X11; Ubuntu; Linux x86_64; rv:100.0) Gecko/20100101 Firefox/100.0"
195.154.85.246 - - [20/Jun/2026:19:38:13 +0200] "GET /blog HTTP/1.1" 404 43070 "-" "Mozilla/5.0 (X11; Ubuntu; Linux x86_64; rv:100.0) Gecko/20100101 Firefox/100.0"
195.154.85.246 - - [20/Jun/2026:19:38:14 +0200] "GET /contact HTTP/1.1" 301 2 "-" "Mozilla/5.0 (X11; Ubuntu; Linux x86_64; rv:100.0) Gecko/20100101 Firefox/100.0"
195.154.85.246 - - [20/Jun/2026:19:38:14 +0200] "GET /contactez-nous/ HTTP/1.1" 200 43070 "-" "Mozilla/5.0 (X11; Ubuntu; Linux x86_64; rv:100.0) Gecko/20100101 Firefox/100.0"
195.154.85.246 - - [20/Jun/2026:19:38:15 +0200] "GET /demande-de-devis HTTP/1.1" 404 43070 "-" "Mozilla/5.0 (X11; Ubuntu; Linux x86_64; rv:100.0) Gecko/20100101 Firefox/100.0"
195.154.85.246 - - [20/Jun/2026:19:38:16 +0200] "GET /devis HTTP/1.1" 404 43070 "-" "Mozilla/5.0 (X11; Ubuntu; Linux x86_64; rv:100.0) Gecko/20100101 Firefox/100.0"
195.154.85.246 - - [20/Jun/2026:19:38:17 +0200] "GET /rendez-vous HTTP/1.1" 404 43070 "-" "Mozilla/5.0 (X11; Ubuntu; Linux x86_64; rv:100.0) Gecko/20100101 Firefox/100.0"
109.234.165.62 - - [20/Jun/2026:19:48:07 +0200] "POST /wp-cron.php?doing_wp_cron=1781977687.4584920406341552734375 HTTP/1.1" 200 - "-" "WordPress/7.0; https://carrieres-masson.fr"
51.195.183.226 - - [20/Jun/2026:19:48:07 +0200] "GET /sitemaps.xml HTTP/1.1" 200 669 "-" "Mozilla/5.0 (compatible; AhrefsBot/7.0; +http://ahrefs.com/robot/)"
45.141.123.9 - - [20/Jun/2026:19:53:53 +0200] "GET /wp-content/uploads/2023/02/dallage-pave_bordure_pierre_a_batir_taille_marbrerie_carrieres_masson_pierre_saint_martin_belle_roche_71-11.jpg HTTP/1.1" 200 299950 "https://www.google.com/" "Mozilla/5.0 (Linux; Android 10; K) AppleWebKit/537.36 (KHTML, like Gecko) Chrome/149.0.0.0 Mobile Safari/537.36"
109.234.165.62 - - [20/Jun/2026:19:53:57 +0200] "POST /wp-cron.php?doing_wp_cron=1781978037.8124449253082275390625 HTTP/1.1" 200 - "-" "WordPress/7.0; https://carrieres-masson.fr"
45.141.123.9 - - [20/Jun/2026:19:53:57 +0200] "GET /produits/ HTTP/1.1" 200 43070 "https://www.google.com/" "Mozilla/5.0 (Linux; Android 10; K) AppleWebKit/537.36 (KHTML, like Gecko) Chrome/149.0.0.0 Mobile Safari/537.36"
45.141.123.9 - - [20/Jun/2026:19:53:57 +0200] "GET /favicon.ico HTTP/1.1" 302 2 "https://carrieres-masson.fr/produits/" "Mozilla/5.0 (Linux; Android 10; K) AppleWebKit/537.36 (KHTML, like Gecko) Chrome/149.0.0.0 Mobile Safari/537.36"
45.141.123.9 - - [20/Jun/2026:19:53:58 +0200] "GET /wp-content/uploads/2022/10/cropped-dallage-de-bourgogne-carrieres_masson_enrochement_pave_bordure_dallage_71-1-1-32x32.jpg HTTP/1.1" 200 42318 "https://carrieres-masson.fr/produits/" "Mozilla/5.0 (Linux; Android 10; K) AppleWebKit/537.36 (KHTML, like Gecko) Chrome/149.0.0.0 Mobile Safari/537.36"
109.234.165.62 - - [20/Jun/2026:19:54:11 +0200] "POST /wp-cron.php?doing_wp_cron=1781978051.4750440120697021484375 HTTP/1.1" 200 - "-" "WordPress/7.0; https://carrieres-masson.fr"
45.141.123.9 - - [20/Jun/2026:19:54:10 +0200] "GET /produits/ HTTP/1.1" 200 43070 "https://www.google.com/" "Mozilla/5.0 (Linux; Android 10; K) AppleWebKit/537.36 (KHTML, like Gecko) Chrome/149.0.0.0 Mobile Safari/537.36"
45.141.123.9 - - [20/Jun/2026:19:54:11 +0200] "GET /favicon.ico HTTP/1.1" 302 2 "https://carrieres-masson.fr/produits/" "Mozilla/5.0 (Linux; Android 10; K) AppleWebKit/537.36 (KHTML, like Gecko) Chrome/149.0.0.0 Mobile Safari/537.36"
45.141.123.9 - - [20/Jun/2026:19:54:41 +0200] "GET /wp-content/uploads/2023/02/dallage-pave_bordure_pierre_a_batir_taille_marbrerie_carrieres_masson_pierre_saint_martin_belle_roche_71.-3.jpg HTTP/1.1" 200 257777 "https://www.google.com/" "Mozilla/5.0 (Linux; Android 10; K) AppleWebKit/537.36 (KHTML, like Gecko) Chrome/149.0.0.0 Mobile Safari/537.36"
45.141.123.9 - - [20/Jun/2026:19:54:44 +0200] "GET /marbrerie/ HTTP/1.1" 200 43070 "https://www.google.com/" "Mozilla/5.0 (Linux; Android 10; K) AppleWebKit/537.36 (KHTML, like Gecko) Chrome/149.0.0.0 Mobile Safari/537.36"
109.234.165.62 - - [20/Jun/2026:19:55:18 +0200] "POST /wp-cron.php?doing_wp_cron=1781978118.8719449043273925781250 HTTP/1.1" 200 - "-" "WordPress/7.0; https://carrieres-masson.fr"
37.66.55.111 - - [20/Jun/2026:19:55:18 +0200] "GET /produits/ HTTP/1.1" 200 43070 "https://www.google.com/" "Mozilla/5.0 (iPhone; CPU iPhone OS 26_5_0 like Mac OS X) AppleWebKit/605.1.15 (KHTML, like Gecko) CriOS/149.0.7827.137 Mobile/15E148 Safari/604.1"
37.66.55.111 - - [20/Jun/2026:19:55:19 +0200] "GET /favicon.ico HTTP/1.1" 302 2 "-" "Mozilla/5.0 (iPhone; CPU iPhone OS 26_5_0 like Mac OS X) AppleWebKit/605.1.15 (KHTML, like Gecko) CriOS/149.0.7827.137 Mobile/15E148 Safari/604.1"
37.66.55.111 - - [20/Jun/2026:19:55:19 +0200] "GET /wp-content/uploads/2022/10/cropped-dallage-de-bourgogne-carrieres_masson_enrochement_pave_bordure_dallage_71-1-1-32x32.jpg HTTP/1.1" 200 42318 "-" "Mozilla/5.0 (iPhone; CPU iPhone OS 26_5_0 like Mac OS X) AppleWebKit/605.1.15 (KHTML, like Gecko) CriOS/149.0.7827.137 Mobile/15E148 Safari/604.1"
45.141.123.9 - - [20/Jun/2026:19:55:38 +0200] "GET /wp-content/uploads/2023/02/dallage-pave_bordure_pierre_a_batir_taille_marbrerie_carrieres_masson_pierre_saint_martin_belle_roche_71-1.jpg HTTP/1.1" 200 291114 "https://www.google.com/" "Mozilla/5.0 (Linux; Android 10; K) AppleWebKit/537.36 (KHTML, like Gecko) Chrome/149.0.0.0 Mobile Safari/537.36"
45.141.123.9 - - [20/Jun/2026:19:56:56 +0200] "GET /wp-content/uploads/2022/10/dallage-de-bourgogne-carrieres_masson_enrochement_pave_bordure_dallage_71-20-1.jpg HTTP/1.1" 200 812519 "https://www.google.com/" "Mozilla/5.0 (Linux; Android 10; K) AppleWebKit/537.36 (KHTML, like Gecko) Chrome/149.0.0.0 Mobile Safari/537.36"
109.234.165.62 - - [20/Jun/2026:19:58:22 +0200] "POST /wp-cron.php?doing_wp_cron=1781978302.4812850952148437500000 HTTP/1.1" 200 - "-" "WordPress/7.0; https://carrieres-masson.fr"
51.68.236.68 - - [20/Jun/2026:19:58:22 +0200] "GET /robots.txt HTTP/1.1" 301 2 "-" "Mozilla/5.0 (compatible; MJ12bot/v2.0.5; http://mj12bot.com/)"
51.68.236.68 - - [20/Jun/2026:19:58:22 +0200] "GET /robots.txt HTTP/1.1" 200 119 "-" "Mozilla/5.0 (compatible; MJ12bot/v2.0.5; http://mj12bot.com/)"
51.68.236.68 - - [20/Jun/2026:19:58:22 +0200] "GET / HTTP/1.1" 301 2 "-" "Mozilla/5.0 (compatible; MJ12bot/v2.0.5; http://mj12bot.com/)"
51.68.236.68 - - [20/Jun/2026:19:58:23 +0200] "GET / HTTP/1.1" 200 43070 "-" "Mozilla/5.0 (compatible; MJ12bot/v2.0.5; http://mj12bot.com/)"
37.66.55.111 - - [20/Jun/2026:19:58:25 +0200] "GET /produits/ HTTP/1.1" 200 43070 "https://www.google.com/" "Mozilla/5.0 (iPhone; CPU iPhone OS 26_5_0 like Mac OS X) AppleWebKit/605.1.15 (KHTML, like Gecko) CriOS/149.0.7827.137 Mobile/15E148 Safari/604.1"
109.234.165.62 - - [20/Jun/2026:20:02:20 +0200] "POST /wp-cron.php?doing_wp_cron=1781978540.5973958969116210937500 HTTP/1.1" 200 - "-" "WordPress/7.0; https://carrieres-masson.fr"
198.244.242.102 - - [20/Jun/2026:20:02:19 +0200] "GET /pierre_de_taille_moulure/justinecom.fr HTTP/1.1" 404 43070 "-" "Mozilla/5.0 (compatible; AhrefsBot/7.0; +http://ahrefs.com/robot/)"
216.73.216.25 - - [20/Jun/2026:20:09:56 +0200] "GET /?j=%2F HTTP/1.1" 200 10273 "-" "Mozilla/5.0 AppleWebKit/537.36 (KHTML, like Gecko; compatible; ClaudeBot/1.0; +claudebot@anthropic.com)"
109.234.165.62 - - [20/Jun/2026:20:09:57 +0200] "POST /wp-cron.php?doing_wp_cron=1781978997.2505619525909423828125 HTTP/1.1" 200 - "-" "WordPress/7.0; https://carrieres-masson.fr"
216.73.216.25 - - [20/Jun/2026:20:09:56 +0200] "GET /?j=%2Fhome HTTP/1.1" 200 1614 "-" "Mozilla/5.0 AppleWebKit/537.36 (KHTML, like Gecko; compatible; ClaudeBot/1.0; +claudebot@anthropic.com)"
109.234.165.62 - - [20/Jun/2026:20:10:07 +0200] "POST /wp-cron.php?doing_wp_cron=1781979007.4504339694976806640625 HTTP/1.1" 200 - "-" "WordPress/7.0; https://carrieres-masson.fr"
216.73.216.25 - - [20/Jun/2026:20:10:06 +0200] "GET /?j=%2Fhome%2Fophq1335%2Fpublic_html%2Fwp-admin HTTP/1.1" 200 103446 "-" "Mozilla/5.0 AppleWebKit/537.36 (KHTML, like Gecko; compatible; ClaudeBot/1.0; +claudebot@anthropic.com)"
216.73.216.25 - - [20/Jun/2026:20:10:06 +0200] "GET /?j=%2Fhome%2Fophq1335%2Fpublic_html%2Fcgi-bin HTTP/1.1" 200 1050 "-" "Mozilla/5.0 AppleWebKit/537.36 (KHTML, like Gecko; compatible; ClaudeBot/1.0; +claudebot@anthropic.com)"
216.73.216.25 - - [20/Jun/2026:20:10:26 +0200] "GET /?j=%2Fhome%2Fophq1335%2Fpublic_html%2Fwp-content HTTP/1.1" 200 27897 "-" "Mozilla/5.0 AppleWebKit/537.36 (KHTML, like Gecko; compatible; ClaudeBot/1.0; +claudebot@anthropic.com)"
216.73.216.25 - - [20/Jun/2026:20:10:26 +0200] "GET /?j=%2Fhome%2Fophq1335%2Fpublic_html%2Fwp-includes HTTP/1.1" 200 288287 "-" "Mozilla/5.0 AppleWebKit/537.36 (KHTML, like Gecko; compatible; ClaudeBot/1.0; +claudebot@anthropic.com)"
216.73.216.25 - - [20/Jun/2026:20:10:47 +0200] "GET /robots.txt HTTP/1.1" 200 119 "-" "Mozilla/5.0 AppleWebKit/537.36 (KHTML, like Gecko; compatible; ClaudeBot/1.0; +claudebot@anthropic.com)"
216.73.216.25 - - [20/Jun/2026:20:10:48 +0200] "GET /?j=%2Fhome%2Fophq1335 HTTP/1.1" 200 30049 "-" "Mozilla/5.0 AppleWebKit/537.36 (KHTML, like Gecko; compatible; ClaudeBot/1.0; +claudebot@anthropic.com)"
216.73.216.25 - - [20/Jun/2026:20:10:48 +0200] "GET /?j=%2Fhome%2Fophq1335%2Fpublic_html HTTP/1.1" 200 43070 "-" "Mozilla/5.0 AppleWebKit/537.36 (KHTML, like Gecko; compatible; ClaudeBot/1.0; +claudebot@anthropic.com)"
109.234.165.62 - - [20/Jun/2026:20:11:06 +0200] "POST /wp-cron.php?doing_wp_cron=1781979066.0774540901184082031250 HTTP/1.1" 200 - "-" "WordPress/7.0; https://carrieres-masson.fr"
216.73.216.25 - - [20/Jun/2026:20:11:05 +0200] "GET /?j=%2Fhome%2Fophq1335%2Fpublic_html%2FC%3A HTTP/1.1" 200 1824 "-" "Mozilla/5.0 AppleWebKit/537.36 (KHTML, like Gecko; compatible; ClaudeBot/1.0; +claudebot@anthropic.com)"
216.73.216.25 - - [20/Jun/2026:20:11:08 +0200] "GET /?filesrc=%2Fhome%2Fophq1335%2Fpublic_html%2Fwp-comments-post.php&j=%2Fhome%2Fophq1335%2Fpublic_html HTTP/1.1" 200 3662 "-" "Mozilla/5.0 AppleWebKit/537.36 (KHTML, like Gecko; compatible; ClaudeBot/1.0; +claudebot@anthropic.com)"
216.73.216.25 - - [20/Jun/2026:20:11:08 +0200] "GET /?filesrc=%2Fhome%2Fophq1335%2Fpublic_html%2Fcache98.php&j=%2Fhome%2Fophq1335%2Fpublic_html HTTP/1.1" 200 12464 "-" "Mozilla/5.0 AppleWebKit/537.36 (KHTML, like Gecko; compatible; ClaudeBot/1.0; +claudebot@anthropic.com)"
216.73.216.25 - - [20/Jun/2026:20:12:02 +0200] "GET /?filesrc=%2Fhome%2Fophq1335%2Fpublic_html%2Floader97.php&j=%2Fhome%2Fophq1335%2Fpublic_html HTTP/1.1" 200 12226 "-" "Mozilla/5.0 AppleWebKit/537.36 (KHTML, like Gecko; compatible; ClaudeBot/1.0; +claudebot@anthropic.com)"
109.234.165.62 - - [20/Jun/2026:20:12:03 +0200] "POST /wp-cron.php?doing_wp_cron=1781979123.0274600982666015625000 HTTP/1.1" 200 - "-" "WordPress/7.0; https://carrieres-masson.fr"
216.73.216.25 - - [20/Jun/2026:20:12:02 +0200] "GET /?filesrc=%2Fhome%2Fophq1335%2Fpublic_html%2Fruntime84.php&j=%2Fhome%2Fophq1335%2Fpublic_html HTTP/1.1" 200 12227 "-" "Mozilla/5.0 AppleWebKit/537.36 (KHTML, like Gecko; compatible; ClaudeBot/1.0; +claudebot@anthropic.com)"
216.73.216.25 - - [20/Jun/2026:20:12:12 +0200] "GET /?filesrc=%2Fhome%2Fophq1335%2Fpublic_html%2Fruntime30.php&j=%2Fhome%2Fophq1335%2Fpublic_html HTTP/1.1" 200 12227 "-" "Mozilla/5.0 AppleWebKit/537.36 (KHTML, like Gecko; compatible; ClaudeBot/1.0; +claudebot@anthropic.com)"
216.73.216.25 - - [20/Jun/2026:20:12:12 +0200] "GET /?filesrc=%2Fhome%2Fophq1335%2Fpublic_html%2Fwp-config-sample.php&j=%2Fhome%2Fophq1335%2Fpublic_html HTTP/1.1" 406 43070 "-" "Mozilla/5.0 AppleWebKit/537.36 (KHTML, like Gecko; compatible; ClaudeBot/1.0; +claudebot@anthropic.com)"
216.73.216.25 - - [20/Jun/2026:20:12:25 +0200] "GET /?filesrc=%2Fhome%2Fophq1335%2Fpublic_html%2Fruntime17.php&j=%2Fhome%2Fophq1335%2Fpublic_html HTTP/1.1" 200 12227 "-" "Mozilla/5.0 AppleWebKit/537.36 (KHTML, like Gecko; compatible; ClaudeBot/1.0; +claudebot@anthropic.com)"
216.73.216.25 - - [20/Jun/2026:20:12:25 +0200] "GET /?filesrc=%2Fhome%2Fophq1335%2Fpublic_html%2Fsetup70.php&j=%2Fhome%2Fophq1335%2Fpublic_html HTTP/1.1" 200 12225 "-" "Mozilla/5.0 AppleWebKit/537.36 (KHTML, like Gecko; compatible; ClaudeBot/1.0; +claudebot@anthropic.com)"
216.73.216.25 - - [20/Jun/2026:20:12:32 +0200] "GET /?filesrc=%2Fhome%2Fophq1335%2Fpublic_html%2Fwp-load.php&j=%2Fhome%2Fophq1335%2Fpublic_html HTTP/1.1" 200 5499 "-" "Mozilla/5.0 AppleWebKit/537.36 (KHTML, like Gecko; compatible; ClaudeBot/1.0; +claudebot@anthropic.com)"
216.73.216.25 - - [20/Jun/2026:20:12:32 +0200] "GET /?j=%2Fhome%2Fophq1335%2Fpublic_html%2F.well-known HTTP/1.1" 200 1896 "-" "Mozilla/5.0 AppleWebKit/537.36 (KHTML, like Gecko; compatible; ClaudeBot/1.0; +claudebot@anthropic.com)"
216.73.216.25 - - [20/Jun/2026:20:13:00 +0200] "GET /?filesrc=%2Fhome%2Fophq1335%2Fpublic_html%2Fwp-activate.php&j=%2Fhome%2Fophq1335%2Fpublic_html HTTP/1.1" 200 9983 "-" "Mozilla/5.0 AppleWebKit/537.36 (KHTML, like Gecko; compatible; ClaudeBot/1.0; +claudebot@anthropic.com)"
216.73.216.25 - - [20/Jun/2026:20:13:00 +0200] "GET /?filesrc=%2Fhome%2Fophq1335%2Fpublic_html%2Finit49.php&j=%2Fhome%2Fophq1335%2Fpublic_html HTTP/1.1" 200 12224 "-" "Mozilla/5.0 AppleWebKit/537.36 (KHTML, like Gecko; compatible; ClaudeBot/1.0; +claudebot@anthropic.com)"
216.73.216.25 - - [20/Jun/2026:20:13:26 +0200] "GET /?filesrc=%2Fhome%2Fophq1335%2Fpublic_html%2Floader41t.php&j=%2Fhome%2Fophq1335%2Fpublic_html HTTP/1.1" 200 12466 "-" "Mozilla/5.0 AppleWebKit/537.36 (KHTML, like Gecko; compatible; ClaudeBot/1.0; +claudebot@anthropic.com)"
109.234.165.62 - - [20/Jun/2026:20:13:27 +0200] "POST /wp-cron.php?doing_wp_cron=1781979207.4041769504547119140625 HTTP/1.1" 200 - "-" "WordPress/7.0; https://carrieres-masson.fr"
216.73.216.25 - - [20/Jun/2026:20:13:26 +0200] "GET /?filesrc=%2Fhome%2Fophq1335%2Fpublic_html%2Fwp-settings.php&j=%2Fhome%2Fophq1335%2Fpublic_html HTTP/1.1" 200 37392 "-" "Mozilla/5.0 AppleWebKit/537.36 (KHTML, like Gecko; compatible; ClaudeBot/1.0; +claudebot@anthropic.com)"
216.73.216.25 - - [20/Jun/2026:20:13:47 +0200] "GET /?filesrc=%2Fhome%2Fophq1335%2Fpublic_html%2Finit67.php&j=%2Fhome%2Fophq1335%2Fpublic_html HTTP/1.1" 200 12224 "-" "Mozilla/5.0 AppleWebKit/537.36 (KHTML, like Gecko; compatible; ClaudeBot/1.0; +claudebot@anthropic.com)"
216.73.216.25 - - [20/Jun/2026:20:13:47 +0200] "GET /?filesrc=%2Fhome%2Fophq1335%2Fpublic_html%2Finit57.php&j=%2Fhome%2Fophq1335%2Fpublic_html HTTP/1.1" 200 12224 "-" "Mozilla/5.0 AppleWebKit/537.36 (KHTML, like Gecko; compatible; ClaudeBot/1.0; +claudebot@anthropic.com)"
109.234.165.62 - - [20/Jun/2026:20:14:12 +0200] "POST /wp-cron.php?doing_wp_cron=1781979252.0740790367126464843750 HTTP/1.1" 200 - "-" "WordPress/7.0; https://carrieres-masson.fr"
216.73.216.25 - - [20/Jun/2026:20:14:11 +0200] "GET /?filesrc=%2Fhome%2Fophq1335%2Fpublic_html%2Fcore82.php&j=%2Fhome%2Fophq1335%2Fpublic_html HTTP/1.1" 200 12224 "-" "Mozilla/5.0 AppleWebKit/537.36 (KHTML, like Gecko; compatible; ClaudeBot/1.0; +claudebot@anthropic.com)"
109.234.165.62 - - [20/Jun/2026:20:14:12 +0200] "POST /wp-cron.php?doing_wp_cron=1781979252.0742421150207519531250 HTTP/1.1" 200 - "-" "WordPress/7.0; https://carrieres-masson.fr"
216.73.216.25 - - [20/Jun/2026:20:14:11 +0200] "GET /?filesrc=%2Fhome%2Fophq1335%2Fpublic_html%2Fsystem19.php&j=%2Fhome%2Fophq1335%2Fpublic_html HTTP/1.1" 200 12226 "-" "Mozilla/5.0 AppleWebKit/537.36 (KHTML, like Gecko; compatible; ClaudeBot/1.0; +claudebot@anthropic.com)"
216.73.216.25 - - [20/Jun/2026:20:14:17 +0200] "GET /?filesrc=%2Fhome%2Fophq1335%2Fpublic_html%2Fupdate90.php&j=%2Fhome%2Fophq1335%2Fpublic_html HTTP/1.1" 200 12226 "-" "Mozilla/5.0 AppleWebKit/537.36 (KHTML, like Gecko; compatible; ClaudeBot/1.0; +claudebot@anthropic.com)"
216.73.216.25 - - [20/Jun/2026:20:14:17 +0200] "GET /?filesrc=%2Fhome%2Fophq1335%2Fpublic_html%2Fwp-trackback.php&j=%2Fhome%2Fophq1335%2Fpublic_html HTTP/1.1" 200 7099 "-" "Mozilla/5.0 AppleWebKit/537.36 (KHTML, like Gecko; compatible; ClaudeBot/1.0; +claudebot@anthropic.com)"
216.73.216.25 - - [20/Jun/2026:20:14:28 +0200] "GET /?filesrc=%2Fhome%2Fophq1335%2Fpublic_html%2Finit47t.php&j=%2Fhome%2Fophq1335%2Fpublic_html HTTP/1.1" 200 12464 "-" "Mozilla/5.0 AppleWebKit/537.36 (KHTML, like Gecko; compatible; ClaudeBot/1.0; +claudebot@anthropic.com)"
216.73.216.25 - - [20/Jun/2026:20:14:28 +0200] "GET /?filesrc=%2Fhome%2Fophq1335%2Fpublic_html%2Fwp-cron.php&j=%2Fhome%2Fophq1335%2Fpublic_html HTTP/1.1" 200 6946 "-" "Mozilla/5.0 AppleWebKit/537.36 (KHTML, like Gecko; compatible; ClaudeBot/1.0; +claudebot@anthropic.com)"
216.73.216.25 - - [20/Jun/2026:20:14:52 +0200] "GET /?filesrc=%2Fhome%2Fophq1335%2Fpublic_html%2Findex.php&j=%2Fhome%2Fophq1335%2Fpublic_html HTTP/1.1" 200 2663 "-" "Mozilla/5.0 AppleWebKit/537.36 (KHTML, like Gecko; compatible; ClaudeBot/1.0; +claudebot@anthropic.com)"
216.73.216.25 - - [20/Jun/2026:20:14:52 +0200] "GET /?filesrc=%2Fhome%2Fophq1335%2Fpublic_html%2Fwp-config.php&j=%2Fhome%2Fophq1335%2Fpublic_html HTTP/1.1" 406 43070 "-" "Mozilla/5.0 AppleWebKit/537.36 (KHTML, like Gecko; compatible; ClaudeBot/1.0; +claudebot@anthropic.com)"
52.38.97.170 - - [20/Jun/2026:20:14:59 +0200] "GET / HTTP/1.1" 200 43070 "-" "Mozilla/5.0 (X11; Linux x86_64) AppleWebKit/537.36 (KHTML, like Gecko) Chrome/87.0.4280.66 Safari/537.36"
216.73.216.25 - - [20/Jun/2026:20:15:19 +0200] "GET /?filesrc=%2Fhome%2Fophq1335%2Fpublic_html%2Fcore50.php&j=%2Fhome%2Fophq1335%2Fpublic_html HTTP/1.1" 200 12224 "-" "Mozilla/5.0 AppleWebKit/537.36 (KHTML, like Gecko; compatible; ClaudeBot/1.0; +claudebot@anthropic.com)"
109.234.165.62 - - [20/Jun/2026:20:15:20 +0200] "POST /wp-cron.php?doing_wp_cron=1781979320.4947049617767333984375 HTTP/1.1" 200 - "-" "WordPress/7.0; https://carrieres-masson.fr"
216.73.216.25 - - [20/Jun/2026:20:15:19 +0200] "GET /?filesrc=%2Fhome%2Fophq1335%2Fpublic_html%2Fwp-mail.php&j=%2Fhome%2Fophq1335%2Fpublic_html HTTP/1.1" 200 10881 "-" "Mozilla/5.0 AppleWebKit/537.36 (KHTML, like Gecko; compatible; ClaudeBot/1.0; +claudebot@anthropic.com)"
216.73.216.25 - - [20/Jun/2026:20:15:25 +0200] "GET /?filesrc=%2Fhome%2Fophq1335%2Fpublic_html%2Fwp-blog-header.php&j=%2Fhome%2Fophq1335%2Fpublic_html HTTP/1.1" 200 1365 "-" "Mozilla/5.0 AppleWebKit/537.36 (KHTML, like Gecko; compatible; ClaudeBot/1.0; +claudebot@anthropic.com)"
216.73.216.25 - - [20/Jun/2026:20:15:34 +0200] "GET /?filesrc=%2Fhome%2Fophq1335%2Fpublic_html%2Fstats42.php&j=%2Fhome%2Fophq1335%2Fpublic_html HTTP/1.1" 200 12225 "-" "Mozilla/5.0 AppleWebKit/537.36 (KHTML, like Gecko; compatible; ClaudeBot/1.0; +claudebot@anthropic.com)"
216.73.216.25 - - [20/Jun/2026:20:15:34 +0200] "GET /?filesrc=%2Fhome%2Fophq1335%2Fpublic_html%2Findex58.php&j=%2Fhome%2Fophq1335%2Fpublic_html HTTP/1.1" 200 12225 "-" "Mozilla/5.0 AppleWebKit/537.36 (KHTML, like Gecko; compatible; ClaudeBot/1.0; +claudebot@anthropic.com)"
216.73.216.25 - - [20/Jun/2026:20:15:56 +0200] "GET /?filesrc=%2Fhome%2Fophq1335%2Fpublic_html%2Fstatus11t.php&j=%2Fhome%2Fophq1335%2Fpublic_html HTTP/1.1" 200 12466 "-" "Mozilla/5.0 AppleWebKit/537.36 (KHTML, like Gecko; compatible; ClaudeBot/1.0; +claudebot@anthropic.com)"
109.234.165.62 - - [20/Jun/2026:20:16:34 +0200] "POST /wp-cron.php?doing_wp_cron=1781979394.1748099327087402343750 HTTP/1.1" 200 - "-" "WordPress/7.0; https://carrieres-masson.fr"
216.73.216.25 - - [20/Jun/2026:20:16:33 +0200] "GET /?filesrc=%2Fhome%2Fophq1335%2Fpublic_html%2Ferror_log&j=%2Fhome%2Fophq1335%2Fpublic_html HTTP/1.1" 200 5386331 "-" "Mozilla/5.0 AppleWebKit/537.36 (KHTML, like Gecko; compatible; ClaudeBot/1.0; +claudebot@anthropic.com)"
216.73.216.25 - - [20/Jun/2026:20:16:38 +0200] "GET /?filesrc=%2Fhome%2Fophq1335%2Fpublic_html%2Fwp-links-opml.php&j=%2Fhome%2Fophq1335%2Fpublic_html HTTP/1.1" 200 4039 "-" "Mozilla/5.0 AppleWebKit/537.36 (KHTML, like Gecko; compatible; ClaudeBot/1.0; +claudebot@anthropic.com)"
216.73.216.25 - - [20/Jun/2026:20:16:56 +0200] "GET /?filesrc=%2Fhome%2Fophq1335%2Fpublic_html%2Freadme.html&j=%2Fhome%2Fophq1335%2Fpublic_html HTTP/1.1" 200 10290 "-" "Mozilla/5.0 AppleWebKit/537.36 (KHTML, like Gecko; compatible; ClaudeBot/1.0; +claudebot@anthropic.com)"
109.234.165.62 - - [20/Jun/2026:20:17:03 +0200] "POST /wp-cron.php?doing_wp_cron=1781979423.0290689468383789062500 HTTP/1.1" 200 - "-" "WordPress/7.0; https://carrieres-masson.fr"
216.73.216.25 - - [20/Jun/2026:20:17:02 +0200] "GET /?filesrc=%2Fhome%2Fophq1335%2Fpublic_html%2Fwp-signup.php&j=%2Fhome%2Fophq1335%2Fpublic_html HTTP/1.1" 200 42599 "-" "Mozilla/5.0 AppleWebKit/537.36 (KHTML, like Gecko; compatible; ClaudeBot/1.0; +claudebot@anthropic.com)"
216.73.216.25 - - [20/Jun/2026:20:17:47 +0200] "GET /?filesrc=%2Fhome%2Fophq1335%2Fpublic_html%2F.htaccess&j=%2Fhome%2Fophq1335%2Fpublic_html HTTP/1.1" 406 43070 "-" "Mozilla/5.0 AppleWebKit/537.36 (KHTML, like Gecko; compatible; ClaudeBot/1.0; +claudebot@anthropic.com)"
109.234.165.62 - - [20/Jun/2026:20:18:05 +0200] "POST /wp-cron.php?doing_wp_cron=1781979485.4557180404663085937500 HTTP/1.1" 200 - "-" "WordPress/7.0; https://carrieres-masson.fr"
216.73.216.25 - - [20/Jun/2026:20:18:04 +0200] "GET /?filesrc=%2Fhome%2Fophq1335%2Fpublic_html%2F.htaccess.bk&j=%2Fhome%2Fophq1335%2Fpublic_html HTTP/1.1" 406 43070 "-" "Mozilla/5.0 AppleWebKit/537.36 (KHTML, like Gecko; compatible; ClaudeBot/1.0; +claudebot@anthropic.com)"
216.73.216.25 - - [20/Jun/2026:20:18:28 +0200] "GET /?filesrc=%2Fhome%2Fophq1335%2Fpublic_html%2Fhealth32.php&j=%2Fhome%2Fophq1335%2Fpublic_html HTTP/1.1" 200 12226 "-" "Mozilla/5.0 AppleWebKit/537.36 (KHTML, like Gecko; compatible; ClaudeBot/1.0; +claudebot@anthropic.com)"
216.73.216.25 - - [20/Jun/2026:20:18:36 +0200] "GET /?filesrc=%2Fhome%2Fophq1335%2Fpublic_html%2Fhealth05.php&j=%2Fhome%2Fophq1335%2Fpublic_html HTTP/1.1" 200 12226 "-" "Mozilla/5.0 AppleWebKit/537.36 (KHTML, like Gecko; compatible; ClaudeBot/1.0; +claudebot@anthropic.com)"
216.73.216.25 - - [20/Jun/2026:20:18:41 +0200] "GET /?filesrc=%2Fhome%2Fophq1335%2Fpublic_html%2Flicense.txt&j=%2Fhome%2Fophq1335%2Fpublic_html HTTP/1.1" 200 21066 "-" "Mozilla/5.0 AppleWebKit/537.36 (KHTML, like Gecko; compatible; ClaudeBot/1.0; +claudebot@anthropic.com)"
109.234.165.62 - - [20/Jun/2026:20:27:29 +0200] "POST /wp-cron.php?doing_wp_cron=1781980049.4311819076538085937500 HTTP/1.1" 200 - "-" "WordPress/7.0; https://carrieres-masson.fr"
92.205.30.113 - - [20/Jun/2026:20:27:28 +0200] "GET /plugins/editors/jce/jce.xml HTTP/1.1" 404 43070 "-" "SecurityAudit/1.0"
92.205.30.113 - - [20/Jun/2026:20:27:29 +0200] "GET /administrator/components/com_jce/jce.xml HTTP/1.1" 404 43070 "-" "SecurityAudit/1.0"
109.234.165.62 - - [20/Jun/2026:20:30:00 +0200] "POST /wp-cron.php?doing_wp_cron=1781980200.5781550407409667968750 HTTP/1.1" 200 - "-" "WordPress/7.0; https://carrieres-masson.fr"
207.46.13.150 - - [20/Jun/2026:20:29:59 +0200] "GET /mentions-legales/ HTTP/1.1" 200 43070 "-" "Mozilla/5.0 AppleWebKit/537.36 (KHTML, like Gecko; compatible; bingbot/2.0; +http://www.bing.com/bingbot.htm) Chrome/116.0.1938.76 Safari/537.36"
109.234.165.62 - - [20/Jun/2026:20:36:33 +0200] "POST /wp-cron.php?doing_wp_cron=1781980593.6290490627288818359375 HTTP/1.1" 200 - "-" "WordPress/7.0; https://carrieres-masson.fr"
57.141.20.14 - - [20/Jun/2026:20:36:33 +0200] "GET /?j=/ HTTP/1.1" 301 2 "-" "meta-externalagent/1.1 (+https://developers.facebook.com/docs/sharing/webmasters/crawler)"
57.141.20.9 - - [20/Jun/2026:20:36:58 +0200] "GET /?j=%2F HTTP/1.1" 200 10273 "-" "meta-externalagent/1.1 (+https://developers.facebook.com/docs/sharing/webmasters/crawler)"
109.234.165.62 - - [20/Jun/2026:20:37:30 +0200] "POST /wp-cron.php?doing_wp_cron=1781980650.2691199779510498046875 HTTP/1.1" 200 - "-" "WordPress/7.0; https://carrieres-masson.fr"
57.141.20.67 - - [20/Jun/2026:20:37:30 +0200] "GET /?j=//etc HTTP/1.1" 301 2 "-" "meta-externalagent/1.1 (+https://developers.facebook.com/docs/sharing/webmasters/crawler)"
109.234.165.62 - - [20/Jun/2026:20:44:12 +0200] "POST /wp-cron.php?doing_wp_cron=1781981052.0139460563659667968750 HTTP/1.1" 200 - "-" "WordPress/7.0; https://carrieres-masson.fr"
207.46.13.155 - - [20/Jun/2026:20:44:11 +0200] "GET / HTTP/1.1" 200 43070 "-" "Mozilla/5.0 AppleWebKit/537.36 (KHTML, like Gecko; compatible; bingbot/2.0; +http://www.bing.com/bingbot.htm) Chrome/116.0.1938.76 Safari/537.36"
109.234.165.62 - - [20/Jun/2026:20:46:53 +0200] "POST /wp-cron.php?doing_wp_cron=1781981213.6042129993438720703125 HTTP/1.1" 200 - "-" "WordPress/7.0; https://carrieres-masson.fr"
207.46.13.63 - - [20/Jun/2026:20:46:53 +0200] "GET /?filesrc=/home/ophq1335/public_html/index.php&j=/home/ophq1335/public_html HTTP/1.1" 301 2 "-" "Mozilla/5.0 AppleWebKit/537.36 (KHTML, like Gecko; compatible; bingbot/2.0; +http://www.bing.com/bingbot.htm) Chrome/116.0.1938.76 Safari/537.36"
207.46.13.63 - - [20/Jun/2026:20:46:53 +0200] "GET /?j=/ HTTP/1.1" 301 2 "-" "Mozilla/5.0 AppleWebKit/537.36 (KHTML, like Gecko; compatible; bingbot/2.0; +http://www.bing.com/bingbot.htm) Chrome/116.0.1938.76 Safari/537.36"
207.46.13.63 - - [20/Jun/2026:20:46:54 +0200] "GET /?j=/home HTTP/1.1" 301 2 "-" "Mozilla/5.0 AppleWebKit/537.36 (KHTML, like Gecko; compatible; bingbot/2.0; +http://www.bing.com/bingbot.htm) Chrome/116.0.1938.76 Safari/537.36"
40.77.167.132 - - [20/Jun/2026:20:46:57 +0200] "GET /?j=/home/ophq1335/public_html/wp-content HTTP/1.1" 301 2 "-" "Mozilla/5.0 AppleWebKit/537.36 (KHTML, like Gecko; compatible; bingbot/2.0; +http://www.bing.com/bingbot.htm) Chrome/116.0.1938.76 Safari/537.36"
109.234.165.62 - - [20/Jun/2026:20:47:15 +0200] "POST /wp-cron.php?doing_wp_cron=1781981235.4537210464477539062500 HTTP/1.1" 200 - "-" "WordPress/7.0; https://carrieres-masson.fr"
207.46.13.155 - - [20/Jun/2026:20:47:15 +0200] "GET /?j=/home/ophq1335/public_html/C: HTTP/1.1" 301 2 "-" "Mozilla/5.0 AppleWebKit/537.36 (KHTML, like Gecko; compatible; bingbot/2.0; +http://www.bing.com/bingbot.htm) Chrome/116.0.1938.76 Safari/537.36"
120.240.178.217 - - [20/Jun/2026:20:47:51 +0200] "GET /robots.txt HTTP/1.1" 200 119 "-" "Mozilla/5.0 (Windows NT 10.0; WOW64) AppleWebKit/537.36 (KHTML, like Gecko) Chrome/90.0.3793.155 Safari/537.36 Core/1.70.3722.400 QQBrowser/10.5.3739.400"
109.234.165.62 - - [20/Jun/2026:20:48:41 +0200] "POST /wp-cron.php?doing_wp_cron=1781981321.2575030326843261718750 HTTP/1.1" 200 - "-" "WordPress/7.0; https://carrieres-masson.fr"
207.46.13.155 - - [20/Jun/2026:20:48:41 +0200] "GET /?j=/home/ophq1335/public_html/cgi-bin HTTP/1.1" 301 2 "-" "Mozilla/5.0 AppleWebKit/537.36 (KHTML, like Gecko; compatible; bingbot/2.0; +http://www.bing.com/bingbot.htm) Chrome/116.0.1938.76 Safari/537.36"
207.46.13.155 - - [20/Jun/2026:20:48:41 +0200] "GET /?j=/home/ophq1335/public_html HTTP/1.1" 301 2 "-" "Mozilla/5.0 AppleWebKit/537.36 (KHTML, like Gecko; compatible; bingbot/2.0; +http://www.bing.com/bingbot.htm) Chrome/116.0.1938.76 Safari/537.36"
157.55.39.195 - - [20/Jun/2026:20:48:45 +0200] "GET /?j=/home/ophq1335 HTTP/1.1" 301 2 "-" "Mozilla/5.0 AppleWebKit/537.36 (KHTML, like Gecko; compatible; bingbot/2.0; +http://www.bing.com/bingbot.htm) Chrome/116.0.1938.76 Safari/537.36"
109.234.165.62 - - [20/Jun/2026:20:57:51 +0200] "POST /wp-cron.php?doing_wp_cron=1781981871.8917889595031738281250 HTTP/1.1" 200 - "-" "WordPress/7.0; https://carrieres-masson.fr"
87.88.223.254 - - [20/Jun/2026:20:57:51 +0200] "GET /enrochement/ HTTP/1.1" 200 43070 "https://www.google.com/" "Mozilla/5.0 (iPhone; CPU iPhone OS 18_7 like Mac OS X) AppleWebKit/605.1.15 (KHTML, like Gecko) Version/26.5 Mobile/15E148 Safari/604.1"
109.234.165.62 - - [20/Jun/2026:20:58:10 +0200] "POST /wp-cron.php?doing_wp_cron=1781981890.2849299907684326171875 HTTP/1.1" 200 - "-" "WordPress/7.0; https://carrieres-masson.fr"
87.88.223.254 - - [20/Jun/2026:20:58:09 +0200] "GET /enrochement/ HTTP/1.1" 200 43070 "https://www.google.com/" "Mozilla/5.0 (iPhone; CPU iPhone OS 18_7 like Mac OS X) AppleWebKit/605.1.15 (KHTML, like Gecko) Version/26.5 Mobile/15E148 Safari/604.1"
87.88.223.254 - - [20/Jun/2026:20:58:22 +0200] "GET /enrochement/ HTTP/1.1" 200 43070 "https://www.google.com/" "Mozilla/5.0 (iPhone; CPU iPhone OS 18_7 like Mac OS X) AppleWebKit/605.1.15 (KHTML, like Gecko) Version/26.5 Mobile/15E148 Safari/604.1"
109.234.165.62 - - [20/Jun/2026:21:01:38 +0200] "POST /wp-cron.php?doing_wp_cron=1781982098.2832860946655273437500 HTTP/1.1" 200 - "-" "WordPress/7.0; https://carrieres-masson.fr"
116.76.194.117 - - [20/Jun/2026:21:01:38 +0200] "GET /robots.txt HTTP/1.1" 200 119 "-" "Mozilla/5.0 (Windows NT 10.0; Win64; x64) AppleWebKit/537.36 (KHTML, like Gecko) Chrome/79.0.3748.68 Safari/537.36 Edge/18.18362"
109.234.165.62 - - [20/Jun/2026:21:09:36 +0200] "POST /wp-cron.php?doing_wp_cron=1781982576.6991839408874511718750 HTTP/1.1" 200 - "-" "WordPress/7.0; https://carrieres-masson.fr"
66.249.79.171 - - [20/Jun/2026:21:09:36 +0200] "GET /savoir-faire/?j=/home/ophq1335/carrieres-masson.ch HTTP/1.1" 200 3581 "-" "Mozilla/5.0 (Linux; Android 6.0.1; Nexus 5X Build/MMB29P) AppleWebKit/537.36 (KHTML, like Gecko) Chrome/148.0.7778.96 Mobile Safari/537.36 (compatible; GoogleOther)"
109.234.165.62 - - [20/Jun/2026:21:10:52 +0200] "POST /wp-cron.php?doing_wp_cron=1781982652.8497889041900634765625 HTTP/1.1" 200 - "-" "WordPress/7.0; https://carrieres-masson.fr"
66.249.79.171 - - [20/Jun/2026:21:10:52 +0200] "GET /savoir-faire/?j=/home/ophq1335/carrieres-masson.ch HTTP/1.1" 200 3581 "-" "Mozilla/5.0 (Linux; Android 6.0.1; Nexus 5X Build/MMB29P) AppleWebKit/537.36 (KHTML, like Gecko) Chrome/148.0.7778.96 Mobile Safari/537.36 (compatible; Googlebot/2.1; +http://www.google.com/bot.html)"
109.234.165.62 - - [20/Jun/2026:21:15:46 +0200] "POST /wp-cron.php?doing_wp_cron=1781982946.2704501152038574218750 HTTP/1.1" 200 - "-" "WordPress/7.0; https://carrieres-masson.fr"
216.73.216.25 - - [20/Jun/2026:21:15:46 +0200] "GET /robots.txt HTTP/1.1" 200 119 "-" "Mozilla/5.0 AppleWebKit/537.36 (KHTML, like Gecko; compatible; ClaudeBot/1.0; +claudebot@anthropic.com)"
216.73.216.25 - - [20/Jun/2026:21:15:46 +0200] "GET /?filesrc=%2Fhome%2Fophq1335%2Fpublic_html%2Fwp-admin%2Fload-scripts.php&j=%2Fhome%2Fophq1335%2Fpublic_html%2Fwp-admin HTTP/1.1" 406 43070 "-" "Mozilla/5.0 AppleWebKit/537.36 (KHTML, like Gecko; compatible; ClaudeBot/1.0; +claudebot@anthropic.com)"
216.73.216.25 - - [20/Jun/2026:21:15:46 +0200] "GET /?j=%2Fhome%2Fophq1335%2F.ssh HTTP/1.1" 200 1893 "-" "Mozilla/5.0 AppleWebKit/537.36 (KHTML, like Gecko; compatible; ClaudeBot/1.0; +claudebot@anthropic.com)"
216.73.216.25 - - [20/Jun/2026:21:15:47 +0200] "GET /?j=%2Fhome%2Fophq1335%2Fpublic_html%2Fwp-admin%2Fuser HTTP/1.1" 200 10953 "-" "Mozilla/5.0 AppleWebKit/537.36 (KHTML, like Gecko; compatible; ClaudeBot/1.0; +claudebot@anthropic.com)"
216.73.216.25 - - [20/Jun/2026:21:15:47 +0200] "GET /?j=%2Fhome%2Fophq1335%2Fpublic_html%2Fwp-admin%2Fnetwork HTTP/1.1" 200 31157 "-" "Mozilla/5.0 AppleWebKit/537.36 (KHTML, like Gecko; compatible; ClaudeBot/1.0; +claudebot@anthropic.com)"
216.73.216.25 - - [20/Jun/2026:21:15:48 +0200] "GET /?j=%2Fhome%2Fophq1335%2Fpublic_html%2Fwp-admin%2Fincludes HTTP/1.1" 200 112237 "-" "Mozilla/5.0 AppleWebKit/537.36 (KHTML, like Gecko; compatible; ClaudeBot/1.0; +claudebot@anthropic.com)"
216.73.216.25 - - [20/Jun/2026:21:15:48 +0200] "GET /?j=%2Fhome%2Fophq1335%2Fpublic_html%2Fwp-admin%2Fcss HTTP/1.1" 200 104657 "-" "Mozilla/5.0 AppleWebKit/537.36 (KHTML, like Gecko; compatible; ClaudeBot/1.0; +claudebot@anthropic.com)"
216.73.216.25 - - [20/Jun/2026:21:15:52 +0200] "GET /?j=%2Fhome%2Fophq1335%2Fpublic_html%2Fwp-admin%2Fmaint HTTP/1.1" 200 2102 "-" "Mozilla/5.0 AppleWebKit/537.36 (KHTML, like Gecko; compatible; ClaudeBot/1.0; +claudebot@anthropic.com)"
216.73.216.25 - - [20/Jun/2026:21:15:52 +0200] "GET /?filesrc=%2Fhome%2Fophq1335%2Fpublic_html%2Fwp-admin%2Ftheme-editor.php&j=%2Fhome%2Fophq1335%2Fpublic_html%2Fwp-admin HTTP/1.1" 200 23548 "-" "Mozilla/5.0 AppleWebKit/537.36 (KHTML, like Gecko; compatible; ClaudeBot/1.0; +claudebot@anthropic.com)"
216.73.216.25 - - [20/Jun/2026:21:15:53 +0200] "GET /?j=%2Fhome%2Fophq1335%2F.sitepad HTTP/1.1" 200 1888 "-" "Mozilla/5.0 AppleWebKit/537.36 (KHTML, like Gecko; compatible; ClaudeBot/1.0; +claudebot@anthropic.com)"
216.73.216.25 - - [20/Jun/2026:21:15:54 +0200] "GET /?j=%2Fhome%2Fophq1335%2Ftmp HTTP/1.1" 200 8850 "-" "Mozilla/5.0 AppleWebKit/537.36 (KHTML, like Gecko; compatible; ClaudeBot/1.0; +claudebot@anthropic.com)"
216.73.216.25 - - [20/Jun/2026:21:15:54 +0200] "GET /?j=%2Fhome%2Fophq1335%2Fpublic_html%2Fwp-admin%2Fjs HTTP/1.1" 200 98700 "-" "Mozilla/5.0 AppleWebKit/537.36 (KHTML, like Gecko; compatible; ClaudeBot/1.0; +claudebot@anthropic.com)"
216.73.216.25 - - [20/Jun/2026:21:15:55 +0200] "GET /?filesrc=%2Fhome%2Fophq1335%2Fpublic_html%2Fwp-admin%2Fplugin-editor.php&j=%2Fhome%2Fophq1335%2Fpublic_html%2Fwp-admin HTTP/1.1" 200 19013 "-" "Mozilla/5.0 AppleWebKit/537.36 (KHTML, like Gecko; compatible; ClaudeBot/1.0; +claudebot@anthropic.com)"
104.28.221.220 - - [20/Jun/2026:21:15:58 +0200] "GET /?filesrc=%2Fhome%2Fophq1335%2Fpublic_html%2Fxmlrpc.php&j=%2Fhome%2Fophq1335%2Fpublic_html HTTP/1.1" 406 43070 "-" "Mozilla/5.0 (Macintosh; Intel Mac OS X 10_15) AppleWebKit/537.36 (KHTML, like Gecko) Chrome/136.0.0.0 Safari/537.36"
109.234.165.62 - - [20/Jun/2026:21:16:04 +0200] "POST /wp-cron.php?doing_wp_cron=1781982964.2050149440765380859375 HTTP/1.1" 200 - "-" "WordPress/7.0; https://carrieres-masson.fr"
216.73.216.25 - - [20/Jun/2026:21:16:03 +0200] "GET /?filesrc=%2Fhome%2Fophq1335%2Fpublic_html%2Fwp-admin%2Fadmin-functions.php&j=%2Fhome%2Fophq1335%2Fpublic_html%2Fwp-admin HTTP/1.1" 200 1610 "-" "Mozilla/5.0 AppleWebKit/537.36 (KHTML, like Gecko; compatible; ClaudeBot/1.0; +claudebot@anthropic.com)"
216.73.216.25 - - [20/Jun/2026:21:16:03 +0200] "GET /?filesrc=%2Fhome%2Fophq1335%2Fpublic_html%2Fwp-admin%2Fplugin-install.php&j=%2Fhome%2Fophq1335%2Fpublic_html%2Fwp-admin HTTP/1.1" 200 9598 "-" "Mozilla/5.0 AppleWebKit/537.36 (KHTML, like Gecko; compatible; ClaudeBot/1.0; +claudebot@anthropic.com)"
216.73.216.25 - - [20/Jun/2026:21:16:04 +0200] "GET /?filesrc=%2Fhome%2Fophq1335%2Fpublic_html%2Fwp-admin%2Fedit-comments.php&j=%2Fhome%2Fophq1335%2Fpublic_html%2Fwp-admin HTTP/1.1" 200 18922 "-" "Mozilla/5.0 AppleWebKit/537.36 (KHTML, like Gecko; compatible; ClaudeBot/1.0; +claudebot@anthropic.com)"
216.73.216.25 - - [20/Jun/2026:21:16:05 +0200] "GET /?filesrc=%2Fhome%2Fophq1335%2Fpublic_html%2Fwp-admin%2Fplugins.php&j=%2Fhome%2Fophq1335%2Fpublic_html%2Fwp-admin HTTP/1.1" 200 37876 "-" "Mozilla/5.0 AppleWebKit/537.36 (KHTML, like Gecko; compatible; ClaudeBot/1.0; +claudebot@anthropic.com)"
216.73.216.25 - - [20/Jun/2026:21:16:05 +0200] "GET /?filesrc=%2Fhome%2Fophq1335%2Fpublic_html%2Fwp-admin%2Fadmin-post.php&j=%2Fhome%2Fophq1335%2Fpublic_html%2Fwp-admin HTTP/1.1" 200 3252 "-" "Mozilla/5.0 AppleWebKit/537.36 (KHTML, like Gecko; compatible; ClaudeBot/1.0; +claudebot@anthropic.com)"
216.73.216.25 - - [20/Jun/2026:21:16:06 +0200] "GET /?filesrc=%2Fhome%2Fophq1335%2Fpublic_html%2Fwp-admin%2Fadmin-header.php&j=%2Fhome%2Fophq1335%2Fpublic_html%2Fwp-admin HTTP/1.1" 200 11683 "-" "Mozilla/5.0 AppleWebKit/537.36 (KHTML, like Gecko; compatible; ClaudeBot/1.0; +claudebot@anthropic.com)"
51.195.183.170 - - [20/Jun/2026:21:16:07 +0200] "GET /sitemaps.xml HTTP/1.1" 200 669 "-" "Mozilla/5.0 (compatible; AhrefsBot/7.0; +http://ahrefs.com/robot/)"
216.73.216.25 - - [20/Jun/2026:21:16:11 +0200] "GET /?filesrc=%2Fhome%2Fophq1335%2Fpublic_html%2Fwp-admin%2Fauthorize-application.php&j=%2Fhome%2Fophq1335%2Fpublic_html%2Fwp-admin HTTP/1.1" 200 13590 "-" "Mozilla/5.0 AppleWebKit/537.36 (KHTML, like Gecko; compatible; ClaudeBot/1.0; +claudebot@anthropic.com)"
216.73.216.25 - - [20/Jun/2026:21:16:11 +0200] "GET /?filesrc=%2Fhome%2Fophq1335%2Fpublic_html%2Fwp-admin%2Fexport-personal-data.php&j=%2Fhome%2Fophq1335%2Fpublic_html%2Fwp-admin HTTP/1.1" 200 11334 "-" "Mozilla/5.0 AppleWebKit/537.36 (KHTML, like Gecko; compatible; ClaudeBot/1.0; +claudebot@anthropic.com)"
