51.83.9.92 - - [20/Jun/2026:01:43:28 +0200] "GET /enrochement/?j=/home/ophq1335/www/wp-content/plugins HTTP/1.1" 200 41152 "-" "Mozilla/5.0 (compatible; MJ12bot/v1.4.8; http://mj12bot.com/)"
51.83.9.92 - - [20/Jun/2026:01:43:30 +0200] "GET /enrochement/?j=/home/ophq1335/www/wp-content/settings HTTP/1.1" 200 1932 "-" "Mozilla/5.0 (compatible; MJ12bot/v1.4.8; http://mj12bot.com/)"
51.83.9.92 - - [20/Jun/2026:01:43:32 +0200] "GET /enrochement/?j=/home/ophq1335/www/wp-content/themes HTTP/1.1" 200 6139 "-" "Mozilla/5.0 (compatible; MJ12bot/v1.4.8; http://mj12bot.com/)"
51.83.9.92 - - [20/Jun/2026:01:43:34 +0200] "GET /enrochement/?j=/home/ophq1335/www/wp-content/updraft HTTP/1.1" 200 44346 "-" "Mozilla/5.0 (compatible; MJ12bot/v1.4.8; http://mj12bot.com/)"
51.83.9.92 - - [20/Jun/2026:01:43:36 +0200] "GET /enrochement/?j=/home/ophq1335/www/wp-content/upgrade HTTP/1.1" 200 1095 "-" "Mozilla/5.0 (compatible; MJ12bot/v1.4.8; http://mj12bot.com/)"
51.83.9.92 - - [20/Jun/2026:01:43:38 +0200] "GET /enrochement/?j=/home/ophq1335/www/wp-content/upgrade-temp-backup HTTP/1.1" 200 1119 "-" "Mozilla/5.0 (compatible; MJ12bot/v1.4.8; http://mj12bot.com/)"
51.83.9.92 - - [20/Jun/2026:01:43:41 +0200] "GET /enrochement/?j=/home/ophq1335/www/wp-content/uploads HTTP/1.1" 200 25666 "-" "Mozilla/5.0 (compatible; MJ12bot/v1.4.8; http://mj12bot.com/)"
51.83.9.92 - - [20/Jun/2026:01:43:43 +0200] "GET /enrochement/?j=/home/ophq1335/www/wp-includes/ID3 HTTP/1.1" 200 19103 "-" "Mozilla/5.0 (compatible; MJ12bot/v1.4.8; http://mj12bot.com/)"
51.83.9.92 - - [20/Jun/2026:01:43:45 +0200] "GET /enrochement/?j=/home/ophq1335/www/wp-includes/IXR HTTP/1.1" 200 12092 "-" "Mozilla/5.0 (compatible; MJ12bot/v1.4.8; http://mj12bot.com/)"
51.83.9.92 - - [20/Jun/2026:01:43:47 +0200] "GET /enrochement/?j=/home/ophq1335/www/wp-includes/PHPMailer HTTP/1.1" 200 9038 "-" "Mozilla/5.0 (compatible; MJ12bot/v1.4.8; http://mj12bot.com/)"
51.83.9.92 - - [20/Jun/2026:01:43:49 +0200] "GET /enrochement/?j=/home/ophq1335/www/wp-includes/Requests HTTP/1.1" 200 2728 "-" "Mozilla/5.0 (compatible; MJ12bot/v1.4.8; http://mj12bot.com/)"
51.83.9.92 - - [20/Jun/2026:01:43:51 +0200] "GET /enrochement/?j=/home/ophq1335/www/wp-includes/SimplePie HTTP/1.1" 200 3733 "-" "Mozilla/5.0 (compatible; MJ12bot/v1.4.8; http://mj12bot.com/)"
51.83.9.92 - - [20/Jun/2026:01:43:53 +0200] "GET /enrochement/?j=/home/ophq1335/www/wp-includes/Text HTTP/1.1" 200 3818 "-" "Mozilla/5.0 (compatible; MJ12bot/v1.4.8; http://mj12bot.com/)"
51.83.9.92 - - [20/Jun/2026:01:43:55 +0200] "GET /enrochement/?j=/home/ophq1335/www/wp-includes/abilities-api HTTP/1.1" 200 5419 "-" "Mozilla/5.0 (compatible; MJ12bot/v1.4.8; http://mj12bot.com/)"
51.83.9.92 - - [20/Jun/2026:01:43:57 +0200] "GET /enrochement/?j=/home/ophq1335/www/wp-includes/ai-client HTTP/1.1" 200 4151 "-" "Mozilla/5.0 (compatible; MJ12bot/v1.4.8; http://mj12bot.com/)"
51.83.9.92 - - [20/Jun/2026:01:44:00 +0200] "GET /enrochement/?j=/home/ophq1335/www/wp-includes/assets HTTP/1.1" 200 4196 "-" "Mozilla/5.0 (compatible; MJ12bot/v1.4.8; http://mj12bot.com/)"
109.234.165.62 - - [20/Jun/2026:01:44:02 +0200] "POST /wp-cron.php?doing_wp_cron=1781912642.8386509418487548828125 HTTP/1.1" 200 - "-" "WordPress/7.0; https://carrieres-masson.fr"
51.83.9.92 - - [20/Jun/2026:01:44:02 +0200] "GET /enrochement/?j=/home/ophq1335/www/wp-includes/block-bindings HTTP/1.1" 200 6194 "-" "Mozilla/5.0 (compatible; MJ12bot/v1.4.8; http://mj12bot.com/)"
51.83.9.92 - - [20/Jun/2026:01:44:04 +0200] "GET /enrochement/?j=/home/ophq1335/www/wp-includes/block-patterns HTTP/1.1" 200 14981 "-" "Mozilla/5.0 (compatible; MJ12bot/v1.4.8; http://mj12bot.com/)"
51.83.9.92 - - [20/Jun/2026:01:44:06 +0200] "GET /enrochement/?j=/home/ophq1335/www/wp-includes/block-supports HTTP/1.1" 200 24463 "-" "Mozilla/5.0 (compatible; MJ12bot/v1.4.8; http://mj12bot.com/)"
51.83.9.92 - - [20/Jun/2026:01:44:08 +0200] "GET /enrochement/?j=/home/ophq1335/www/wp-includes/blocks HTTP/1.1" 200 178756 "-" "Mozilla/5.0 (compatible; MJ12bot/v1.4.8; http://mj12bot.com/)"
51.83.9.92 - - [20/Jun/2026:01:44:10 +0200] "GET /enrochement/?j=/home/ophq1335/www/wp-includes/build HTTP/1.1" 200 5609 "-" "Mozilla/5.0 (compatible; MJ12bot/v1.4.8; http://mj12bot.com/)"
51.83.9.92 - - [20/Jun/2026:01:44:12 +0200] "GET /enrochement/?j=/home/ophq1335/www/wp-includes/certificates HTTP/1.1" 200 2115 "-" "Mozilla/5.0 (compatible; MJ12bot/v1.4.8; http://mj12bot.com/)"
51.83.9.92 - - [20/Jun/2026:01:44:14 +0200] "GET /enrochement/?j=/home/ophq1335/www/wp-includes/collaboration HTTP/1.1" 200 4385 "-" "Mozilla/5.0 (compatible; MJ12bot/v1.4.8; http://mj12bot.com/)"
51.83.9.92 - - [20/Jun/2026:01:44:16 +0200] "GET /enrochement/?j=/home/ophq1335/www/wp-includes/css HTTP/1.1" 200 47991 "-" "Mozilla/5.0 (compatible; MJ12bot/v1.4.8; http://mj12bot.com/)"
51.83.9.92 - - [20/Jun/2026:01:44:19 +0200] "GET /enrochement/?j=/home/ophq1335/www/wp-includes/customize HTTP/1.1" 200 41838 "-" "Mozilla/5.0 (compatible; MJ12bot/v1.4.8; http://mj12bot.com/)"
51.83.9.92 - - [20/Jun/2026:01:44:21 +0200] "GET /enrochement/?j=/home/ophq1335/www/wp-includes/fonts HTTP/1.1" 200 11134 "-" "Mozilla/5.0 (compatible; MJ12bot/v1.4.8; http://mj12bot.com/)"
51.83.9.92 - - [20/Jun/2026:01:44:23 +0200] "GET /enrochement/?j=/home/ophq1335/www/wp-includes/html-api HTTP/1.1" 200 16945 "-" "Mozilla/5.0 (compatible; MJ12bot/v1.4.8; http://mj12bot.com/)"
51.83.9.92 - - [20/Jun/2026:01:44:25 +0200] "GET /enrochement/?j=/home/ophq1335/www/wp-includes/images HTTP/1.1" 200 29163 "-" "Mozilla/5.0 (compatible; MJ12bot/v1.4.8; http://mj12bot.com/)"
51.83.9.92 - - [20/Jun/2026:01:44:27 +0200] "GET /enrochement/?j=/home/ophq1335/www/wp-includes/interactivity-api HTTP/1.1" 200 5455 "-" "Mozilla/5.0 (compatible; MJ12bot/v1.4.8; http://mj12bot.com/)"
51.83.9.92 - - [20/Jun/2026:01:44:29 +0200] "GET /enrochement/?j=/home/ophq1335/www/wp-includes/js HTTP/1.1" 200 108981 "-" "Mozilla/5.0 (compatible; MJ12bot/v1.4.8; http://mj12bot.com/)"
51.83.9.92 - - [20/Jun/2026:01:44:31 +0200] "GET /enrochement/?j=/home/ophq1335/www/wp-includes/l10n HTTP/1.1" 200 7271 "-" "Mozilla/5.0 (compatible; MJ12bot/v1.4.8; http://mj12bot.com/)"
51.83.9.92 - - [20/Jun/2026:01:44:33 +0200] "GET /enrochement/?j=/home/ophq1335/www/wp-includes/php-ai-client HTTP/1.1" 200 3785 "-" "Mozilla/5.0 (compatible; MJ12bot/v1.4.8; http://mj12bot.com/)"
51.83.9.92 - - [20/Jun/2026:01:44:35 +0200] "GET /enrochement/?j=/home/ophq1335/www/wp-includes/php-compat HTTP/1.1" 200 2097 "-" "Mozilla/5.0 (compatible; MJ12bot/v1.4.8; http://mj12bot.com/)"
51.83.9.92 - - [20/Jun/2026:01:44:37 +0200] "GET /enrochement/?j=/home/ophq1335/www/wp-includes/pomo HTTP/1.1" 200 6876 "-" "Mozilla/5.0 (compatible; MJ12bot/v1.4.8; http://mj12bot.com/)"
51.83.9.92 - - [20/Jun/2026:01:44:39 +0200] "GET /enrochement/?j=/home/ophq1335/www/wp-includes/rest-api HTTP/1.1" 200 7646 "-" "Mozilla/5.0 (compatible; MJ12bot/v1.4.8; http://mj12bot.com/)"
51.83.9.92 - - [20/Jun/2026:01:44:41 +0200] "GET /enrochement/?j=/home/ophq1335/www/wp-includes/sitemaps HTTP/1.1" 200 8226 "-" "Mozilla/5.0 (compatible; MJ12bot/v1.4.8; http://mj12bot.com/)"
51.83.9.92 - - [20/Jun/2026:01:44:43 +0200] "GET /enrochement/?j=/home/ophq1335/www/wp-includes/sodium_compat HTTP/1.1" 200 7622 "-" "Mozilla/5.0 (compatible; MJ12bot/v1.4.8; http://mj12bot.com/)"
51.83.9.92 - - [20/Jun/2026:01:44:46 +0200] "GET /enrochement/?j=/home/ophq1335/www/wp-includes/style-engine HTTP/1.1" 200 6580 "-" "Mozilla/5.0 (compatible; MJ12bot/v1.4.8; http://mj12bot.com/)"
51.83.9.92 - - [20/Jun/2026:01:44:48 +0200] "GET /enrochement/?j=/home/ophq1335/www/wp-includes/theme-compat HTTP/1.1" 200 11128 "-" "Mozilla/5.0 (compatible; MJ12bot/v1.4.8; http://mj12bot.com/)"
109.234.165.62 - - [20/Jun/2026:01:50:21 +0200] "POST /wp-cron.php?doing_wp_cron=1781913020.9970719814300537109375 HTTP/1.1" 200 - "-" "WordPress/7.0; https://carrieres-masson.fr"
54.37.118.81 - - [20/Jun/2026:01:50:20 +0200] "GET /sitemaps.xml HTTP/1.1" 200 669 "-" "Mozilla/5.0 (compatible; AhrefsBot/7.0; +http://ahrefs.com/robot/)"
5.255.231.81 - - [20/Jun/2026:01:53:34 +0200] "GET /wp-content/uploads/2022/10/cropped-dallage-de-bourgogne-carrieres_masson_enrochement_pave_bordure_dallage_71-1-1-192x192.jpg HTTP/1.1" 200 54340 "-" "Mozilla/5.0 (compatible; YandexFavicons/1.0; +http://yandex.com/bots)"
109.234.165.62 - - [20/Jun/2026:02:03:03 +0200] "POST /wp-cron.php?doing_wp_cron=1781913783.9202160835266113281250 HTTP/1.1" 200 - "-" "WordPress/7.0; https://carrieres-masson.fr"
45.183.167.138 - - [20/Jun/2026:02:03:03 +0200] "GET /dallage/ HTTP/1.1" 200 40275 "-" "Mozilla/5.0 (Linux; Android 5.0; SM-G900P Build/LRX21T) AppleWebKit/537.36 (KHTML, like Gecko) Chrome/55.0.6876.1735 Mobile Safari/537.36"
109.234.165.62 - - [20/Jun/2026:02:03:24 +0200] "POST /wp-cron.php?doing_wp_cron=1781913804.5516810417175292968750 HTTP/1.1" 200 - "-" "WordPress/7.0; https://carrieres-masson.fr"
51.68.111.212 - - [20/Jun/2026:02:03:24 +0200] "GET /robots.txt HTTP/1.1" 200 119 "-" "Mozilla/5.0 (compatible; MJ12bot/v2.0.5; http://mj12bot.com/)"
51.68.111.212 - - [20/Jun/2026:02:03:24 +0200] "GET / HTTP/1.1" 200 40275 "-" "Mozilla/5.0 (compatible; MJ12bot/v2.0.5; http://mj12bot.com/)"
51.68.111.212 - - [20/Jun/2026:02:03:25 +0200] "GET /robots.txt HTTP/1.1" 301 2 "-" "Mozilla/5.0 (compatible; MJ12bot/v2.0.5; http://mj12bot.com/)"
51.68.111.212 - - [20/Jun/2026:02:03:25 +0200] "GET / HTTP/1.1" 301 2 "-" "Mozilla/5.0 (compatible; MJ12bot/v2.0.5; http://mj12bot.com/)"
207.46.13.31 - - [20/Jun/2026:02:10:03 +0200] "GET /wp-content/uploads/2022/12/pierre_saint_martin_belle_roche_bourgogne-qualite_finition_scie_veilli_rose_carrieres_masson_71-5.jpg HTTP/1.1" 200 291869 "-" "Mozilla/5.0 AppleWebKit/537.36 (KHTML, like Gecko; compatible; bingbot/2.0; +http://www.bing.com/bingbot.htm) Chrome/116.0.1938.76 Safari/537.36"
88.167.123.203 - - [20/Jun/2026:02:11:25 +0200] "GET /wp-login.php HTTP/1.1" 200 14170 "-" "Mozilla/5.0 (iPhone; CPU iPhone OS 17_0) AppleWebKit/605.1.15 Mobile/15E148"
88.167.123.203 - - [20/Jun/2026:02:11:27 +0200] "GET /wp-login.php HTTP/1.1" 200 14170 "-" "Mozilla/5.0 (iPhone; CPU iPhone OS 17_0) AppleWebKit/605.1.15 Mobile/15E148"
149.40.65.40 - - [20/Jun/2026:02:24:12 +0200] "GET /wp-content/uploads/2022/10/dallage-de-bourgogne-carrieres_masson_enrochement_pave_bordure_dallage_71_savoir_faire_pierre_de_bourgogne-5.jpg HTTP/1.1" 200 487014 "-" "Mozilla/5.0 (compatible; crawler)"
68.235.46.194 - - [20/Jun/2026:02:35:18 +0200] "GET /setup70.php HTTP/1.1" 200 39778 "-" "Mozilla/5.0 (Windows NT 10.0; Win64; x64) AppleWebKit/537.36 (KHTML, like Gecko) Chrome/149.0.0.0 Safari/537.36"
109.234.165.62 - - [20/Jun/2026:02:35:19 +0200] "POST /wp-cron.php?doing_wp_cron=1781915719.8329970836639404296875 HTTP/1.1" 200 - "-" "WordPress/7.0; https://carrieres-masson.fr"
68.235.46.194 - - [20/Jun/2026:02:35:19 +0200] "GET /favicon.ico HTTP/1.1" 302 2 "https://carrieres-masson.fr/setup70.php" "Mozilla/5.0 (Windows NT 10.0; Win64; x64) AppleWebKit/537.36 (KHTML, like Gecko) Chrome/149.0.0.0 Safari/537.36"
68.235.46.194 - - [20/Jun/2026:02:35:20 +0200] "GET /wp-content/uploads/2022/10/cropped-dallage-de-bourgogne-carrieres_masson_enrochement_pave_bordure_dallage_71-1-1-32x32.jpg HTTP/1.1" 200 42318 "https://carrieres-masson.fr/setup70.php" "Mozilla/5.0 (Windows NT 10.0; Win64; x64) AppleWebKit/537.36 (KHTML, like Gecko) Chrome/149.0.0.0 Safari/537.36"
109.234.165.62 - - [20/Jun/2026:02:46:34 +0200] "POST /wp-cron.php?doing_wp_cron=1781916394.2662389278411865234375 HTTP/1.1" 200 - "-" "WordPress/7.0; https://carrieres-masson.fr"
147.135.212.239 - - [20/Jun/2026:02:46:34 +0200] "GET /robots.txt HTTP/1.1" 200 119 "-" "Mozilla/5.0 (compatible; MJ12bot/v1.4.8; http://mj12bot.com/)"
147.135.212.239 - - [20/Jun/2026:02:46:37 +0200] "GET /enrochement/?filesrc=/home/ophq1335/www/wp-includes/bookmark-template.php&j=/home/ophq1335/www/wp-includes HTTP/1.1" 200 16164 "-" "Mozilla/5.0 (compatible; MJ12bot/v1.4.8; http://mj12bot.com/)"
147.135.212.239 - - [20/Jun/2026:02:46:41 +0200] "GET /enrochement/?filesrc=/home/ophq1335/www/wp-includes/bookmark.php&j=/home/ophq1335/www/wp-includes HTTP/1.1" 200 18873 "-" "Mozilla/5.0 (compatible; MJ12bot/v1.4.8; http://mj12bot.com/)"
147.135.212.239 - - [20/Jun/2026:02:46:44 +0200] "GET /enrochement/?filesrc=/home/ophq1335/www/wp-includes/cache-compat.php&j=/home/ophq1335/www/wp-includes HTTP/1.1" 200 12564 "-" "Mozilla/5.0 (compatible; MJ12bot/v1.4.8; http://mj12bot.com/)"
147.135.212.239 - - [20/Jun/2026:02:46:47 +0200] "GET /enrochement/?filesrc=/home/ophq1335/www/wp-includes/cache.php&j=/home/ophq1335/www/wp-includes HTTP/1.1" 200 14896 "-" "Mozilla/5.0 (compatible; MJ12bot/v1.4.8; http://mj12bot.com/)"
147.135.212.239 - - [20/Jun/2026:02:46:49 +0200] "GET /enrochement/?filesrc=/home/ophq1335/www/wp-includes/canonical.php&j=/home/ophq1335/www/wp-includes HTTP/1.1" 200 42149 "-" "Mozilla/5.0 (compatible; MJ12bot/v1.4.8; http://mj12bot.com/)"
147.135.212.239 - - [20/Jun/2026:02:46:51 +0200] "GET /enrochement/?filesrc=/home/ophq1335/www/wp-includes/capabilities.php&j=/home/ophq1335/www/wp-includes HTTP/1.1" 200 49346 "-" "Mozilla/5.0 (compatible; MJ12bot/v1.4.8; http://mj12bot.com/)"
147.135.212.239 - - [20/Jun/2026:02:46:54 +0200] "GET /enrochement/?filesrc=/home/ophq1335/www/wp-includes/category-template.php&j=/home/ophq1335/www/wp-includes HTTP/1.1" 200 64794 "-" "Mozilla/5.0 (compatible; MJ12bot/v1.4.8; http://mj12bot.com/)"
147.135.212.239 - - [20/Jun/2026:02:46:56 +0200] "GET /enrochement/?filesrc=/home/ophq1335/www/wp-includes/category.php&j=/home/ophq1335/www/wp-includes HTTP/1.1" 200 14889 "-" "Mozilla/5.0 (compatible; MJ12bot/v1.4.8; http://mj12bot.com/)"
147.135.212.239 - - [20/Jun/2026:02:46:59 +0200] "GET /enrochement/?filesrc=/home/ophq1335/www/wp-includes/class-IXR.php&j=/home/ophq1335/www/wp-includes HTTP/1.1" 200 3788 "-" "Mozilla/5.0 (compatible; MJ12bot/v1.4.8; http://mj12bot.com/)"
147.135.212.239 - - [20/Jun/2026:02:47:01 +0200] "GET /enrochement/?filesrc=/home/ophq1335/www/wp-includes/class-avif-info.php&j=/home/ophq1335/www/wp-includes HTTP/1.1" 200 33081 "-" "Mozilla/5.0 (compatible; MJ12bot/v1.4.8; http://mj12bot.com/)"
109.234.165.62 - - [20/Jun/2026:02:47:04 +0200] "POST /wp-cron.php?doing_wp_cron=1781916424.5516970157623291015625 HTTP/1.1" 200 - "-" "WordPress/7.0; https://carrieres-masson.fr"
147.135.212.239 - - [20/Jun/2026:02:47:03 +0200] "GET /enrochement/?filesrc=/home/ophq1335/www/wp-includes/class-feed.php&j=/home/ophq1335/www/wp-includes HTTP/1.1" 200 1657 "-" "Mozilla/5.0 (compatible; MJ12bot/v1.4.8; http://mj12bot.com/)"
147.135.212.239 - - [20/Jun/2026:02:47:05 +0200] "GET /enrochement/?filesrc=/home/ophq1335/www/wp-includes/class-smtp.php&j=/home/ophq1335/www/wp-includes HTTP/1.1" 200 1545 "-" "Mozilla/5.0 (compatible; MJ12bot/v1.4.8; http://mj12bot.com/)"
147.135.212.239 - - [20/Jun/2026:02:47:08 +0200] "GET /enrochement/?filesrc=/home/ophq1335/www/wp-includes/class-walker-category-dropdown.php&j=/home/ophq1335/www/wp-includes HTTP/1.1" 200 3844 "-" "Mozilla/5.0 (compatible; MJ12bot/v1.4.8; http://mj12bot.com/)"
147.135.212.239 - - [20/Jun/2026:02:47:10 +0200] "GET /enrochement/?filesrc=/home/ophq1335/www/wp-includes/class-walker-category.php&j=/home/ophq1335/www/wp-includes HTTP/1.1" 200 10709 "-" "Mozilla/5.0 (compatible; MJ12bot/v1.4.8; http://mj12bot.com/)"
147.135.212.239 - - [20/Jun/2026:02:47:12 +0200] "GET /enrochement/?filesrc=/home/ophq1335/www/wp-includes/class-walker-comment.php&j=/home/ophq1335/www/wp-includes HTTP/1.1" 200 17664 "-" "Mozilla/5.0 (compatible; MJ12bot/v1.4.8; http://mj12bot.com/)"
147.135.212.239 - - [20/Jun/2026:02:47:14 +0200] "GET /enrochement/?filesrc=/home/ophq1335/www/wp-includes/class-walker-nav-menu.php&j=/home/ophq1335/www/wp-includes HTTP/1.1" 200 14297 "-" "Mozilla/5.0 (compatible; MJ12bot/v1.4.8; http://mj12bot.com/)"
147.135.212.239 - - [20/Jun/2026:02:47:16 +0200] "GET /enrochement/?filesrc=/home/ophq1335/www/wp-includes/class-walker-page-dropdown.php&j=/home/ophq1335/www/wp-includes HTTP/1.1" 200 4065 "-" "Mozilla/5.0 (compatible; MJ12bot/v1.4.8; http://mj12bot.com/)"
147.135.212.239 - - [20/Jun/2026:02:47:18 +0200] "GET /enrochement/?filesrc=/home/ophq1335/www/wp-includes/class-walker-page.php&j=/home/ophq1335/www/wp-includes HTTP/1.1" 200 9709 "-" "Mozilla/5.0 (compatible; MJ12bot/v1.4.8; http://mj12bot.com/)"
147.135.212.239 - - [20/Jun/2026:02:47:21 +0200] "GET /enrochement/?filesrc=/home/ophq1335/www/wp-includes/class-wp-admin-bar.php&j=/home/ophq1335/www/wp-includes HTTP/1.1" 200 22417 "-" "Mozilla/5.0 (compatible; MJ12bot/v1.4.8; http://mj12bot.com/)"
147.135.212.239 - - [20/Jun/2026:02:47:23 +0200] "GET /enrochement/?filesrc=/home/ophq1335/www/wp-includes/class-wp-ajax-response.php&j=/home/ophq1335/www/wp-includes HTTP/1.1" 200 7231 "-" "Mozilla/5.0 (compatible; MJ12bot/v1.4.8; http://mj12bot.com/)"
147.135.212.239 - - [20/Jun/2026:02:47:25 +0200] "GET /enrochement/?filesrc=/home/ophq1335/www/wp-includes/class-wp-application-passwords.php&j=/home/ophq1335/www/wp-includes HTTP/1.1" 200 18881 "-" "Mozilla/5.0 (compatible; MJ12bot/v1.4.8; http://mj12bot.com/)"
147.135.212.239 - - [20/Jun/2026:02:47:27 +0200] "GET /enrochement/?filesrc=/home/ophq1335/www/wp-includes/class-wp-block-bindings-registry.php&j=/home/ophq1335/www/wp-includes HTTP/1.1" 200 9760 "-" "Mozilla/5.0 (compatible; MJ12bot/v1.4.8; http://mj12bot.com/)"
147.135.212.239 - - [20/Jun/2026:02:47:29 +0200] "GET /enrochement/?filesrc=/home/ophq1335/www/wp-includes/class-wp-block-bindings-source.php&j=/home/ophq1335/www/wp-includes HTTP/1.1" 200 4125 "-" "Mozilla/5.0 (compatible; MJ12bot/v1.4.8; http://mj12bot.com/)"
147.135.212.239 - - [20/Jun/2026:02:47:31 +0200] "GET /enrochement/?filesrc=/home/ophq1335/www/wp-includes/class-wp-block-editor-context.php&j=/home/ophq1335/www/wp-includes HTTP/1.1" 200 2513 "-" "Mozilla/5.0 (compatible; MJ12bot/v1.4.8; http://mj12bot.com/)"
147.135.212.239 - - [20/Jun/2026:02:47:34 +0200] "GET /enrochement/?filesrc=/home/ophq1335/www/wp-includes/class-wp-block-list.php&j=/home/ophq1335/www/wp-includes HTTP/1.1" 200 5822 "-" "Mozilla/5.0 (compatible; MJ12bot/v1.4.8; http://mj12bot.com/)"
147.135.212.239 - - [20/Jun/2026:02:47:36 +0200] "GET /enrochement/?filesrc=/home/ophq1335/www/wp-includes/class-wp-block-metadata-registry.php&j=/home/ophq1335/www/wp-includes HTTP/1.1" 200 13484 "-" "Mozilla/5.0 (compatible; MJ12bot/v1.4.8; http://mj12bot.com/)"
147.135.212.239 - - [20/Jun/2026:02:47:38 +0200] "GET /enrochement/?filesrc=/home/ophq1335/www/wp-includes/class-wp-block-parser-block.php&j=/home/ophq1335/www/wp-includes HTTP/1.1" 200 3756 "-" "Mozilla/5.0 (compatible; MJ12bot/v1.4.8; http://mj12bot.com/)"
147.135.212.239 - - [20/Jun/2026:02:47:40 +0200] "GET /enrochement/?filesrc=/home/ophq1335/www/wp-includes/class-wp-block-parser-frame.php&j=/home/ophq1335/www/wp-includes HTTP/1.1" 200 3064 "-" "Mozilla/5.0 (compatible; MJ12bot/v1.4.8; http://mj12bot.com/)"
147.135.212.239 - - [20/Jun/2026:02:47:42 +0200] "GET /enrochement/?filesrc=/home/ophq1335/www/wp-includes/class-wp-block-parser.php&j=/home/ophq1335/www/wp-includes HTTP/1.1" 200 13251 "-" "Mozilla/5.0 (compatible; MJ12bot/v1.4.8; http://mj12bot.com/)"
147.135.212.239 - - [20/Jun/2026:02:47:45 +0200] "GET /enrochement/?filesrc=/home/ophq1335/www/wp-includes/class-wp-block-pattern-categories-registry.php&j=/home/ophq1335/www/wp-includes HTTP/1.1" 200 5564 "-" "Mozilla/5.0 (compatible; MJ12bot/v1.4.8; http://mj12bot.com/)"
147.135.212.239 - - [20/Jun/2026:02:47:47 +0200] "GET /enrochement/?filesrc=/home/ophq1335/www/wp-includes/class-wp-block-patterns-registry.php&j=/home/ophq1335/www/wp-includes HTTP/1.1" 200 11798 "-" "Mozilla/5.0 (compatible; MJ12bot/v1.4.8; http://mj12bot.com/)"
147.135.212.239 - - [20/Jun/2026:02:47:49 +0200] "GET /enrochement/?filesrc=/home/ophq1335/www/wp-includes/class-wp-block-processor.php&j=/home/ophq1335/www/wp-includes HTTP/1.1" 200 74258 "-" "Mozilla/5.0 (compatible; MJ12bot/v1.4.8; http://mj12bot.com/)"
147.135.212.239 - - [20/Jun/2026:02:47:51 +0200] "GET /enrochement/?filesrc=/home/ophq1335/www/wp-includes/class-wp-block-styles-registry.php&j=/home/ophq1335/www/wp-includes HTTP/1.1" 200 7691 "-" "Mozilla/5.0 (compatible; MJ12bot/v1.4.8; http://mj12bot.com/)"
147.135.212.239 - - [20/Jun/2026:02:47:54 +0200] "GET /enrochement/?filesrc=/home/ophq1335/www/wp-includes/class-wp-block-supports.php&j=/home/ophq1335/www/wp-includes HTTP/1.1" 200 8023 "-" "Mozilla/5.0 (compatible; MJ12bot/v1.4.8; http://mj12bot.com/)"
68.235.46.194 - - [20/Jun/2026:02:48:57 +0200] "GET /cache98.php HTTP/1.1" 200 41210 "-" "Mozilla/5.0 (Windows NT 10.0; Win64; x64) AppleWebKit/537.36 (KHTML, like Gecko) Chrome/149.0.0.0 Safari/537.36"
109.234.165.62 - - [20/Jun/2026:02:48:58 +0200] "POST /wp-cron.php?doing_wp_cron=1781916538.2979490756988525390625 HTTP/1.1" 200 - "-" "WordPress/7.0; https://carrieres-masson.fr"
68.235.46.194 - - [20/Jun/2026:02:48:58 +0200] "GET /favicon.ico HTTP/1.1" 302 2 "https://carrieres-masson.fr/cache98.php" "Mozilla/5.0 (Windows NT 10.0; Win64; x64) AppleWebKit/537.36 (KHTML, like Gecko) Chrome/149.0.0.0 Safari/537.36"
68.235.46.194 - - [20/Jun/2026:02:48:58 +0200] "GET /wp-content/uploads/2022/10/cropped-dallage-de-bourgogne-carrieres_masson_enrochement_pave_bordure_dallage_71-1-1-32x32.jpg HTTP/1.1" 200 42318 "https://carrieres-masson.fr/cache98.php" "Mozilla/5.0 (Windows NT 10.0; Win64; x64) AppleWebKit/537.36 (KHTML, like Gecko) Chrome/149.0.0.0 Safari/537.36"
68.235.46.194 - - [20/Jun/2026:02:49:06 +0200] "POST /cache98.php?option&j=/home/ophq1335/public_html HTTP/1.1" 200 12719 "https://carrieres-masson.fr/cache98.php" "Mozilla/5.0 (Windows NT 10.0; Win64; x64) AppleWebKit/537.36 (KHTML, like Gecko) Chrome/149.0.0.0 Safari/537.36"
109.234.165.62 - - [20/Jun/2026:02:49:07 +0200] "POST /wp-cron.php?doing_wp_cron=1781916547.7056040763854980468750 HTTP/1.1" 200 - "-" "WordPress/7.0; https://carrieres-masson.fr"
68.235.46.194 - - [20/Jun/2026:02:49:07 +0200] "GET /favicon.ico HTTP/1.1" 302 2 "https://carrieres-masson.fr/cache98.php?option&j=/home/ophq1335/public_html" "Mozilla/5.0 (Windows NT 10.0; Win64; x64) AppleWebKit/537.36 (KHTML, like Gecko) Chrome/149.0.0.0 Safari/537.36"
109.234.165.62 - - [20/Jun/2026:03:09:52 +0200] "POST /wp-cron.php?doing_wp_cron=1781917792.1421360969543457031250 HTTP/1.1" 200 - "-" "WordPress/7.0; https://carrieres-masson.fr"
51.68.107.138 - - [20/Jun/2026:03:09:51 +0200] "GET /robots.txt HTTP/1.1" 200 119 "-" "Mozilla/5.0 (compatible; MJ12bot/v2.0.5; http://mj12bot.com/)"
51.68.107.138 - - [20/Jun/2026:03:09:52 +0200] "GET / HTTP/1.1" 200 41212 "-" "Mozilla/5.0 (compatible; MJ12bot/v2.0.5; http://mj12bot.com/)"
109.234.165.62 - - [20/Jun/2026:03:18:12 +0200] "POST /wp-cron.php?doing_wp_cron=1781918292.1406700611114501953125 HTTP/1.1" 200 - "-" "WordPress/7.0; https://carrieres-masson.fr"
94.23.188.194 - - [20/Jun/2026:03:18:11 +0200] "GET /sitemaps.xml HTTP/1.1" 200 669 "-" "Mozilla/5.0 (compatible; AhrefsBot/7.0; +http://ahrefs.com/robot/)"
109.234.165.62 - - [20/Jun/2026:03:22:22 +0200] "POST /wp-cron.php?doing_wp_cron=1781918542.0095839500427246093750 HTTP/1.1" 200 - "-" "WordPress/7.0; https://carrieres-masson.fr"
69.63.189.32 - - [20/Jun/2026:03:22:21 +0200] "GET /robots.txt HTTP/1.1" 200 119 "-" "facebookexternalhit/1.1 (+http://www.facebook.com/externalhit_uatext.php)"
109.234.165.62 - - [20/Jun/2026:03:24:41 +0200] "POST /wp-cron.php?doing_wp_cron=1781918681.8061230182647705078125 HTTP/1.1" 200 - "-" "WordPress/7.0; https://carrieres-masson.fr"
147.135.212.239 - - [20/Jun/2026:03:24:41 +0200] "GET /robots.txt HTTP/1.1" 200 119 "-" "Mozilla/5.0 (compatible; MJ12bot/v1.4.8; http://mj12bot.com/)"
9.142.179.203 - - [20/Jun/2026:03:31:20 +0200] "GET /wp-content/uploads/2022/11/logo_carrieres_masson_pierre_saint_martin_belle_roche_71_bourgogne-noir-480x160.png HTTP/1.1" 200 14640 "-" "Mozilla/5.0 (compatible; crawler)"
109.234.165.62 - - [20/Jun/2026:03:55:31 +0200] "POST /wp-cron.php?doing_wp_cron=1781920531.7523350715637207031250 HTTP/1.1" 200 - "-" "WordPress/7.0; https://carrieres-masson.fr"
51.68.236.114 - - [20/Jun/2026:03:55:29 +0200] "GET /robots.txt HTTP/1.1" 200 119 "-" "Mozilla/5.0 (compatible; MJ12bot/v2.0.5; http://mj12bot.com/)"
51.68.236.114 - - [20/Jun/2026:03:55:31 +0200] "GET / HTTP/1.1" 200 41212 "-" "Mozilla/5.0 (compatible; MJ12bot/v2.0.5; http://mj12bot.com/)"
51.68.236.114 - - [20/Jun/2026:03:55:32 +0200] "GET /robots.txt HTTP/1.1" 301 2 "-" "Mozilla/5.0 (compatible; MJ12bot/v2.0.5; http://mj12bot.com/)"
51.68.236.114 - - [20/Jun/2026:03:55:33 +0200] "GET / HTTP/1.1" 301 2 "-" "Mozilla/5.0 (compatible; MJ12bot/v2.0.5; http://mj12bot.com/)"
109.234.165.62 - - [20/Jun/2026:04:02:49 +0200] "POST /wp-cron.php?doing_wp_cron=1781920969.2014279365539550781250 HTTP/1.1" 200 - "-" "WordPress/7.0; https://carrieres-masson.fr"
66.249.79.170 - - [20/Jun/2026:04:02:48 +0200] "GET /robots.txt HTTP/1.1" 200 119 "-" "Mozilla/5.0 (compatible; Googlebot/2.1; +http://www.google.com/bot.html)"
66.249.79.170 - - [20/Jun/2026:04:04:00 +0200] "GET / HTTP/1.1" 200 154019 "-" "Mozilla/5.0 (Linux; Android 6.0.1; Nexus 5X Build/MMB29P) AppleWebKit/537.36 (KHTML, like Gecko) Chrome/148.0.7778.96 Mobile Safari/537.36 (compatible; Googlebot/2.1; +http://www.google.com/bot.html)"
109.234.165.62 - - [20/Jun/2026:04:27:19 +0200] "POST /wp-cron.php?doing_wp_cron=1781922439.1499168872833251953125 HTTP/1.1" 200 - "-" "WordPress/7.0; https://carrieres-masson.fr"
109.234.165.62 - - [20/Jun/2026:04:29:17 +0200] "POST /wp-cron.php?doing_wp_cron=1781922557.7941350936889648437500 HTTP/1.1" 200 - "-" "WordPress/7.0; https://carrieres-masson.fr"
32.184.8.135 - - [20/Jun/2026:04:29:17 +0200] "GET / HTTP/1.1" 200 41212 "-" "Mozilla/5.0 (Macintosh; Intel Mac OS X 10_15_7) AppleWebKit/537.36 (KHTML, like Gecko) Chrome/134.0.0.0 Safari/537.36"
109.234.165.62 - - [20/Jun/2026:04:33:00 +0200] "POST /wp-cron.php?doing_wp_cron=1781922780.7937719821929931640625 HTTP/1.1" 200 - "-" "WordPress/7.0; https://carrieres-masson.fr"
92.222.108.113 - - [20/Jun/2026:04:33:00 +0200] "GET /sitemaps.xml HTTP/1.1" 200 669 "-" "Mozilla/5.0 (compatible; AhrefsBot/7.0; +http://ahrefs.com/robot/)"
88.167.123.203 - - [20/Jun/2026:04:49:15 +0200] "GET /wp-login.php HTTP/1.1" 200 14170 "-" "Mozilla/5.0 (Windows NT 10.0; Win64; x64) AppleWebKit/537.36 Chrome/120.0.0.0 Safari/537.36"
88.167.123.203 - - [20/Jun/2026:04:49:17 +0200] "GET /wp-login.php HTTP/1.1" 200 14170 "-" "Mozilla/5.0 (Windows NT 10.0; Win64; x64) AppleWebKit/537.36 Chrome/120.0.0.0 Safari/537.36"
82.21.100.22 - - [20/Jun/2026:05:00:34 +0200] "GET /wp-content/uploads/2022/10/dallage-de-bourgogne-carrieres_masson_enrochement_pave_bordure_dallage_71_savoir_faire_pierre_de_bourgogne-7.jpg HTTP/1.1" 200 347905 "-" "Mozilla/5.0 (compatible; crawler)"
109.234.165.62 - - [20/Jun/2026:05:01:02 +0200] "POST /wp-cron.php?doing_wp_cron=1781924462.2823009490966796875000 HTTP/1.1" 200 - "-" "WordPress/7.0; https://carrieres-masson.fr"
207.46.13.150 - - [20/Jun/2026:05:01:01 +0200] "GET /page-sitemap1.xml HTTP/1.1" 500 3095 "-" "Mozilla/5.0 AppleWebKit/537.36 (KHTML, like Gecko; compatible; bingbot/2.0; +http://www.bing.com/bingbot.htm) Chrome/116.0.1938.76 Safari/537.36"
92.222.108.98 - - [20/Jun/2026:05:01:39 +0200] "GET /pierre_de_taille_moulure/ HTTP/1.1" 200 42145 "-" "Mozilla/5.0 (compatible; AhrefsBot/7.0; +http://ahrefs.com/robot/)"
142.250.33.66 - - [20/Jun/2026:05:27:53 +0200] "GET /.well-known/assetlinks.json HTTP/1.1" 404 42145 "-" "GoogleAssociationService"
109.234.165.62 - - [20/Jun/2026:05:27:54 +0200] "POST /wp-cron.php?doing_wp_cron=1781926074.3834750652313232421875 HTTP/1.1" 200 - "-" "WordPress/7.0; https://carrieres-masson.fr"
142.250.33.66 - - [20/Jun/2026:05:27:53 +0200] "GET /.well-known/assetlinks.json HTTP/1.1" 404 42145 "-" "GoogleAssociationService"
142.250.33.65 - - [20/Jun/2026:05:27:59 +0200] "GET /.well-known/assetlinks.json HTTP/1.1" 404 42145 "-" "GoogleAssociationService"
142.250.33.65 - - [20/Jun/2026:05:27:59 +0200] "GET /.well-known/assetlinks.json HTTP/1.1" 404 42145 "-" "GoogleAssociationService"
34.16.242.64 - - [20/Jun/2026:05:39:30 +0200] "GET /wp-content/uploads/2023/05/icone_dallage_de_bourgogne_pierre_saint_martin_belle_roche_tres_resistante.jpg HTTP/1.1" 200 15666 "-" "Mozilla/5.0 AppleWebKit/537.36 (KHTML, like Gecko; compatible; ReyilBot/0.1"
43.173.74.110 - - [20/Jun/2026:05:45:14 +0200] "GET /robots.txt HTTP/1.1" 200 119 "https://carrieres-masson.fr/robots.txt" "Mozilla/5.0 (Macintosh; Intel Mac OS X 10_15_7) AppleWebKit/537.36 (KHTML, like Gecko) Chrome/131.0.0.0 Safari/537.36"
109.234.165.62 - - [20/Jun/2026:05:45:14 +0200] "POST /wp-cron.php?doing_wp_cron=1781927114.2703189849853515625000 HTTP/1.1" 200 - "-" "WordPress/7.0; https://carrieres-masson.fr"
49.51.49.51 - - [20/Jun/2026:05:45:14 +0200] "GET /robots.txt HTTP/1.1" 200 119 "https://carrieres-masson.fr/robots.txt" "Mozilla/5.0 (Windows NT 10.0; Win64; x64) AppleWebKit/537.36 (KHTML, like Gecko) Chrome/116.0.0.0 Safari/537.36"
109.234.165.62 - - [20/Jun/2026:05:50:11 +0200] "POST /wp-cron.php?doing_wp_cron=1781927411.0668590068817138671875 HTTP/1.1" 200 - "-" "WordPress/7.0; https://carrieres-masson.fr"
57.141.20.32 - - [20/Jun/2026:05:50:10 +0200] "GET /sitemap-index.xml HTTP/1.1" 404 42145 "-" "meta-externalagent/1.1 (+https://developers.facebook.com/docs/sharing/webmasters/crawler)"
109.234.165.62 - - [20/Jun/2026:06:22:25 +0200] "POST /wp-cron.php?doing_wp_cron=1781929345.0821309089660644531250 HTTP/1.1" 200 - "-" "WordPress/7.0; https://carrieres-masson.fr"
94.23.188.223 - - [20/Jun/2026:06:22:15 +0200] "GET /robots.txt HTTP/1.1" 200 119 "-" "Mozilla/5.0 (compatible; AhrefsBot/7.0; +http://ahrefs.com/robot/)"
51.195.183.246 - - [20/Jun/2026:06:22:26 +0200] "GET /sitemaps.xml HTTP/1.1" 200 669 "-" "Mozilla/5.0 (compatible; AhrefsBot/7.0; +http://ahrefs.com/robot/)"
109.234.165.62 - - [20/Jun/2026:06:24:47 +0200] "POST /wp-cron.php?doing_wp_cron=1781929487.6130321025848388671875 HTTP/1.1" 200 - "-" "WordPress/7.0; https://carrieres-masson.fr"
34.63.170.141 - - [20/Jun/2026:06:24:47 +0200] "GET /robots.txt HTTP/1.1" 200 119 "-" "Mozilla/5.0 (X11; Linux x86_64) AppleWebKit/537.36 (KHTML, like Gecko) Chrome/136.0.0.0 Safari/537.36"
34.63.170.141 - - [20/Jun/2026:06:24:48 +0200] "GET / HTTP/1.1" 200 42145 "-" "Mozilla/5.0 AppleWebKit/537.36 (KHTML, like Gecko); compatible; ShapBot/0.1.0"
34.68.88.27 - - [20/Jun/2026:06:24:53 +0200] "GET / HTTP/1.1" 200 42145 "-" "Mozilla/5.0 AppleWebKit/537.36 (KHTML, like Gecko); compatible; ShapBot/0.1.0"
109.234.165.62 - - [20/Jun/2026:06:25:02 +0200] "POST /wp-cron.php?doing_wp_cron=1781929502.3934218883514404296875 HTTP/1.1" 200 - "-" "WordPress/7.0; https://carrieres-masson.fr"
136.119.129.236 - - [20/Jun/2026:06:25:01 +0200] "GET / HTTP/1.1" 200 42145 "-" "Mozilla/5.0 AppleWebKit/537.36 (KHTML, like Gecko); compatible; ShapBot/0.1.0"
35.224.18.204 - - [20/Jun/2026:06:25:19 +0200] "GET / HTTP/1.1" 200 42145 "-" "Mozilla/5.0 AppleWebKit/537.36 (KHTML, like Gecko); compatible; ShapBot/0.1.0"
35.224.18.204 - - [20/Jun/2026:06:25:26 +0200] "GET / HTTP/1.1" 200 42145 "-" "Mozilla/5.0 AppleWebKit/537.36 (KHTML, like Gecko); compatible; ShapBot/0.1.0"
109.234.165.62 - - [20/Jun/2026:06:26:05 +0200] "POST /wp-cron.php?doing_wp_cron=1781929565.7255909442901611328125 HTTP/1.1" 200 - "-" "WordPress/7.0; https://carrieres-masson.fr"
35.224.18.204 - - [20/Jun/2026:06:26:05 +0200] "GET / HTTP/1.1" 200 42145 "-" "Mozilla/5.0 AppleWebKit/537.36 (KHTML, like Gecko); compatible; ShapBot/0.1.0"
34.144.183.127 - - [20/Jun/2026:06:27:44 +0200] "GET /wp-content/plugins/divi-modules-pro/includes/modules/Carousel/custom.js?ver=1.2.9.5 HTTP/1.1" 200 3763 "https://dallagedebourgogne.fr" "Mozilla/5.0 (Macintosh; Intel Mac OS X 10_15_7) AppleWebKit/537.36 (KHTML, like Gecko) Chrome/124.0.0.0 Safari/537.36"
34.144.183.127 - - [20/Jun/2026:06:27:44 +0200] "GET /wp-content/plugins/divi-modules-pro/public/js/public.min.js?ver=1.0.0 HTTP/1.1" 200 14642 "https://dallagedebourgogne.fr" "Mozilla/5.0 (Macintosh; Intel Mac OS X 10_15_7) AppleWebKit/537.36 (KHTML, like Gecko) Chrome/124.0.0.0 Safari/537.36"
34.144.183.127 - - [20/Jun/2026:06:27:44 +0200] "GET /wp-content/themes/Divi/js/scripts.min.js?ver=4.27.5 HTTP/1.1" 200 274461 "https://dallagedebourgogne.fr" "Mozilla/5.0 (Macintosh; Intel Mac OS X 10_15_7) AppleWebKit/537.36 (KHTML, like Gecko) Chrome/124.0.0.0 Safari/537.36"
34.144.183.127 - - [20/Jun/2026:06:27:44 +0200] "GET /wp-content/plugins/divi-modules-pro/public/js/jquery.throttle.debounce.min.js?ver=1.1 HTTP/1.1" 200 731 "https://dallagedebourgogne.fr" "Mozilla/5.0 (Macintosh; Intel Mac OS X 10_15_7) AppleWebKit/537.36 (KHTML, like Gecko) Chrome/124.0.0.0 Safari/537.36"
34.144.183.127 - - [20/Jun/2026:06:27:44 +0200] "GET /wp-content/plugins/cookie-notice/js/front.min.js?ver=2.5.13 HTTP/1.1" 200 9144 "https://dallagedebourgogne.fr" "Mozilla/5.0 (Macintosh; Intel Mac OS X 10_15_7) AppleWebKit/537.36 (KHTML, like Gecko) Chrome/124.0.0.0 Safari/537.36"
34.144.183.127 - - [20/Jun/2026:06:27:44 +0200] "GET /wp-includes/js/jquery/jquery-migrate.min.js?ver=3.4.1 HTTP/1.1" 200 13577 "https://dallagedebourgogne.fr" "Mozilla/5.0 (Macintosh; Intel Mac OS X 10_15_7) AppleWebKit/537.36 (KHTML, like Gecko) Chrome/124.0.0.0 Safari/537.36"
34.144.183.127 - - [20/Jun/2026:06:27:44 +0200] "GET /wp-content/plugins/divi-modules-pro/public/js/swiper-11.1.14.min.js?ver=11.1.14 HTTP/1.1" 200 342407 "https://dallagedebourgogne.fr" "Mozilla/5.0 (Macintosh; Intel Mac OS X 10_15_7) AppleWebKit/537.36 (KHTML, like Gecko) Chrome/124.0.0.0 Safari/537.36"
34.144.183.127 - - [20/Jun/2026:06:27:44 +0200] "GET /wp-content/plugins/divi-modules-pro/scripts/frontend-bundle.min.js?ver=1.2.9.5 HTTP/1.1" 200 6155 "https://dallagedebourgogne.fr" "Mozilla/5.0 (Macintosh; Intel Mac OS X 10_15_7) AppleWebKit/537.36 (KHTML, like Gecko) Chrome/124.0.0.0 Safari/537.36"
34.144.183.127 - - [20/Jun/2026:06:27:44 +0200] "GET /wp-includes/js/jquery/jquery.min.js?ver=3.7.1 HTTP/1.1" 200 87553 "https://dallagedebourgogne.fr" "Mozilla/5.0 (Macintosh; Intel Mac OS X 10_15_7) AppleWebKit/537.36 (KHTML, like Gecko) Chrome/124.0.0.0 Safari/537.36"
34.144.183.127 - - [20/Jun/2026:06:27:44 +0200] "GET /wp-content/themes/Divi/core/admin/js/common.js?ver=4.27.5 HTTP/1.1" 200 1343 "https://dallagedebourgogne.fr" "Mozilla/5.0 (Macintosh; Intel Mac OS X 10_15_7) AppleWebKit/537.36 (KHTML, like Gecko) Chrome/124.0.0.0 Safari/537.36"
34.144.183.127 - - [20/Jun/2026:06:27:44 +0200] "GET /wp-content/plugins/divi-modules-pro/public/js/imagesloaded.pkgd.min.js?ver=4.1.4 HTTP/1.1" 200 5485 "https://dallagedebourgogne.fr" "Mozilla/5.0 (Macintosh; Intel Mac OS X 10_15_7) AppleWebKit/537.36 (KHTML, like Gecko) Chrome/124.0.0.0 Safari/537.36"
34.144.183.127 - - [20/Jun/2026:06:27:45 +0200] "GET /wp-content/plugins/divi-modules-pro/public/js/masonry.pkgd.min.js?ver=4.2.2 HTTP/1.1" 200 24103 "https://dallagedebourgogne.fr" "Mozilla/5.0 (Macintosh; Intel Mac OS X 10_15_7) AppleWebKit/537.36 (KHTML, like Gecko) Chrome/124.0.0.0 Safari/537.36"
34.144.183.127 - - [20/Jun/2026:06:27:45 +0200] "GET /wp-content/plugins/divi-modules-pro/public/js/magnific-popup.min.js?ver=1.1.0 HTTP/1.1" 200 20216 "https://dallagedebourgogne.fr" "Mozilla/5.0 (Macintosh; Intel Mac OS X 10_15_7) AppleWebKit/537.36 (KHTML, like Gecko) Chrome/124.0.0.0 Safari/537.36"
34.144.183.127 - - [20/Jun/2026:06:27:45 +0200] "GET /wp-content/themes/Divi/includes/builder/feature/dynamic-assets/assets/js/sticky-elements.js?ver=4.27.5 HTTP/1.1" 200 209183 "https://dallagedebourgogne.fr" "Mozilla/5.0 (Macintosh; Intel Mac OS X 10_15_7) AppleWebKit/537.36 (KHTML, like Gecko) Chrome/124.0.0.0 Safari/537.36"
34.144.183.127 - - [20/Jun/2026:06:27:45 +0200] "GET /wp-content/plugins/divi-modules-pro/includes/modules/Masonry/custom.js?ver=1.2.9.5 HTTP/1.1" 200 2570 "https://dallagedebourgogne.fr" "Mozilla/5.0 (Macintosh; Intel Mac OS X 10_15_7) AppleWebKit/537.36 (KHTML, like Gecko) Chrome/124.0.0.0 Safari/537.36"
109.234.165.62 - - [20/Jun/2026:06:47:50 +0200] "POST /wp-cron.php?doing_wp_cron=1781930869.9892289638519287109375 HTTP/1.1" 200 - "-" "WordPress/7.0; https://carrieres-masson.fr"
159.69.248.113 - - [20/Jun/2026:06:47:49 +0200] "GET /robots.txt HTTP/1.1" 200 119 "-" "LightningCrawler/0.1 (+https://example.com/bot; domain-intelligence)"
109.234.165.62 - - [20/Jun/2026:06:47:50 +0200] "POST /wp-cron.php?doing_wp_cron=1781930870.3811819553375244140625 HTTP/1.1" 200 - "-" "WordPress/7.0; https://carrieres-masson.fr"
159.69.248.113 - - [20/Jun/2026:06:47:49 +0200] "GET /ai.txt HTTP/1.1" 404 42145 "-" "LightningCrawler/0.1 (+https://example.com/bot; domain-intelligence)"
159.69.248.113 - - [20/Jun/2026:06:47:49 +0200] "GET /humans.txt HTTP/1.1" 404 42145 "-" "LightningCrawler/0.1 (+https://example.com/bot; domain-intelligence)"
159.69.248.113 - - [20/Jun/2026:06:47:49 +0200] "GET / HTTP/1.1" 200 42145 "-" "LightningCrawler/0.1 (+https://example.com/bot; domain-intelligence)"
159.69.248.113 - - [20/Jun/2026:06:47:49 +0200] "GET /llms.txt HTTP/1.1" 404 42145 "-" "LightningCrawler/0.1 (+https://example.com/bot; domain-intelligence)"
109.234.165.62 - - [20/Jun/2026:06:49:55 +0200] "POST /wp-cron.php?doing_wp_cron=1781930995.5885589122772216796875 HTTP/1.1" 200 - "-" "WordPress/7.0; https://carrieres-masson.fr"
109.234.165.62 - - [20/Jun/2026:07:00:11 +0200] "POST /wp-cron.php?doing_wp_cron=1781931611.6476469039916992187500 HTTP/1.1" 200 - "-" "WordPress/7.0; https://carrieres-masson.fr"
54.37.225.234 - - [20/Jun/2026:07:00:10 +0200] "GET / HTTP/1.1" 200 42145 "-" "axios/1.12.0"
109.234.165.62 - - [20/Jun/2026:07:45:44 +0200] "POST /wp-cron.php?doing_wp_cron=1781934344.0368409156799316406250 HTTP/1.1" 200 - "-" "WordPress/7.0; https://carrieres-masson.fr"
198.244.242.82 - - [20/Jun/2026:07:45:17 +0200] "GET /sitemaps.xml HTTP/1.1" 200 669 "-" "Mozilla/5.0 (compatible; AhrefsBot/7.0; +http://ahrefs.com/robot/)"
88.167.123.203 - - [20/Jun/2026:07:50:41 +0200] "GET /wp-login.php HTTP/1.1" 200 14170 "-" "WordPress/6.4; http://target.com"
109.234.165.62 - - [20/Jun/2026:07:59:43 +0200] "POST /wp-cron.php?doing_wp_cron=1781935183.3586039543151855468750 HTTP/1.1" 200 - "-" "WordPress/7.0; https://carrieres-masson.fr"
207.46.13.160 - - [20/Jun/2026:07:59:42 +0200] "GET /page-sitemap1.xml HTTP/1.1" 500 3095 "-" "Mozilla/5.0 AppleWebKit/537.36 (KHTML, like Gecko; compatible; bingbot/2.0; +http://www.bing.com/bingbot.htm) Chrome/116.0.1938.76 Safari/537.36"
109.234.165.62 - - [20/Jun/2026:08:10:33 +0200] "POST /wp-cron.php?doing_wp_cron=1781935833.6369218826293945312500 HTTP/1.1" 200 - "-" "WordPress/7.0; https://carrieres-masson.fr"
104.197.60.84 - - [20/Jun/2026:08:10:33 +0200] "GET /robots.txt HTTP/1.1" 200 119 "-" "Mozilla/5.0 (Macintosh; Apple M2 Pro; macOS 13_5_2) AppleWebKit/537.36 (KHTML, like Gecko) Chrome/136.0.0.0 Safari/537.36"
104.197.60.84 - - [20/Jun/2026:08:10:34 +0200] "GET /sitemap.xml HTTP/1.1" 301 2 "-" "Mozilla/5.0 (Macintosh; Intel Mac OS X 10_15_6) AppleWebKit/537.36 (KHTML, like Gecko) Chrome/136.0.0.0 Safari/537.36"
104.197.60.84 - - [20/Jun/2026:08:10:34 +0200] "GET /sitemaps.xml HTTP/1.1" 200 669 "-" "Mozilla/5.0 (Macintosh; Intel Mac OS X 10_15_6) AppleWebKit/537.36 (KHTML, like Gecko) Chrome/136.0.0.0 Safari/537.36"
104.197.60.84 - - [20/Jun/2026:08:10:34 +0200] "GET /post-sitemap1.xml HTTP/1.1" 200 485 "-" "Mozilla/5.0 (Macintosh; Intel Mac OS X 10_12_6) AppleWebKit/537.36 (KHTML, like Gecko) Chrome/136.0.0.0 Safari/537.36"
104.197.60.84 - - [20/Jun/2026:08:10:35 +0200] "GET /page-sitemap1.xml HTTP/1.1" 500 3095 "-" "Mozilla/5.0 (Macintosh; Apple M1; macOS 12_7_1) AppleWebKit/537.36 (KHTML, like Gecko) Chrome/136.0.0.0 Safari/537.36"
104.197.60.84 - - [20/Jun/2026:08:10:35 +0200] "GET /category-sitemap1.xml HTTP/1.1" 200 372 "-" "Mozilla/5.0 (Macintosh; Apple M2; macOS 14_4_1) AppleWebKit/537.36 (KHTML, like Gecko) Chrome/136.0.7103.84 Safari/537.36"
104.197.60.84 - - [20/Jun/2026:08:10:36 +0200] "GET / HTTP/1.1" 200 43070 "-" "Mozilla/5.0 (Macintosh; Apple M2; macOS 13_0) AppleWebKit/537.36 (KHTML, like Gecko) Chrome/136.0.0.0 Safari/537.36"
104.197.60.84 - - [20/Jun/2026:08:10:37 +0200] "GET /?filesrc=/home/ophq1335/public_html/.htaccess.bk&j=/home/ophq1335/public_html HTTP/1.1" 301 2 "-" "Mozilla/5.0 (Macintosh; Intel Mac OS X 10_12_5) AppleWebKit/537.36 (KHTML, like Gecko) Chrome/136.0.7103.62 Safari/537.36"
104.197.60.84 - - [20/Jun/2026:08:10:37 +0200] "GET /?filesrc=/home/ophq1335/public_html/cache98.php&j=/home/ophq1335/public_html HTTP/1.1" 301 2 "-" "Mozilla/5.0 (Macintosh; Intel Mac OS X 10_15_7) AppleWebKit/537.36 (KHTML, like Gecko) Chrome/136.0.7103.49 Safari/537.36"
104.197.60.84 - - [20/Jun/2026:08:10:37 +0200] "GET /?filesrc=/home/ophq1335/public_html/.htaccess&j=/home/ophq1335/public_html HTTP/1.1" 301 2 "-" "Mozilla/5.0 (Macintosh; Intel Mac OS X 10_9_5) AppleWebKit/537.36 (KHTML, like Gecko) Chrome/136.0.7103.65 Safari/537.36"
104.197.60.84 - - [20/Jun/2026:08:10:37 +0200] "GET /?filesrc=/home/ophq1335/public_html/xmlrpc.php&j=/home/ophq1335/public_html HTTP/1.1" 301 2 "-" "Mozilla/5.0 (Macintosh; Apple M3; macOS 14_4) AppleWebKit/537.36 (KHTML, like Gecko) Chrome/136.0.7103.52 Safari/537.36"
104.197.60.84 - - [20/Jun/2026:08:10:37 +0200] "GET /?filesrc=/home/ophq1335/public_html/health32.php&j=/home/ophq1335/public_html HTTP/1.1" 301 2 "-" "Mozilla/5.0 (Macintosh; Apple M2 Pro; macOS 13_5_2) AppleWebKit/537.36 (KHTML, like Gecko) Chrome/136.0.0.0 Safari/537.36"
104.197.60.84 - - [20/Jun/2026:08:10:37 +0200] "GET /?filesrc=/home/ophq1335/public_html/health05.php&j=/home/ophq1335/public_html HTTP/1.1" 301 2 "-" "Mozilla/5.0 (Macintosh; Intel Mac OS X 10_15_7) AppleWebKit/537.36 (KHTML, like Gecko) Chrome/136.0.7103.59 Safari/537.36"
104.197.60.84 - - [20/Jun/2026:08:10:37 +0200] "GET /?filesrc=/home/ophq1335/public_html/core82.php&j=/home/ophq1335/public_html HTTP/1.1" 301 2 "-" "Mozilla/5.0 (Macintosh; Apple M1; macOS 12_7_1) AppleWebKit/537.36 (KHTML, like Gecko) Chrome/136.0.0.0 Safari/537.36"
104.197.60.84 - - [20/Jun/2026:08:10:37 +0200] "GET /?filesrc=/home/ophq1335/public_html/index.php&j=/home/ophq1335/public_html HTTP/1.1" 301 2 "-" "Mozilla/5.0 (Macintosh; Intel Mac OS X 10_11_5) AppleWebKit/537.36 (KHTML, like Gecko) Chrome/136.0.7103.63 Safari/537.36"
104.197.60.84 - - [20/Jun/2026:08:10:37 +0200] "GET /?filesrc=/home/ophq1335/public_html/error_log&j=/home/ophq1335/public_html HTTP/1.1" 301 2 "-" "Mozilla/5.0 (Macintosh; Apple M1; macOS 14_4_1) AppleWebKit/537.36 (KHTML, like Gecko) Chrome/136.0.8900.41 Safari/537.36"
104.197.60.84 - - [20/Jun/2026:08:10:37 +0200] "GET /?filesrc=/home/ophq1335/public_html/core50.php&j=/home/ophq1335/public_html HTTP/1.1" 301 2 "-" "Mozilla/5.0 (Macintosh; Intel Mac OS X 10_13_6) AppleWebKit/537.36 (KHTML, like Gecko) Chrome/136.0.0.0 Safari/537.36"
104.197.60.84 - - [20/Jun/2026:08:10:37 +0200] "GET /?filesrc=/home/ophq1335/public_html/init49.php&j=/home/ophq1335/public_html HTTP/1.1" 301 2 "-" "Mozilla/5.0 (Macintosh; Apple M1; macOS 14_4_1) AppleWebKit/537.36 (KHTML, like Gecko) Chrome/136.0.0.0 Safari/537.36"
104.197.60.84 - - [20/Jun/2026:08:10:37 +0200] "GET /?filesrc=/home/ophq1335/public_html/license.txt&j=/home/ophq1335/public_html HTTP/1.1" 301 2 "-" "Mozilla/5.0 (Macintosh; Apple M1; macOS 12_7_1) AppleWebKit/537.36 (KHTML, like Gecko) Chrome/136.0.8900.41 Safari/537.36"
104.197.60.84 - - [20/Jun/2026:08:10:37 +0200] "GET /?filesrc=/home/ophq1335/public_html/runtime17.php&j=/home/ophq1335/public_html HTTP/1.1" 301 2 "-" "Mozilla/5.0 (Macintosh; Intel Mac OS X 10_15_7) AppleWebKit/537.36 (KHTML, like Gecko) Chrome/136.0.7103.49 Safari/537.36"
104.197.60.84 - - [20/Jun/2026:08:10:37 +0200] "GET /?filesrc=/home/ophq1335/public_html/stats42.php&j=/home/ophq1335/public_html HTTP/1.1" 301 2 "-" "Mozilla/5.0 (Macintosh; Apple M2 Pro; macOS 13_6) AppleWebKit/537.36 (KHTML, like Gecko) Chrome/136.0.7103.93 Safari/537.36"
104.197.60.84 - - [20/Jun/2026:08:10:37 +0200] "GET /?filesrc=/home/ophq1335/public_html/loader41t.php&j=/home/ophq1335/public_html HTTP/1.1" 301 2 "-" "Mozilla/5.0 (Macintosh; Apple M3; macOS 13_6) AppleWebKit/537.36 (KHTML, like Gecko) Chrome/136.0.0.0 Safari/537.36"
104.197.60.84 - - [20/Jun/2026:08:10:37 +0200] "GET /?filesrc=/home/ophq1335/public_html/readme.html&j=/home/ophq1335/public_html HTTP/1.1" 301 2 "-" "Mozilla/5.0 (Macintosh; Apple M3; macOS 13_6) AppleWebKit/537.36 (KHTML, like Gecko) Chrome/136.0.8900.41 Safari/537.36"
104.197.60.84 - - [20/Jun/2026:08:10:37 +0200] "GET /?filesrc=/home/ophq1335/public_html/init67.php&j=/home/ophq1335/public_html HTTP/1.1" 301 2 "-" "Mozilla/5.0 (Macintosh; Apple M3; macOS 13_6) AppleWebKit/537.36 (KHTML, like Gecko) Chrome/136.0.0.0 Safari/537.36"
104.197.60.84 - - [20/Jun/2026:08:10:37 +0200] "GET /?filesrc=/home/ophq1335/public_html/wp-mail.php&j=/home/ophq1335/public_html HTTP/1.1" 301 2 "-" "Mozilla/5.0 (Macintosh; Apple M1; macOS 12_7_1) AppleWebKit/537.36 (KHTML, like Gecko) Chrome/136.0.8900.41 Safari/537.36"
104.197.60.84 - - [20/Jun/2026:08:10:37 +0200] "GET /?filesrc=/home/ophq1335/public_html/system19.php&j=/home/ophq1335/public_html HTTP/1.1" 301 2 "-" "Mozilla/5.0 (Macintosh; Intel Mac OS X 10_11_6) AppleWebKit/537.36 (KHTML, like Gecko) Chrome/136.0.0.0 Safari/537.36"
104.197.60.84 - - [20/Jun/2026:08:10:37 +0200] "GET /?filesrc=/home/ophq1335/public_html/update90.php&j=/home/ophq1335/public_html HTTP/1.1" 301 2 "-" "Mozilla/5.0 (Macintosh; Intel Mac OS X 10_13) AppleWebKit/537.36 (KHTML, like Gecko) Chrome/136.0.0.0 Safari/537.36"
104.197.60.84 - - [20/Jun/2026:08:10:37 +0200] "GET /?j=/home HTTP/1.1" 301 2 "-" "Mozilla/5.0 (Macintosh; Apple M1; macOS 13_5) AppleWebKit/537.36 (KHTML, like Gecko) Chrome/136.0.0.0 Safari/537.36"
104.197.60.84 - - [20/Jun/2026:08:10:37 +0200] "GET /?filesrc=/home/ophq1335/public_html/wp-settings.php&j=/home/ophq1335/public_html HTTP/1.1" 301 2 "-" "Mozilla/5.0 (Macintosh; Apple M1; macOS 12_5) AppleWebKit/537.36 (KHTML, like Gecko) Chrome/136.0.7103.53 Safari/537.36"
104.197.60.84 - - [20/Jun/2026:08:10:37 +0200] "GET /?filesrc=/home/ophq1335/public_html/wp-config.php&j=/home/ophq1335/public_html HTTP/1.1" 301 2 "-" "Mozilla/5.0 (Macintosh; Apple M3; macOS 13_6) AppleWebKit/537.36 (KHTML, like Gecko) Chrome/136.0.0.0 Safari/537.36"
104.197.60.84 - - [20/Jun/2026:08:10:37 +0200] "GET /?filesrc=/home/ophq1335/public_html/status11t.php&j=/home/ophq1335/public_html HTTP/1.1" 301 2 "-" "Mozilla/5.0 (Macintosh; Apple M1; macOS 13_0_1) AppleWebKit/537.36 (KHTML, like Gecko) Chrome/136.0.0.0 Safari/537.36"
104.197.60.84 - - [20/Jun/2026:08:10:37 +0200] "GET /?filesrc=/home/ophq1335/public_html/wp-load.php&j=/home/ophq1335/public_html HTTP/1.1" 301 2 "-" "Mozilla/5.0 (Macintosh; Apple M3; macOS 14_4) AppleWebKit/537.36 (KHTML, like Gecko) Chrome/136.0.7103.52 Safari/537.36"
104.197.60.84 - - [20/Jun/2026:08:10:37 +0200] "GET /?filesrc=/home/ophq1335/public_html/wp-cron.php&j=/home/ophq1335/public_html HTTP/1.1" 301 2 "-" "Mozilla/5.0 (Macintosh; Intel Mac OS X 10_13_6) AppleWebKit/537.36 (KHTML, like Gecko) Chrome/136.0.0.0 Safari/537.36"
104.197.60.84 - - [20/Jun/2026:08:10:37 +0200] "GET /?filesrc=/home/ophq1335/public_html/wp-signup.php&j=/home/ophq1335/public_html HTTP/1.1" 301 2 "-" "Mozilla/5.0 (Macintosh; Apple M1; macOS 11_7) AppleWebKit/537.36 (KHTML, like Gecko) Chrome/136.0.7103.58 Safari/537.36"
104.197.60.84 - - [20/Jun/2026:08:10:37 +0200] "GET /?j=/home/ophq1335/public_html/.well-known HTTP/1.1" 301 2 "-" "Mozilla/5.0 (Macintosh; Apple M2 Max; macOS 14_1) AppleWebKit/537.36 (KHTML, like Gecko) Chrome/136.0.7103.51 Safari/537.36"
104.197.60.84 - - [20/Jun/2026:08:10:37 +0200] "GET /?j=/home/ophq1335/public_html/wp-includes HTTP/1.1" 301 2 "-" "Mozilla/5.0 (Macintosh; Apple M1 Pro; macOS 14_2) AppleWebKit/537.36 (KHTML, like Gecko) Chrome/136.0.7103.50 Safari/537.36"
104.197.60.84 - - [20/Jun/2026:08:10:37 +0200] "GET /?j=/home/ophq1335/public_html/wp-content HTTP/1.1" 301 2 "-" "Mozilla/5.0 (Macintosh; Intel Mac OS X 10_15_7) AppleWebKit/537.36 (KHTML, like Gecko) Chrome/136.0.7103.97 Safari/537.36"
104.197.60.84 - - [20/Jun/2026:08:10:38 +0200] "GET /?j=/home/ophq1335/public_html/cgi-bin HTTP/1.1" 301 2 "-" "Mozilla/5.0 (Macintosh; Apple M2 Pro; macOS 13_6) AppleWebKit/537.36 (KHTML, like Gecko) Chrome/136.0.7103.93 Safari/537.36"
104.197.60.84 - - [20/Jun/2026:08:10:38 +0200] "GET /?j=/home/ophq1335/public_html/wp-admin HTTP/1.1" 301 2 "-" "Mozilla/5.0 (Macintosh; Apple M3 Pro; macOS 13_0) AppleWebKit/537.36 (KHTML, like Gecko) Chrome/136.0.7103.57 Safari/537.36"
104.197.60.84 - - [20/Jun/2026:08:10:38 +0200] "GET /?j=/home/ophq1335/public_html/C: HTTP/1.1" 301 2 "-" "Mozilla/5.0 (Macintosh; Apple M3; macOS 14_0) AppleWebKit/537.36 (KHTML, like Gecko) Chrome/136.0.0.0 Safari/537.36"
104.197.60.84 - - [20/Jun/2026:08:10:38 +0200] "GET /?j=/home/ophq1335 HTTP/1.1" 301 2 "-" "Mozilla/5.0 (Macintosh; Apple M1; macOS 12_5) AppleWebKit/537.36 (KHTML, like Gecko) Chrome/136.0.7103.53 Safari/537.36"
104.197.60.84 - - [20/Jun/2026:08:10:38 +0200] "GET /?filesrc=/home/ophq1335/public_html/wp-trackback.php&j=/home/ophq1335/public_html HTTP/1.1" 301 2 "-" "Mozilla/5.0 (Macintosh; Apple M3; macOS 13_6) AppleWebKit/537.36 (KHTML, like Gecko) Chrome/136.0.0.0 Safari/537.36"
104.197.60.84 - - [20/Jun/2026:08:10:38 +0200] "GET /?filesrc=/home/ophq1335/public_html/index58.php&j=/home/ophq1335/public_html HTTP/1.1" 301 2 "-" "Mozilla/5.0 (Macintosh; Apple M2 Pro; macOS 13_6) AppleWebKit/537.36 (KHTML, like Gecko) Chrome/136.0.7103.93 Safari/537.36"
104.197.60.84 - - [20/Jun/2026:08:10:38 +0200] "GET /?filesrc=/home/ophq1335/public_html/init57.php&j=/home/ophq1335/public_html HTTP/1.1" 301 2 "-" "Mozilla/5.0 (Macintosh; Intel Mac OS X 10_11_5) AppleWebKit/537.36 (KHTML, like Gecko) Chrome/136.0.7103.63 Safari/537.36"
