216.73.216.25 - - [21/Jun/2026:00:31:05 +0200] "GET /?filesrc=%2Fhome%2Fophq1335%2Fpublic_html%2Fwp-admin%2Fcss%2Fcolors%2Fsunrise%2Fcolors-rtl.css&j=%2Fhome%2Fophq1335%2Fpublic_html%2Fwp-admin%2Fcss%2Fcolors%2Fsunrise HTTP/1.1" 200 27197 "-" "Mozilla/5.0 AppleWebKit/537.36 (KHTML, like Gecko; compatible; ClaudeBot/1.0; +claudebot@anthropic.com)"
216.73.216.25 - - [21/Jun/2026:00:31:18 +0200] "GET /?filesrc=%2Fhome%2Fophq1335%2Fpublic_html%2Fwp-admin%2Fcss%2Fcolors%2Fsunrise%2Fcolors.min.css&j=%2Fhome%2Fophq1335%2Fpublic_html%2Fwp-admin%2Fcss%2Fcolors%2Fsunrise HTTP/1.1" 200 23730 "-" "Mozilla/5.0 AppleWebKit/537.36 (KHTML, like Gecko; compatible; ClaudeBot/1.0; +claudebot@anthropic.com)"
84.189.17.225 - - [21/Jun/2026:00:31:25 +0200] "GET /enrochement/?filesrc=/home/ophq1335/www/wp-content/updraft/log.4d5d049e8193.txt&j=/home/ophq1335/www/wp-content/updraft HTTP/1.1" 200 65621 "-" "Mozilla/5.0 (compatible; MJ12bot/v1.4.8; http://mj12bot.com/)"
57.141.20.2 - - [21/Jun/2026:00:31:26 +0200] "GET /?filesrc=/home/ophq1335/public_html/wp-signup.php&j=/home/ophq1335/public_html HTTP/1.1" 301 2 "-" "meta-externalagent/1.1 (+https://developers.facebook.com/docs/sharing/webmasters/crawler)"
104.28.215.219 - - [21/Jun/2026:00:31:27 +0200] "GET /?j=%2Fhome%2Fophq1335%2F.htpasswds HTTP/1.1" 200 988 "-" "Mozilla/5.0 (Macintosh; Intel Mac OS X 10_15_7) AppleWebKit/537.36 (KHTML, like Gecko) Chrome/136.0.0.0 Safari/537.36"
84.189.17.225 - - [21/Jun/2026:00:31:27 +0200] "GET /enrochement/?filesrc=/home/ophq1335/www/wp-content/updraft/log.4e204354ca5d.txt&j=/home/ophq1335/www/wp-content/updraft HTTP/1.1" 200 64847 "-" "Mozilla/5.0 (compatible; MJ12bot/v1.4.8; http://mj12bot.com/)"
84.189.17.225 - - [21/Jun/2026:00:31:29 +0200] "GET /enrochement/?filesrc=/home/ophq1335/www/wp-content/uploads/woocommerce-placeholder-300x300.png&j=/home/ophq1335/www/wp-content/uploads HTTP/1.1" 200 24093 "-" "Mozilla/5.0 (compatible; MJ12bot/v1.4.8; http://mj12bot.com/)"
84.189.17.225 - - [21/Jun/2026:00:31:45 +0200] "GET /enrochement/?filesrc=/home/ophq1335/www/wp-content/uploads/woocommerce-placeholder-400x250.png&j=/home/ophq1335/www/wp-content/uploads HTTP/1.1" 200 35835 "-" "Mozilla/5.0 (compatible; MJ12bot/v1.4.8; http://mj12bot.com/)"
84.189.17.225 - - [21/Jun/2026:00:31:47 +0200] "GET /enrochement/?filesrc=/home/ophq1335/www/wp-content/uploads/woocommerce-placeholder-400x284.png&j=/home/ophq1335/www/wp-content/uploads HTTP/1.1" 200 36137 "-" "Mozilla/5.0 (compatible; MJ12bot/v1.4.8; http://mj12bot.com/)"
84.189.17.225 - - [21/Jun/2026:00:31:50 +0200] "GET /enrochement/?filesrc=/home/ophq1335/www/wp-content/uploads/woocommerce-placeholder-400x516.png&j=/home/ophq1335/www/wp-content/uploads HTTP/1.1" 200 117864 "-" "Mozilla/5.0 (compatible; MJ12bot/v1.4.8; http://mj12bot.com/)"
216.73.216.25 - - [21/Jun/2026:00:31:54 +0200] "GET /?filesrc=%2Fhome%2Fophq1335%2Fpublic_html%2Fwp-admin%2Fcss%2Fcolors%2Fsunrise%2Fcolors-rtl.min.css&j=%2Fhome%2Fophq1335%2Fpublic_html%2Fwp-admin%2Fcss%2Fcolors%2Fsunrise HTTP/1.1" 200 23735 "-" "Mozilla/5.0 AppleWebKit/537.36 (KHTML, like Gecko; compatible; ClaudeBot/1.0; +claudebot@anthropic.com)"
84.189.17.225 - - [21/Jun/2026:00:31:55 +0200] "GET /enrochement/?filesrc=/home/ophq1335/www/wp-content/uploads/woocommerce-placeholder-480x480.png&j=/home/ophq1335/www/wp-content/uploads HTTP/1.1" 200 50069 "-" "Mozilla/5.0 (compatible; MJ12bot/v1.4.8; http://mj12bot.com/)"
84.189.17.225 - - [21/Jun/2026:00:31:57 +0200] "GET /enrochement/?filesrc=/home/ophq1335/www/wp-content/uploads/woocommerce-placeholder-510x382.png&j=/home/ophq1335/www/wp-content/uploads HTTP/1.1" 200 93827 "-" "Mozilla/5.0 (compatible; MJ12bot/v1.4.8; http://mj12bot.com/)"
84.189.17.225 - - [21/Jun/2026:00:32:00 +0200] "GET /enrochement/?filesrc=/home/ophq1335/www/wp-content/uploads/woocommerce-placeholder-600x600.png&j=/home/ophq1335/www/wp-content/uploads HTTP/1.1" 200 75890 "-" "Mozilla/5.0 (compatible; MJ12bot/v1.4.8; http://mj12bot.com/)"
109.234.165.62 - - [21/Jun/2026:00:32:03 +0200] "POST /wp-cron.php?doing_wp_cron=1781994723.8361821174621582031250 HTTP/1.1" 200 - "-" "WordPress/7.0; https://carrieres-masson.fr"
216.73.216.25 - - [21/Jun/2026:00:32:03 +0200] "GET /?filesrc=%2Fhome%2Fophq1335%2Fpublic_html%2Fwp-admin%2Fcss%2Fcolors%2Fsunrise%2Fcolors.scss&j=%2Fhome%2Fophq1335%2Fpublic_html%2Fwp-admin%2Fcss%2Fcolors%2Fsunrise HTTP/1.1" 200 1593 "-" "Mozilla/5.0 AppleWebKit/537.36 (KHTML, like Gecko; compatible; ClaudeBot/1.0; +claudebot@anthropic.com)"
57.141.20.42 - - [21/Jun/2026:00:32:44 +0200] "GET /?filesrc=/home/ophq1335/public_html/setup70.php&j=/home/ophq1335/public_html HTTP/1.1" 301 2 "-" "meta-externalagent/1.1 (+https://developers.facebook.com/docs/sharing/webmasters/crawler)"
84.189.17.225 - - [21/Jun/2026:00:32:46 +0200] "GET /enrochement/?filesrc=/home/ophq1335/www/wp-content/uploads/woocommerce-placeholder-768x768.png&j=/home/ophq1335/www/wp-content/uploads HTTP/1.1" 200 108161 "-" "Mozilla/5.0 (compatible; MJ12bot/v1.4.8; http://mj12bot.com/)"
84.189.17.225 - - [21/Jun/2026:00:32:48 +0200] "GET /enrochement/?filesrc=/home/ophq1335/www/wp-content/uploads/woocommerce-placeholder-980x980.png&j=/home/ophq1335/www/wp-content/uploads HTTP/1.1" 200 391396 "-" "Mozilla/5.0 (compatible; MJ12bot/v1.4.8; http://mj12bot.com/)"
84.189.17.225 - - [21/Jun/2026:00:32:51 +0200] "GET /enrochement/?filesrc=/home/ophq1335/www/wp-content/uploads/woocommerce-placeholder.png&j=/home/ophq1335/www/wp-content/uploads HTTP/1.1" 200 187389 "-" "Mozilla/5.0 (compatible; MJ12bot/v1.4.8; http://mj12bot.com/)"
84.189.17.225 - - [21/Jun/2026:00:32:56 +0200] "GET /enrochement/?filesrc=/home/ophq1335/www/wp-includes/ID3/getid3.lib.php&j=/home/ophq1335/www/wp-includes/ID3 HTTP/1.1" 200 61158 "-" "Mozilla/5.0 (compatible; MJ12bot/v1.4.8; http://mj12bot.com/)"
84.189.17.225 - - [21/Jun/2026:00:32:58 +0200] "GET /enrochement/?filesrc=/home/ophq1335/www/wp-includes/ID3/getid3.php&j=/home/ophq1335/www/wp-includes/ID3 HTTP/1.1" 200 100779 "-" "Mozilla/5.0 (compatible; MJ12bot/v1.4.8; http://mj12bot.com/)"
84.189.17.225 - - [21/Jun/2026:00:33:01 +0200] "GET /enrochement/?filesrc=/home/ophq1335/www/wp-includes/ID3/license.txt&j=/home/ophq1335/www/wp-includes/ID3 HTTP/1.1" 200 2504 "-" "Mozilla/5.0 (compatible; MJ12bot/v1.4.8; http://mj12bot.com/)"
109.234.165.62 - - [21/Jun/2026:00:33:07 +0200] "POST /wp-cron.php?doing_wp_cron=1781994787.2848958969116210937500 HTTP/1.1" 200 - "-" "WordPress/7.0; https://carrieres-masson.fr"
66.249.79.169 - - [21/Jun/2026:00:33:06 +0200] "GET /savoir-faire/?filesrc=//lib64/libavahi-common.so.3&j=//lib64 HTTP/1.1" 200 77306 "-" "Mozilla/5.0 (Linux; Android 6.0.1; Nexus 5X Build/MMB29P) AppleWebKit/537.36 (KHTML, like Gecko) Chrome/148.0.7778.96 Mobile Safari/537.36 (compatible; GoogleOther)"
84.189.17.225 - - [21/Jun/2026:00:33:06 +0200] "GET /enrochement/?filesrc=/home/ophq1335/www/wp-includes/ID3/module.audio-video.asf.php&j=/home/ophq1335/www/wp-includes/ID3 HTTP/1.1" 200 152791 "-" "Mozilla/5.0 (compatible; MJ12bot/v1.4.8; http://mj12bot.com/)"
57.141.20.67 - - [21/Jun/2026:00:33:08 +0200] "GET /?filesrc=%2Fhome%2Fophq1335%2Fpublic_html%2Fsetup70.php&j=%2Fhome%2Fophq1335%2Fpublic_html HTTP/1.1" 200 12225 "-" "meta-externalagent/1.1 (+https://developers.facebook.com/docs/sharing/webmasters/crawler)"
84.189.17.225 - - [21/Jun/2026:00:33:08 +0200] "GET /enrochement/?filesrc=/home/ophq1335/www/wp-includes/ID3/module.audio-video.flv.php&j=/home/ophq1335/www/wp-includes/ID3 HTTP/1.1" 200 32160 "-" "Mozilla/5.0 (compatible; MJ12bot/v1.4.8; http://mj12bot.com/)"
84.189.17.225 - - [21/Jun/2026:00:33:11 +0200] "GET /enrochement/?filesrc=/home/ophq1335/www/wp-includes/ID3/module.audio-video.matroska.php&j=/home/ophq1335/www/wp-includes/ID3 HTTP/1.1" 200 127094 "-" "Mozilla/5.0 (compatible; MJ12bot/v1.4.8; http://mj12bot.com/)"
84.189.17.225 - - [21/Jun/2026:00:33:13 +0200] "GET /enrochement/?filesrc=/home/ophq1335/www/wp-includes/ID3/module.audio-video.quicktime.php&j=/home/ophq1335/www/wp-includes/ID3 HTTP/1.1" 200 207194 "-" "Mozilla/5.0 (compatible; MJ12bot/v1.4.8; http://mj12bot.com/)"
84.189.17.225 - - [21/Jun/2026:00:33:15 +0200] "GET /enrochement/?filesrc=/home/ophq1335/www/wp-includes/ID3/module.audio-video.riff.php&j=/home/ophq1335/www/wp-includes/ID3 HTTP/1.1" 200 165988 "-" "Mozilla/5.0 (compatible; MJ12bot/v1.4.8; http://mj12bot.com/)"
84.189.17.225 - - [21/Jun/2026:00:33:17 +0200] "GET /enrochement/?filesrc=/home/ophq1335/www/wp-includes/ID3/module.audio.ac3.php&j=/home/ophq1335/www/wp-includes/ID3 HTTP/1.1" 200 46825 "-" "Mozilla/5.0 (compatible; MJ12bot/v1.4.8; http://mj12bot.com/)"
84.189.17.225 - - [21/Jun/2026:00:33:20 +0200] "GET /enrochement/?filesrc=/home/ophq1335/www/wp-includes/ID3/module.audio.dts.php&j=/home/ophq1335/www/wp-includes/ID3 HTTP/1.1" 200 14546 "-" "Mozilla/5.0 (compatible; MJ12bot/v1.4.8; http://mj12bot.com/)"
84.189.17.225 - - [21/Jun/2026:00:33:22 +0200] "GET /enrochement/?filesrc=/home/ophq1335/www/wp-includes/ID3/module.audio.flac.php&j=/home/ophq1335/www/wp-includes/ID3 HTTP/1.1" 200 25237 "-" "Mozilla/5.0 (compatible; MJ12bot/v1.4.8; http://mj12bot.com/)"
84.189.17.225 - - [21/Jun/2026:00:33:25 +0200] "GET /enrochement/?filesrc=/home/ophq1335/www/wp-includes/ID3/module.audio.mp3.php&j=/home/ophq1335/www/wp-includes/ID3 HTTP/1.1" 200 127385 "-" "Mozilla/5.0 (compatible; MJ12bot/v1.4.8; http://mj12bot.com/)"
84.189.17.225 - - [21/Jun/2026:00:33:27 +0200] "GET /enrochement/?filesrc=/home/ophq1335/www/wp-includes/ID3/module.audio.ogg.php&j=/home/ophq1335/www/wp-includes/ID3 HTTP/1.1" 200 56515 "-" "Mozilla/5.0 (compatible; MJ12bot/v1.4.8; http://mj12bot.com/)"
84.189.17.225 - - [21/Jun/2026:00:33:29 +0200] "GET /enrochement/?filesrc=/home/ophq1335/www/wp-includes/ID3/module.tag.apetag.php&j=/home/ophq1335/www/wp-includes/ID3 HTTP/1.1" 200 24072 "-" "Mozilla/5.0 (compatible; MJ12bot/v1.4.8; http://mj12bot.com/)"
84.189.17.225 - - [21/Jun/2026:00:33:31 +0200] "GET /enrochement/?filesrc=/home/ophq1335/www/wp-includes/ID3/module.tag.id3v1.php&j=/home/ophq1335/www/wp-includes/ID3 HTTP/1.1" 200 20164 "-" "Mozilla/5.0 (compatible; MJ12bot/v1.4.8; http://mj12bot.com/)"
66.249.79.170 - - [21/Jun/2026:00:33:36 +0200] "GET /savoir-faire/?j=//lib64/pm-utils HTTP/1.1" 200 3114 "-" "Mozilla/5.0 (Linux; Android 6.0.1; Nexus 5X Build/MMB29P) AppleWebKit/537.36 (KHTML, like Gecko) Chrome/148.0.7778.96 Mobile Safari/537.36 (compatible; GoogleOther)"
66.249.79.169 - - [21/Jun/2026:00:33:45 +0200] "GET /savoir-faire/?filesrc=/home/ophq1335/public_html/wp-content/init67.php&j=/home/ophq1335/public_html/wp-content HTTP/1.1" 200 12301 "-" "Mozilla/5.0 (Linux; Android 6.0.1; Nexus 5X Build/MMB29P) AppleWebKit/537.36 (KHTML, like Gecko) Chrome/148.0.7778.96 Mobile Safari/537.36 (compatible; Googlebot/2.1; +http://www.google.com/bot.html)"
84.189.17.225 - - [21/Jun/2026:00:33:57 +0200] "GET /enrochement/?filesrc=/home/ophq1335/www/wp-includes/ID3/module.tag.id3v2.php&j=/home/ophq1335/www/wp-includes/ID3 HTTP/1.1" 200 180700 "-" "Mozilla/5.0 (compatible; MJ12bot/v1.4.8; http://mj12bot.com/)"
84.189.17.225 - - [21/Jun/2026:00:33:59 +0200] "GET /enrochement/?filesrc=/home/ophq1335/www/wp-includes/ID3/module.tag.lyrics3.php&j=/home/ophq1335/www/wp-includes/ID3 HTTP/1.1" 200 15185 "-" "Mozilla/5.0 (compatible; MJ12bot/v1.4.8; http://mj12bot.com/)"
109.234.165.62 - - [21/Jun/2026:00:34:02 +0200] "POST /wp-cron.php?doing_wp_cron=1781994842.7328209877014160156250 HTTP/1.1" 200 - "-" "WordPress/7.0; https://carrieres-masson.fr"
84.189.17.225 - - [21/Jun/2026:00:34:02 +0200] "GET /enrochement/?filesrc=/home/ophq1335/www/wp-includes/ID3/readme.txt&j=/home/ophq1335/www/wp-includes/ID3 HTTP/1.1" 200 27989 "-" "Mozilla/5.0 (compatible; MJ12bot/v1.4.8; http://mj12bot.com/)"
84.189.17.225 - - [21/Jun/2026:00:34:07 +0200] "GET /enrochement/?filesrc=/home/ophq1335/www/wp-includes/IXR/class-IXR-base64.php&j=/home/ophq1335/www/wp-includes/IXR HTTP/1.1" 200 1556 "-" "Mozilla/5.0 (compatible; MJ12bot/v1.4.8; http://mj12bot.com/)"
84.189.17.225 - - [21/Jun/2026:00:34:09 +0200] "GET /enrochement/?filesrc=/home/ophq1335/www/wp-includes/IXR/class-IXR-client.php&j=/home/ophq1335/www/wp-includes/IXR HTTP/1.1" 200 6365 "-" "Mozilla/5.0 (compatible; MJ12bot/v1.4.8; http://mj12bot.com/)"
84.189.17.225 - - [21/Jun/2026:00:34:11 +0200] "GET /enrochement/?j=/home/ophq1335/www/wp-includes/Requests/library HTTP/1.1" 200 3195 "-" "Mozilla/5.0 (compatible; MJ12bot/v1.4.8; http://mj12bot.com/)"
84.189.17.225 - - [21/Jun/2026:00:34:17 +0200] "GET /enrochement/?j=/home/ophq1335/www/wp-includes/Requests/src HTTP/1.1" 200 24910 "-" "Mozilla/5.0 (compatible; MJ12bot/v1.4.8; http://mj12bot.com/)"
84.189.17.225 - - [21/Jun/2026:00:34:20 +0200] "GET /enrochement/?j=/home/ophq1335/www/wp-includes/SimplePie/library HTTP/1.1" 200 4064 "-" "Mozilla/5.0 (compatible; MJ12bot/v1.4.8; http://mj12bot.com/)"
84.189.17.225 - - [21/Jun/2026:00:34:22 +0200] "GET /enrochement/?j=/home/ophq1335/www/wp-includes/SimplePie/src HTTP/1.1" 200 29167 "-" "Mozilla/5.0 (compatible; MJ12bot/v1.4.8; http://mj12bot.com/)"
84.189.17.225 - - [21/Jun/2026:00:34:27 +0200] "GET /enrochement/?j=/home/ophq1335/www/wp-includes/Text/Diff HTTP/1.1" 200 3790 "-" "Mozilla/5.0 (compatible; MJ12bot/v1.4.8; http://mj12bot.com/)"
109.234.165.62 - - [21/Jun/2026:00:34:30 +0200] "POST /wp-cron.php?doing_wp_cron=1781994870.9248468875885009765625 HTTP/1.1" 200 - "-" "WordPress/7.0; https://carrieres-masson.fr"
84.189.17.225 - - [21/Jun/2026:00:34:30 +0200] "GET /enrochement/?j=/home/ophq1335/www/wp-includes/ai-client/adapters HTTP/1.1" 200 5653 "-" "Mozilla/5.0 (compatible; MJ12bot/v1.4.8; http://mj12bot.com/)"
84.189.17.225 - - [21/Jun/2026:00:34:32 +0200] "GET /enrochement/?j=/home/ophq1335/www/wp-includes/blocks/accordion HTTP/1.1" 200 6264 "-" "Mozilla/5.0 (compatible; MJ12bot/v1.4.8; http://mj12bot.com/)"
84.189.17.225 - - [21/Jun/2026:00:34:34 +0200] "GET /enrochement/?j=/home/ophq1335/www/wp-includes/blocks/accordion-heading HTTP/1.1" 200 6440 "-" "Mozilla/5.0 (compatible; MJ12bot/v1.4.8; http://mj12bot.com/)"
84.189.17.225 - - [21/Jun/2026:00:34:36 +0200] "GET /enrochement/?j=/home/ophq1335/www/wp-includes/blocks/accordion-item HTTP/1.1" 200 6374 "-" "Mozilla/5.0 (compatible; MJ12bot/v1.4.8; http://mj12bot.com/)"
84.189.17.225 - - [21/Jun/2026:00:34:39 +0200] "GET /enrochement/?j=/home/ophq1335/www/wp-includes/blocks/accordion-panel HTTP/1.1" 200 6394 "-" "Mozilla/5.0 (compatible; MJ12bot/v1.4.8; http://mj12bot.com/)"
84.189.17.225 - - [21/Jun/2026:00:34:41 +0200] "GET /enrochement/?j=/home/ophq1335/www/wp-includes/blocks/archives HTTP/1.1" 200 6242 "-" "Mozilla/5.0 (compatible; MJ12bot/v1.4.8; http://mj12bot.com/)"
84.189.17.225 - - [21/Jun/2026:00:34:43 +0200] "GET /enrochement/?j=/home/ophq1335/www/wp-includes/blocks/audio HTTP/1.1" 200 14231 "-" "Mozilla/5.0 (compatible; MJ12bot/v1.4.8; http://mj12bot.com/)"
84.189.17.225 - - [21/Jun/2026:00:34:45 +0200] "GET /enrochement/?j=/home/ophq1335/www/wp-includes/blocks/avatar HTTP/1.1" 200 10250 "-" "Mozilla/5.0 (compatible; MJ12bot/v1.4.8; http://mj12bot.com/)"
84.189.17.225 - - [21/Jun/2026:00:34:47 +0200] "GET /enrochement/?j=/home/ophq1335/www/wp-includes/blocks/block HTTP/1.1" 200 2156 "-" "Mozilla/5.0 (compatible; MJ12bot/v1.4.8; http://mj12bot.com/)"
84.189.17.225 - - [21/Jun/2026:00:34:53 +0200] "GET /enrochement/?j=/home/ophq1335/www/wp-includes/blocks/comments-pagination HTTP/1.1" 200 10744 "-" "Mozilla/5.0 (compatible; MJ12bot/v1.4.8; http://mj12bot.com/)"
84.189.17.225 - - [21/Jun/2026:00:34:55 +0200] "GET /enrochement/?j=/home/ophq1335/www/wp-includes/blocks/comments-pagination-next HTTP/1.1" 200 2270 "-" "Mozilla/5.0 (compatible; MJ12bot/v1.4.8; http://mj12bot.com/)"
84.189.17.225 - - [21/Jun/2026:00:34:57 +0200] "GET /enrochement/?j=/home/ophq1335/www/wp-includes/blocks/comments-pagination-numbers HTTP/1.1" 200 6676 "-" "Mozilla/5.0 (compatible; MJ12bot/v1.4.8; http://mj12bot.com/)"
66.249.79.169 - - [21/Jun/2026:00:34:58 +0200] "GET /savoir-faire/?filesrc=/home/ophq1335/public_html/wp-content/languages/fr_FR-1bba9045bb07c89671c88a3f328548e8.json&j=/home/ophq1335/public_html/wp-content/languages HTTP/1.1" 200 2362 "-" "Mozilla/5.0 (Linux; Android 6.0.1; Nexus 5X Build/MMB29P) AppleWebKit/537.36 (KHTML, like Gecko) Chrome/148.0.7778.96 Mobile Safari/537.36 (compatible; GoogleOther)"
109.234.165.62 - - [21/Jun/2026:00:35:09 +0200] "POST /wp-cron.php?doing_wp_cron=1781994909.3376350402832031250000 HTTP/1.1" 200 - "-" "WordPress/7.0; https://carrieres-masson.fr"
84.189.17.225 - - [21/Jun/2026:00:35:08 +0200] "GET /enrochement/?j=/home/ophq1335/www/wp-includes/blocks/comments-pagination-previous HTTP/1.1" 200 2294 "-" "Mozilla/5.0 (compatible; MJ12bot/v1.4.8; http://mj12bot.com/)"
84.189.17.225 - - [21/Jun/2026:00:35:10 +0200] "GET /enrochement/?j=/home/ophq1335/www/wp-includes/blocks/comments-title HTTP/1.1" 200 6390 "-" "Mozilla/5.0 (compatible; MJ12bot/v1.4.8; http://mj12bot.com/)"
84.189.17.225 - - [21/Jun/2026:00:35:33 +0200] "GET /enrochement/?j=/home/ophq1335/www/wp-includes/blocks/cover HTTP/1.1" 200 10216 "-" "Mozilla/5.0 (compatible; MJ12bot/v1.4.8; http://mj12bot.com/)"
84.189.17.225 - - [21/Jun/2026:00:35:36 +0200] "GET /enrochement/?j=/home/ophq1335/www/wp-includes/blocks/details HTTP/1.1" 200 10288 "-" "Mozilla/5.0 (compatible; MJ12bot/v1.4.8; http://mj12bot.com/)"
84.189.17.225 - - [21/Jun/2026:00:35:38 +0200] "GET /enrochement/?j=/home/ophq1335/www/wp-includes/blocks/embed HTTP/1.1" 200 14230 "-" "Mozilla/5.0 (compatible; MJ12bot/v1.4.8; http://mj12bot.com/)"
84.189.17.225 - - [21/Jun/2026:00:35:44 +0200] "GET /enrochement/?j=/home/ophq1335/www/wp-includes/blocks/file HTTP/1.1" 200 10173 "-" "Mozilla/5.0 (compatible; MJ12bot/v1.4.8; http://mj12bot.com/)"
84.189.17.225 - - [21/Jun/2026:00:35:46 +0200] "GET /enrochement/?j=/home/ophq1335/www/wp-includes/blocks/footnotes HTTP/1.1" 200 6263 "-" "Mozilla/5.0 (compatible; MJ12bot/v1.4.8; http://mj12bot.com/)"
84.189.17.225 - - [21/Jun/2026:00:35:48 +0200] "GET /enrochement/?j=/home/ophq1335/www/wp-includes/blocks/freeform HTTP/1.1" 200 6258 "-" "Mozilla/5.0 (compatible; MJ12bot/v1.4.8; http://mj12bot.com/)"
104.28.215.220 - - [21/Jun/2026:00:36:00 +0200] "GET /?j=%2Fhome%2Fophq1335%2F.htpasswds HTTP/1.1" 200 988 "-" "Mozilla/5.0 (Macintosh; Apple M3 Pro; macOS 14_4_1) AppleWebKit/537.36 (KHTML, like Gecko) Chrome/136.0.0.0 Safari/537.36"
109.234.165.62 - - [21/Jun/2026:00:36:10 +0200] "POST /wp-cron.php?doing_wp_cron=1781994970.3503320217132568359375 HTTP/1.1" 200 - "-" "WordPress/7.0; https://carrieres-masson.fr"
104.28.221.221 - - [21/Jun/2026:00:36:09 +0200] "GET /?j=%2Fhome%2Fophq1335%2F.htpasswds HTTP/1.1" 200 988 "-" "Mozilla/5.0 (Macintosh; Apple M3; macOS 14_0) AppleWebKit/537.36 (KHTML, like Gecko) Chrome/136.0.0.0 Safari/537.36"
66.249.79.171 - - [21/Jun/2026:00:36:26 +0200] "GET /savoir-faire/?filesrc=//lib64/libelf-0.190.so&j=//lib64 HTTP/1.1" 200 169207 "-" "Mozilla/5.0 (Linux; Android 6.0.1; Nexus 5X Build/MMB29P) AppleWebKit/537.36 (KHTML, like Gecko) Chrome/148.0.7778.96 Mobile Safari/537.36 (compatible; GoogleOther)"
66.249.79.170 - - [21/Jun/2026:00:36:45 +0200] "GET /savoir-faire/?filesrc=/home/ophq1335/public_html/wp-content/stats42.php&j=/home/ophq1335/public_html/wp-content HTTP/1.1" 200 12302 "-" "Mozilla/5.0 (Linux; Android 6.0.1; Nexus 5X Build/MMB29P) AppleWebKit/537.36 (KHTML, like Gecko) Chrome/148.0.7778.96 Mobile Safari/537.36 (compatible; Googlebot/2.1; +http://www.google.com/bot.html)"
104.28.221.220 - - [21/Jun/2026:00:36:46 +0200] "GET /?j=%2Fhome%2Fophq1335%2F.htpasswds HTTP/1.1" 200 988 "-" "Mozilla/5.0 (Macintosh; Apple M1; macOS 13_5) AppleWebKit/537.36 (KHTML, like Gecko) Chrome/136.0.0.0 Safari/537.36"
109.234.165.62 - - [21/Jun/2026:00:37:21 +0200] "POST /wp-cron.php?doing_wp_cron=1781995041.6106629371643066406250 HTTP/1.1" 200 - "-" "WordPress/7.0; https://carrieres-masson.fr"
84.189.17.225 - - [21/Jun/2026:00:37:20 +0200] "GET /enrochement/?j=/home/ophq1335/www/wp-includes/blocks/gallery HTTP/1.1" 200 14341 "-" "Mozilla/5.0 (compatible; MJ12bot/v1.4.8; http://mj12bot.com/)"
84.189.17.225 - - [21/Jun/2026:00:37:23 +0200] "GET /enrochement/?j=/home/ophq1335/www/wp-includes/blocks/group HTTP/1.1" 200 14229 "-" "Mozilla/5.0 (compatible; MJ12bot/v1.4.8; http://mj12bot.com/)"
84.189.17.225 - - [21/Jun/2026:00:37:25 +0200] "GET /enrochement/?j=/home/ophq1335/www/wp-includes/blocks/heading HTTP/1.1" 200 6218 "-" "Mozilla/5.0 (compatible; MJ12bot/v1.4.8; http://mj12bot.com/)"
84.189.17.225 - - [21/Jun/2026:00:37:27 +0200] "GET /enrochement/?j=/home/ophq1335/www/wp-includes/blocks/home-link HTTP/1.1" 200 2180 "-" "Mozilla/5.0 (compatible; MJ12bot/v1.4.8; http://mj12bot.com/)"
84.189.17.225 - - [21/Jun/2026:00:37:29 +0200] "GET /enrochement/?j=/home/ophq1335/www/wp-includes/blocks/html HTTP/1.1" 200 6170 "-" "Mozilla/5.0 (compatible; MJ12bot/v1.4.8; http://mj12bot.com/)"
84.189.17.225 - - [21/Jun/2026:00:37:32 +0200] "GET /enrochement/?j=/home/ophq1335/www/wp-includes/blocks/icon HTTP/1.1" 200 10172 "-" "Mozilla/5.0 (compatible; MJ12bot/v1.4.8; http://mj12bot.com/)"
84.189.17.225 - - [21/Jun/2026:00:37:34 +0200] "GET /enrochement/?j=/home/ophq1335/www/wp-includes/blocks/image HTTP/1.1" 200 14234 "-" "Mozilla/5.0 (compatible; MJ12bot/v1.4.8; http://mj12bot.com/)"
84.189.17.225 - - [21/Jun/2026:00:37:36 +0200] "GET /enrochement/?j=/home/ophq1335/www/wp-includes/blocks/latest-comments HTTP/1.1" 200 6395 "-" "Mozilla/5.0 (compatible; MJ12bot/v1.4.8; http://mj12bot.com/)"
84.189.17.225 - - [21/Jun/2026:00:37:38 +0200] "GET /enrochement/?j=/home/ophq1335/www/wp-includes/blocks/latest-posts HTTP/1.1" 200 10476 "-" "Mozilla/5.0 (compatible; MJ12bot/v1.4.8; http://mj12bot.com/)"
84.189.17.225 - - [21/Jun/2026:00:37:41 +0200] "GET /enrochement/?j=/home/ophq1335/www/wp-includes/blocks/legacy-widget HTTP/1.1" 200 2204 "-" "Mozilla/5.0 (compatible; MJ12bot/v1.4.8; http://mj12bot.com/)"
84.189.17.225 - - [21/Jun/2026:00:37:43 +0200] "GET /enrochement/?j=/home/ophq1335/www/wp-includes/blocks/list HTTP/1.1" 200 6154 "-" "Mozilla/5.0 (compatible; MJ12bot/v1.4.8; http://mj12bot.com/)"
84.189.17.225 - - [21/Jun/2026:00:37:45 +0200] "GET /enrochement/?j=/home/ophq1335/www/wp-includes/blocks/list-item HTTP/1.1" 200 2180 "-" "Mozilla/5.0 (compatible; MJ12bot/v1.4.8; http://mj12bot.com/)"
109.234.165.62 - - [21/Jun/2026:00:38:02 +0200] "POST /wp-cron.php?doing_wp_cron=1781995082.0918149948120117187500 HTTP/1.1" 200 - "-" "WordPress/7.0; https://carrieres-masson.fr"
84.189.17.225 - - [21/Jun/2026:00:38:01 +0200] "GET /enrochement/?j=/home/ophq1335/www/wp-includes/blocks/loginout HTTP/1.1" 200 6240 "-" "Mozilla/5.0 (compatible; MJ12bot/v1.4.8; http://mj12bot.com/)"
84.189.17.225 - - [21/Jun/2026:00:38:03 +0200] "GET /enrochement/?j=/home/ophq1335/www/wp-includes/blocks/math HTTP/1.1" 200 10173 "-" "Mozilla/5.0 (compatible; MJ12bot/v1.4.8; http://mj12bot.com/)"
84.189.17.225 - - [21/Jun/2026:00:38:05 +0200] "GET /enrochement/?j=/home/ophq1335/www/wp-includes/blocks/media-text HTTP/1.1" 200 10402 "-" "Mozilla/5.0 (compatible; MJ12bot/v1.4.8; http://mj12bot.com/)"
84.189.17.225 - - [21/Jun/2026:00:38:11 +0200] "GET /enrochement/?j=/home/ophq1335/www/wp-includes/blocks/missing HTTP/1.1" 200 2168 "-" "Mozilla/5.0 (compatible; MJ12bot/v1.4.8; http://mj12bot.com/)"
84.189.17.225 - - [21/Jun/2026:00:38:13 +0200] "GET /enrochement/?j=/home/ophq1335/www/wp-includes/blocks/more HTTP/1.1" 200 6168 "-" "Mozilla/5.0 (compatible; MJ12bot/v1.4.8; http://mj12bot.com/)"
84.189.17.225 - - [21/Jun/2026:00:38:15 +0200] "GET /enrochement/?j=/home/ophq1335/www/wp-includes/blocks/navigation HTTP/1.1" 200 10409 "-" "Mozilla/5.0 (compatible; MJ12bot/v1.4.8; http://mj12bot.com/)"
84.189.17.225 - - [21/Jun/2026:00:38:21 +0200] "GET /enrochement/?j=/home/ophq1335/www/wp-includes/blocks/navigation-link HTTP/1.1" 200 11447 "-" "Mozilla/5.0 (compatible; MJ12bot/v1.4.8; http://mj12bot.com/)"
84.189.17.225 - - [21/Jun/2026:00:38:23 +0200] "GET /enrochement/?j=/home/ophq1335/www/wp-includes/blocks/navigation-overlay-close HTTP/1.1" 200 6594 "-" "Mozilla/5.0 (compatible; MJ12bot/v1.4.8; http://mj12bot.com/)"
84.189.17.225 - - [21/Jun/2026:00:38:26 +0200] "GET /enrochement/?j=/home/ophq1335/www/wp-includes/sodium_compat/src HTTP/1.1" 200 9818 "-" "Mozilla/5.0 (compatible; MJ12bot/v1.4.8; http://mj12bot.com/)"
109.234.165.62 - - [21/Jun/2026:00:39:47 +0200] "POST /wp-cron.php?doing_wp_cron=1781995187.0058751106262207031250 HTTP/1.1" 200 - "-" "WordPress/7.0; https://carrieres-masson.fr"
66.249.79.171 - - [21/Jun/2026:00:39:46 +0200] "GET /savoir-faire/?filesrc=/home/ophq1335/public_html/wp-content/litespeed/robots.txt&j=/home/ophq1335/public_html/wp-content/litespeed HTTP/1.1" 200 1171 "-" "Mozilla/5.0 (Linux; Android 6.0.1; Nexus 5X Build/MMB29P) AppleWebKit/537.36 (KHTML, like Gecko) Chrome/148.0.7778.96 Mobile Safari/537.36 (compatible; Googlebot/2.1; +http://www.google.com/bot.html)"
109.234.165.62 - - [21/Jun/2026:00:40:15 +0200] "POST /wp-cron.php?doing_wp_cron=1781995215.8572969436645507812500 HTTP/1.1" 200 - "-" "WordPress/7.0; https://carrieres-masson.fr"
66.249.79.169 - - [21/Jun/2026:00:40:15 +0200] "GET /savoir-faire/?filesrc=//lib64/libpng16.so.16.34.0&j=//lib64 HTTP/1.1" 200 347812 "-" "Mozilla/5.0 (Linux; Android 6.0.1; Nexus 5X Build/MMB29P) AppleWebKit/537.36 (KHTML, like Gecko) Chrome/148.0.7778.96 Mobile Safari/537.36 (compatible; GoogleOther)"
216.73.216.25 - - [21/Jun/2026:00:40:21 +0200] "GET /?j=%2Fhome%2Fophq1335%2Fwww%2Fwp-content%2Fplugins%2Floader97 HTTP/1.1" 200 2181 "-" "Mozilla/5.0 AppleWebKit/537.36 (KHTML, like Gecko; compatible; ClaudeBot/1.0; +claudebot@anthropic.com)"
216.73.216.25 - - [21/Jun/2026:00:40:21 +0200] "GET /?j=%2Fhome%2Fophq1335%2Fwww%2Fwp-content%2Fplugins%2Fbackup-handler-748 HTTP/1.1" 200 2281 "-" "Mozilla/5.0 AppleWebKit/537.36 (KHTML, like Gecko; compatible; ClaudeBot/1.0; +claudebot@anthropic.com)"
216.73.216.25 - - [21/Jun/2026:00:40:22 +0200] "GET /?j=%2Fhome%2Fophq1335%2Fwww%2Fwp-content%2Fplugins%2Fruntime17 HTTP/1.1" 200 2191 "-" "Mozilla/5.0 AppleWebKit/537.36 (KHTML, like Gecko; compatible; ClaudeBot/1.0; +claudebot@anthropic.com)"
216.73.216.25 - - [21/Jun/2026:00:40:23 +0200] "GET /?filesrc=%2Fhome%2Fophq1335%2Fwww%2Fwp-includes%2Fblock-patterns%2Fquery-small-posts.php&j=%2Fhome%2Fophq1335%2Fwww%2Fwp-includes%2Fblock-patterns HTTP/1.1" 200 2896 "-" "Mozilla/5.0 AppleWebKit/537.36 (KHTML, like Gecko; compatible; ClaudeBot/1.0; +claudebot@anthropic.com)"
216.73.216.25 - - [21/Jun/2026:00:40:23 +0200] "GET /?j=%2Fhome%2Fophq1335%2Fwww%2Fwp-content%2Fplugins%2Fsetup70 HTTP/1.1" 200 2171 "-" "Mozilla/5.0 AppleWebKit/537.36 (KHTML, like Gecko; compatible; ClaudeBot/1.0; +claudebot@anthropic.com)"
216.73.216.25 - - [21/Jun/2026:00:40:24 +0200] "GET /?filesrc=%2Fhome%2Fophq1335%2Fwww%2Fwp-includes%2Fblock-patterns%2Fquery-grid-posts.php&j=%2Fhome%2Fophq1335%2Fwww%2Fwp-includes%2Fblock-patterns HTTP/1.1" 200 2679 "-" "Mozilla/5.0 AppleWebKit/537.36 (KHTML, like Gecko; compatible; ClaudeBot/1.0; +claudebot@anthropic.com)"
216.73.216.25 - - [21/Jun/2026:00:40:24 +0200] "GET /?j=%2Fhome%2Fophq1335%2Fwww%2Fwp-content%2Fplugins%2Fruntime30 HTTP/1.1" 200 2191 "-" "Mozilla/5.0 AppleWebKit/537.36 (KHTML, like Gecko; compatible; ClaudeBot/1.0; +claudebot@anthropic.com)"
216.73.216.25 - - [21/Jun/2026:00:40:25 +0200] "GET /?filesrc=%2Fhome%2Fophq1335%2Fwww%2Fwp-admin%2Fcss%2Fcode-editor-rtl.css&j=%2Fhome%2Fophq1335%2Fwww%2Fwp-admin%2Fcss HTTP/1.1" 200 2766 "-" "Mozilla/5.0 AppleWebKit/537.36 (KHTML, like Gecko; compatible; ClaudeBot/1.0; +claudebot@anthropic.com)"
216.73.216.25 - - [21/Jun/2026:00:40:25 +0200] "GET /?j=%2Fhome%2Fophq1335%2Fwww%2Fwp-content%2Fplugins%2Fruntime84 HTTP/1.1" 200 2191 "-" "Mozilla/5.0 AppleWebKit/537.36 (KHTML, like Gecko; compatible; ClaudeBot/1.0; +claudebot@anthropic.com)"
216.73.216.25 - - [21/Jun/2026:00:40:25 +0200] "GET /?filesrc=%2Fhome%2Fophq1335%2Fwww%2Fwp-includes%2Fcustomize%2Fclass-wp-customize-code-editor-control.php&j=%2Fhome%2Fophq1335%2Fwww%2Fwp-includes%2Fcustomize HTTP/1.1" 200 3764 "-" "Mozilla/5.0 AppleWebKit/537.36 (KHTML, like Gecko; compatible; ClaudeBot/1.0; +claudebot@anthropic.com)"
216.73.216.25 - - [21/Jun/2026:00:40:26 +0200] "GET /?j=%2Fhome%2Fophq1335%2Fwww%2Fwp-content%2Fplugins%2Fcache98 HTTP/1.1" 200 2171 "-" "Mozilla/5.0 AppleWebKit/537.36 (KHTML, like Gecko; compatible; ClaudeBot/1.0; +claudebot@anthropic.com)"
216.73.216.25 - - [21/Jun/2026:00:40:26 +0200] "GET /?filesrc=%2Fhome%2Fophq1335%2Fwww%2Fwp-includes%2Fblock-patterns%2Fquery-medium-posts.php&j=%2Fhome%2Fophq1335%2Fwww%2Fwp-includes%2Fblock-patterns HTTP/1.1" 200 2740 "-" "Mozilla/5.0 AppleWebKit/537.36 (KHTML, like Gecko; compatible; ClaudeBot/1.0; +claudebot@anthropic.com)"
216.73.216.25 - - [21/Jun/2026:00:40:26 +0200] "GET /?filesrc=%2Fhome%2Fophq1335%2Fwww%2Fwp-includes%2Fhtml-api%2Fclass-wp-html-token.php&j=%2Fhome%2Fophq1335%2Fwww%2Fwp-includes%2Fhtml-api HTTP/1.1" 200 4671 "-" "Mozilla/5.0 AppleWebKit/537.36 (KHTML, like Gecko; compatible; ClaudeBot/1.0; +claudebot@anthropic.com)"
216.73.216.25 - - [21/Jun/2026:00:40:27 +0200] "GET /?j=%2Fhome%2Fophq1335%2Fwww%2Fwp-includes%2FRequests%2Fsrc HTTP/1.1" 200 24910 "-" "Mozilla/5.0 AppleWebKit/537.36 (KHTML, like Gecko; compatible; ClaudeBot/1.0; +claudebot@anthropic.com)"
216.73.216.25 - - [21/Jun/2026:00:40:27 +0200] "GET /?j=%2Fhome%2Fophq1335%2Fwww%2Fwp-includes%2FSimplePie%2Fsrc HTTP/1.1" 200 29167 "-" "Mozilla/5.0 AppleWebKit/537.36 (KHTML, like Gecko; compatible; ClaudeBot/1.0; +claudebot@anthropic.com)"
216.73.216.25 - - [21/Jun/2026:00:40:28 +0200] "GET /?filesrc=%2Fhome%2Fophq1335%2Fwww%2Fwp-admin%2Fcss%2Fcode-editor.min.css&j=%2Fhome%2Fophq1335%2Fwww%2Fwp-admin%2Fcss HTTP/1.1" 200 2543 "-" "Mozilla/5.0 AppleWebKit/537.36 (KHTML, like Gecko; compatible; ClaudeBot/1.0; +claudebot@anthropic.com)"
216.73.216.25 - - [21/Jun/2026:00:40:28 +0200] "GET /?filesrc=%2Fhome%2Fophq1335%2Fwww%2Fwp-includes%2Fhtml-api%2Fclass-wp-html-text-replacement.php&j=%2Fhome%2Fophq1335%2Fwww%2Fwp-includes%2Fhtml-api HTTP/1.1" 200 2551 "-" "Mozilla/5.0 AppleWebKit/537.36 (KHTML, like Gecko; compatible; ClaudeBot/1.0; +claudebot@anthropic.com)"
216.73.216.25 - - [21/Jun/2026:00:40:28 +0200] "GET /?filesrc=%2Fhome%2Fophq1335%2Fwww%2Fwp-includes%2Fhtml-api%2Fclass-wp-html-span.php&j=%2Fhome%2Fophq1335%2Fwww%2Fwp-includes%2Fhtml-api HTTP/1.1" 200 2226 "-" "Mozilla/5.0 AppleWebKit/537.36 (KHTML, like Gecko; compatible; ClaudeBot/1.0; +claudebot@anthropic.com)"
216.73.216.25 - - [21/Jun/2026:00:40:28 +0200] "GET /?filesrc=%2Fhome%2Fophq1335%2Fwww%2Fwp-includes%2Fblock-patterns%2Fquery-offset-posts.php&j=%2Fhome%2Fophq1335%2Fwww%2Fwp-includes%2Fblock-patterns HTTP/1.1" 200 4257 "-" "Mozilla/5.0 AppleWebKit/537.36 (KHTML, like Gecko; compatible; ClaudeBot/1.0; +claudebot@anthropic.com)"
216.73.216.25 - - [21/Jun/2026:00:40:28 +0200] "GET /?j=%2Fhome%2Fophq1335%2Fwww%2Fwp-includes%2Frest-api%2Ffields HTTP/1.1" 200 7670 "-" "Mozilla/5.0 AppleWebKit/537.36 (KHTML, like Gecko; compatible; ClaudeBot/1.0; +claudebot@anthropic.com)"
216.73.216.25 - - [21/Jun/2026:00:40:29 +0200] "GET /?j=%2Fhome%2Fophq1335%2Fwww%2Fwp-content%2Fplugins%2Fupdraftplus HTTP/1.1" 200 20826 "-" "Mozilla/5.0 AppleWebKit/537.36 (KHTML, like Gecko; compatible; ClaudeBot/1.0; +claudebot@anthropic.com)"
216.73.216.25 - - [21/Jun/2026:00:40:29 +0200] "GET /?j=%2Fhome%2Fophq1335%2Fwww%2Fwp-content%2Fplugins%2Ftwo-factor-authentication HTTP/1.1" 200 10595 "-" "Mozilla/5.0 AppleWebKit/537.36 (KHTML, like Gecko; compatible; ClaudeBot/1.0; +claudebot@anthropic.com)"
216.73.216.25 - - [21/Jun/2026:00:40:29 +0200] "GET /?filesrc=%2Fhome%2Fophq1335%2Fwww%2Fwp-includes%2Finteractivity-api%2Finteractivity-api.php&j=%2Fhome%2Fophq1335%2Fwww%2Fwp-includes%2Finteractivity-api HTTP/1.1" 200 6315 "-" "Mozilla/5.0 AppleWebKit/537.36 (KHTML, like Gecko; compatible; ClaudeBot/1.0; +claudebot@anthropic.com)"
216.73.216.25 - - [21/Jun/2026:00:40:29 +0200] "GET /?j=%2Fhome%2Fophq1335%2Fwww%2Fwp-includes%2Fphp-ai-client%2Fsrc HTTP/1.1" 200 9828 "-" "Mozilla/5.0 AppleWebKit/537.36 (KHTML, like Gecko; compatible; ClaudeBot/1.0; +claudebot@anthropic.com)"
216.73.216.25 - - [21/Jun/2026:00:40:29 +0200] "GET /?filesrc=%2Fhome%2Fophq1335%2Fwww%2Fwp-includes%2Fhtml-api%2Fclass-wp-html-attribute-token.php&j=%2Fhome%2Fophq1335%2Fwww%2Fwp-includes%2Fhtml-api HTTP/1.1" 200 3987 "-" "Mozilla/5.0 AppleWebKit/537.36 (KHTML, like Gecko; compatible; ClaudeBot/1.0; +claudebot@anthropic.com)"
216.73.216.25 - - [21/Jun/2026:00:40:30 +0200] "GET /?filesrc=%2Fhome%2Fophq1335%2Fwww%2Fwp-admin%2Fcss%2Fcode-editor.css&j=%2Fhome%2Fophq1335%2Fwww%2Fwp-admin%2Fcss HTTP/1.1" 200 2723 "-" "Mozilla/5.0 AppleWebKit/537.36 (KHTML, like Gecko; compatible; ClaudeBot/1.0; +claudebot@anthropic.com)"
216.73.216.25 - - [21/Jun/2026:00:40:30 +0200] "GET /?filesrc=%2Fhome%2Fophq1335%2Fwww%2Fwp-includes%2Finteractivity-api%2Fclass-wp-interactivity-api.php&j=%2Fhome%2Fophq1335%2Fwww%2Fwp-includes%2Finteractivity-api HTTP/1.1" 200 55414 "-" "Mozilla/5.0 AppleWebKit/537.36 (KHTML, like Gecko; compatible; ClaudeBot/1.0; +claudebot@anthropic.com)"
216.73.216.25 - - [21/Jun/2026:00:40:30 +0200] "GET /?filesrc=%2Fhome%2Fophq1335%2Fwww%2Fwp-includes%2Fhtml-api%2Fclass-wp-html-processor-state.php&j=%2Fhome%2Fophq1335%2Fwww%2Fwp-includes%2Fhtml-api HTTP/1.1" 200 12801 "-" "Mozilla/5.0 AppleWebKit/537.36 (KHTML, like Gecko; compatible; ClaudeBot/1.0; +claudebot@anthropic.com)"
216.73.216.25 - - [21/Jun/2026:00:40:30 +0200] "GET /?filesrc=%2Fhome%2Fophq1335%2Fwww%2Fwp-includes%2Fhtml-api%2Fclass-wp-html-stack-event.php&j=%2Fhome%2Fophq1335%2Fwww%2Fwp-includes%2Fhtml-api HTTP/1.1" 200 2830 "-" "Mozilla/5.0 AppleWebKit/537.36 (KHTML, like Gecko; compatible; ClaudeBot/1.0; +claudebot@anthropic.com)"
216.73.216.25 - - [21/Jun/2026:00:40:30 +0200] "GET /?filesrc=%2Fhome%2Fophq1335%2Fwww%2Fwp-includes%2Fhtml-api%2Fclass-wp-html-open-elements.php&j=%2Fhome%2Fophq1335%2Fwww%2Fwp-includes%2Fhtml-api HTTP/1.1" 200 25691 "-" "Mozilla/5.0 AppleWebKit/537.36 (KHTML, like Gecko; compatible; ClaudeBot/1.0; +claudebot@anthropic.com)"
216.73.216.25 - - [21/Jun/2026:00:40:30 +0200] "GET /?filesrc=%2Fhome%2Fophq1335%2Fwww%2Fwp-includes%2Fhtml-api%2Fclass-wp-html-processor.php&j=%2Fhome%2Fophq1335%2Fwww%2Fwp-includes%2Fhtml-api HTTP/1.1" 200 245077 "-" "Mozilla/5.0 AppleWebKit/537.36 (KHTML, like Gecko; compatible; ClaudeBot/1.0; +claudebot@anthropic.com)"
216.73.216.25 - - [21/Jun/2026:00:40:31 +0200] "GET /?filesrc=%2Fhome%2Fophq1335%2Fwww%2Fwp-includes%2Fhtml-api%2Fclass-wp-html-decoder.php&j=%2Fhome%2Fophq1335%2Fwww%2Fwp-includes%2Fhtml-api HTTP/1.1" 200 18914 "-" "Mozilla/5.0 AppleWebKit/537.36 (KHTML, like Gecko; compatible; ClaudeBot/1.0; +claudebot@anthropic.com)"
216.73.216.25 - - [21/Jun/2026:00:40:31 +0200] "GET /?filesrc=%2Fhome%2Fophq1335%2Fwww%2Fwp-includes%2Fhtml-api%2Fclass-wp-html-active-formatting-elements.php&j=%2Fhome%2Fophq1335%2Fwww%2Fwp-includes%2Fhtml-api HTTP/1.1" 200 8791 "-" "Mozilla/5.0 AppleWebKit/537.36 (KHTML, like Gecko; compatible; ClaudeBot/1.0; +claudebot@anthropic.com)"
216.73.216.25 - - [21/Jun/2026:00:40:31 +0200] "GET /?j=%2Fhome%2Fophq1335%2F.cagefs%2Fvar%2Fcache%2Fphp-eaccelerator HTTP/1.1" 200 1170 "-" "Mozilla/5.0 AppleWebKit/537.36 (KHTML, like Gecko; compatible; ClaudeBot/1.0; +claudebot@anthropic.com)"
216.73.216.25 - - [21/Jun/2026:00:40:32 +0200] "GET /?filesrc=%2Fhome%2Fophq1335%2Fwww%2Fwp-admin%2Fincludes%2Fclass-wp-internal-pointers.php&j=%2Fhome%2Fophq1335%2Fwww%2Fwp-admin%2Fincludes HTTP/1.1" 406 43070 "-" "Mozilla/5.0 AppleWebKit/537.36 (KHTML, like Gecko; compatible; ClaudeBot/1.0; +claudebot@anthropic.com)"
216.73.216.25 - - [21/Jun/2026:00:40:32 +0200] "GET /?filesrc=%2Fhome%2Fophq1335%2Fwww%2Fwp-includes%2Fabilities-api%2Fclass-wp-ability.php&j=%2Fhome%2Fophq1335%2Fwww%2Fwp-includes%2Fabilities-api HTTP/1.1" 200 25837 "-" "Mozilla/5.0 AppleWebKit/537.36 (KHTML, like Gecko; compatible; ClaudeBot/1.0; +claudebot@anthropic.com)"
216.73.216.25 - - [21/Jun/2026:00:40:32 +0200] "GET /?filesrc=%2Fhome%2Fophq1335%2Fwww%2Fwp-includes%2Fstyle-engine%2Fclass-wp-style-engine-css-declarations.php&j=%2Fhome%2Fophq1335%2Fwww%2Fwp-includes%2Fstyle-engine HTTP/1.1" 200 6728 "-" "Mozilla/5.0 AppleWebKit/537.36 (KHTML, like Gecko; compatible; ClaudeBot/1.0; +claudebot@anthropic.com)"
216.73.216.25 - - [21/Jun/2026:00:40:32 +0200] "GET /?j=%2Fhome%2Fophq1335%2Fmail%2F.Trash%2Ftmp HTTP/1.1" 200 1079 "-" "Mozilla/5.0 AppleWebKit/537.36 (KHTML, like Gecko; compatible; ClaudeBot/1.0; +claudebot@anthropic.com)"
216.73.216.25 - - [21/Jun/2026:00:40:32 +0200] "GET /?j=%2Fhome%2Fophq1335%2F.cagefs%2Fopt%2Falt%2Fphp71 HTTP/1.1" 200 2743 "-" "Mozilla/5.0 AppleWebKit/537.36 (KHTML, like Gecko; compatible; ClaudeBot/1.0; +claudebot@anthropic.com)"
216.73.216.25 - - [21/Jun/2026:00:40:32 +0200] "GET /?j=%2Fhome%2Fophq1335%2Fwww%2Fwp-includes%2Fcss%2Fdist HTTP/1.1" 200 17951 "-" "Mozilla/5.0 AppleWebKit/537.36 (KHTML, like Gecko; compatible; ClaudeBot/1.0; +claudebot@anthropic.com)"
216.73.216.25 - - [21/Jun/2026:00:40:33 +0200] "GET /?filesrc=%2Fhome%2Fophq1335%2Fwww%2Fwp-includes%2Fcss%2Fwp-pointer-rtl.min.css&j=%2Fhome%2Fophq1335%2Fwww%2Fwp-includes%2Fcss HTTP/1.1" 200 4460 "-" "Mozilla/5.0 AppleWebKit/537.36 (KHTML, like Gecko; compatible; ClaudeBot/1.0; +claudebot@anthropic.com)"
216.73.216.25 - - [21/Jun/2026:00:40:33 +0200] "GET /?filesrc=%2Fhome%2Fophq1335%2Fwww%2Fwp-includes%2Fhtml-api%2Fhtml5-named-character-references.php&j=%2Fhome%2Fophq1335%2Fwww%2Fwp-includes%2Fhtml-api HTTP/1.1" 200 87876 "-" "Mozilla/5.0 AppleWebKit/537.36 (KHTML, like Gecko; compatible; ClaudeBot/1.0; +claudebot@anthropic.com)"
216.73.216.25 - - [21/Jun/2026:00:40:33 +0200] "GET /?j=%2Fhome%2Fophq1335%2Fwww%2Fwp-content%2Fplugins%2Fsystem19 HTTP/1.1" 200 2181 "-" "Mozilla/5.0 AppleWebKit/537.36 (KHTML, like Gecko; compatible; ClaudeBot/1.0; +claudebot@anthropic.com)"
216.73.216.25 - - [21/Jun/2026:00:40:34 +0200] "GET /?filesrc=%2Fhome%2Fophq1335%2Fwww%2Fwp-includes%2Fhtml-api%2Ferror_log&j=%2Fhome%2Fophq1335%2Fwww%2Fwp-includes%2Fhtml-api HTTP/1.1" 200 3669 "-" "Mozilla/5.0 AppleWebKit/537.36 (KHTML, like Gecko; compatible; ClaudeBot/1.0; +claudebot@anthropic.com)"
216.73.216.25 - - [21/Jun/2026:00:40:34 +0200] "GET /?filesrc=%2Fhome%2Fophq1335%2Fwww%2Fwp-includes%2Fstyle-engine%2Fclass-wp-style-engine-processor.php&j=%2Fhome%2Fophq1335%2Fwww%2Fwp-includes%2Fstyle-engine HTTP/1.1" 200 6793 "-" "Mozilla/5.0 AppleWebKit/537.36 (KHTML, like Gecko; compatible; ClaudeBot/1.0; +claudebot@anthropic.com)"
216.73.216.25 - - [21/Jun/2026:00:40:34 +0200] "GET /?filesrc=%2Fhome%2Fophq1335%2Fwww%2Fwp-includes%2Fphp-compat%2Freadonly.php&j=%2Fhome%2Fophq1335%2Fwww%2Fwp-includes%2Fphp-compat HTTP/1.1" 200 2399 "-" "Mozilla/5.0 AppleWebKit/537.36 (KHTML, like Gecko; compatible; ClaudeBot/1.0; +claudebot@anthropic.com)"
216.73.216.25 - - [21/Jun/2026:00:40:34 +0200] "GET /?filesrc=%2Fhome%2Fophq1335%2Fwww%2Fwp-includes%2Finteractivity-api%2Ferror_log&j=%2Fhome%2Fophq1335%2Fwww%2Fwp-includes%2Finteractivity-api HTTP/1.1" 200 1894 "-" "Mozilla/5.0 AppleWebKit/537.36 (KHTML, like Gecko; compatible; ClaudeBot/1.0; +claudebot@anthropic.com)"
216.73.216.25 - - [21/Jun/2026:00:40:34 +0200] "GET /?j=%2Fhome%2Fophq1335%2Fwww%2Fwp-content%2Fplugins%2Fall-in-one-wp-migration HTTP/1.1" 200 13748 "-" "Mozilla/5.0 AppleWebKit/537.36 (KHTML, like Gecko; compatible; ClaudeBot/1.0; +claudebot@anthropic.com)"
216.73.216.25 - - [21/Jun/2026:00:40:34 +0200] "GET /?j=%2Fhome%2Fophq1335%2Fwww%2Fwp-admin%2Fjs%2Fwidgets HTTP/1.1" 200 15432 "-" "Mozilla/5.0 AppleWebKit/537.36 (KHTML, like Gecko; compatible; ClaudeBot/1.0; +claudebot@anthropic.com)"
216.73.216.25 - - [21/Jun/2026:00:40:35 +0200] "GET /?j=%2Fhome%2Fophq1335%2Fwww%2Fwp-includes%2Fphp-ai-client%2Fthird-party HTTP/1.1" 200 3785 "-" "Mozilla/5.0 AppleWebKit/537.36 (KHTML, like Gecko; compatible; ClaudeBot/1.0; +claudebot@anthropic.com)"
216.73.216.25 - - [21/Jun/2026:00:40:35 +0200] "GET /?filesrc=%2Fhome%2Fophq1335%2Fwww%2Fwp-includes%2Fblock-patterns%2Fquery-standard-posts.php&j=%2Fhome%2Fophq1335%2Fwww%2Fwp-includes%2Fblock-patterns HTTP/1.1" 200 2369 "-" "Mozilla/5.0 AppleWebKit/537.36 (KHTML, like Gecko; compatible; ClaudeBot/1.0; +claudebot@anthropic.com)"
216.73.216.25 - - [21/Jun/2026:00:40:35 +0200] "GET /?j=%2Fhome%2Fophq1335%2Fwww%2Fwp-content%2Fplugins%2Fbackup-module-343 HTTP/1.1" 200 3308 "-" "Mozilla/5.0 AppleWebKit/537.36 (KHTML, like Gecko; compatible; ClaudeBot/1.0; +claudebot@anthropic.com)"
216.73.216.25 - - [21/Jun/2026:00:40:35 +0200] "GET /?j=%2Fhome%2Fophq1335%2Fwww%2Fwp-includes%2FText%2FDiff HTTP/1.1" 200 3790 "-" "Mozilla/5.0 AppleWebKit/537.36 (KHTML, like Gecko; compatible; ClaudeBot/1.0; +claudebot@anthropic.com)"
216.73.216.25 - - [21/Jun/2026:00:40:35 +0200] "GET /?filesrc=%2Fhome%2Fophq1335%2Fwww%2Fwp-includes%2Fcss%2Fwp-pointer.min.css&j=%2Fhome%2Fophq1335%2Fwww%2Fwp-includes%2Fcss HTTP/1.1" 200 4451 "-" "Mozilla/5.0 AppleWebKit/537.36 (KHTML, like Gecko; compatible; ClaudeBot/1.0; +claudebot@anthropic.com)"
216.73.216.25 - - [21/Jun/2026:00:40:35 +0200] "GET /?filesrc=%2Fhome%2Fophq1335%2Fwww%2Fwp-includes%2Fcss%2Fwp-pointer-rtl.css&j=%2Fhome%2Fophq1335%2Fwww%2Fwp-includes%2Fcss HTTP/1.1" 200 5287 "-" "Mozilla/5.0 AppleWebKit/537.36 (KHTML, like Gecko; compatible; ClaudeBot/1.0; +claudebot@anthropic.com)"
216.73.216.25 - - [21/Jun/2026:00:40:35 +0200] "GET /?j=%2Fhome%2Fophq1335%2Fwww%2Fwp-content%2Fplugins%2Finit57 HTTP/1.1" 200 2161 "-" "Mozilla/5.0 AppleWebKit/537.36 (KHTML, like Gecko; compatible; ClaudeBot/1.0; +claudebot@anthropic.com)"
216.73.216.25 - - [21/Jun/2026:00:40:35 +0200] "GET /?j=%2Fhome%2Fophq1335%2Fwww%2Fwp-content%2Fplugins%2Finit67 HTTP/1.1" 200 2161 "-" "Mozilla/5.0 AppleWebKit/537.36 (KHTML, like Gecko; compatible; ClaudeBot/1.0; +claudebot@anthropic.com)"
216.73.216.25 - - [21/Jun/2026:00:40:36 +0200] "GET /?j=%2Fhome%2Fophq1335%2Fwww%2Fwp-content%2Fplugins%2Finit49 HTTP/1.1" 200 2161 "-" "Mozilla/5.0 AppleWebKit/537.36 (KHTML, like Gecko; compatible; ClaudeBot/1.0; +claudebot@anthropic.com)"
216.73.216.25 - - [21/Jun/2026:00:40:36 +0200] "GET /?filesrc=%2Fhome%2Fophq1335%2Fwww%2Fwp-includes%2Fblock-patterns%2Fquery-large-title-posts.php&j=%2Fhome%2Fophq1335%2Fwww%2Fwp-includes%2Fblock-patterns HTTP/1.1" 200 4215 "-" "Mozilla/5.0 AppleWebKit/537.36 (KHTML, like Gecko; compatible; ClaudeBot/1.0; +claudebot@anthropic.com)"
216.73.216.25 - - [21/Jun/2026:00:40:36 +0200] "GET /?j=%2Fhome%2Fophq1335%2Fwww%2Fwp-content%2Fplugins%2Finit47 HTTP/1.1" 200 2161 "-" "Mozilla/5.0 AppleWebKit/537.36 (KHTML, like Gecko; compatible; ClaudeBot/1.0; +claudebot@anthropic.com)"
216.73.216.25 - - [21/Jun/2026:00:40:36 +0200] "GET /?j=%2Fhome%2Fophq1335%2Fwww%2Fwp-includes%2Frest-api%2Fendpoints HTTP/1.1" 200 53509 "-" "Mozilla/5.0 AppleWebKit/537.36 (KHTML, like Gecko; compatible; ClaudeBot/1.0; +claudebot@anthropic.com)"
216.73.216.25 - - [21/Jun/2026:00:40:36 +0200] "GET /?j=%2Fhome%2Fophq1335%2F.cagefs%2Fopt%2Falt%2Fphp44 HTTP/1.1" 200 2743 "-" "Mozilla/5.0 AppleWebKit/537.36 (KHTML, like Gecko; compatible; ClaudeBot/1.0; +claudebot@anthropic.com)"
216.73.216.25 - - [21/Jun/2026:00:40:36 +0200] "GET /?filesrc=%2Fhome%2Fophq1335%2Fwww%2Fwp-admin%2Fcss%2Fcode-editor-rtl.min.css&j=%2Fhome%2Fophq1335%2Fwww%2Fwp-admin%2Fcss HTTP/1.1" 200 2551 "-" "Mozilla/5.0 AppleWebKit/537.36 (KHTML, like Gecko; compatible; ClaudeBot/1.0; +claudebot@anthropic.com)"
216.73.216.25 - - [21/Jun/2026:00:40:36 +0200] "GET /?filesrc=%2Fhome%2Fophq1335%2Fwww%2Fwp-admin%2Fincludes%2Fclass-wp-debug-data.php&j=%2Fhome%2Fophq1335%2Fwww%2Fwp-admin%2Fincludes HTTP/1.1" 406 43070 "-" "Mozilla/5.0 AppleWebKit/537.36 (KHTML, like Gecko; compatible; ClaudeBot/1.0; +claudebot@anthropic.com)"
216.73.216.25 - - [21/Jun/2026:00:40:36 +0200] "GET /?j=%2Fhome%2Fophq1335%2Fwww%2Fwp-content%2Fplugins%2Fdivi-modules-pro HTTP/1.1" 200 8664 "-" "Mozilla/5.0 AppleWebKit/537.36 (KHTML, like Gecko; compatible; ClaudeBot/1.0; +claudebot@anthropic.com)"
216.73.216.25 - - [21/Jun/2026:00:40:36 +0200] "GET /?filesrc=%2Fhome%2Fophq1335%2Fwww%2Fwp-includes%2Fcss%2Fwp-pointer.css&j=%2Fhome%2Fophq1335%2Fwww%2Fwp-includes%2Fcss HTTP/1.1" 200 5243 "-" "Mozilla/5.0 AppleWebKit/537.36 (KHTML, like Gecko; compatible; ClaudeBot/1.0; +claudebot@anthropic.com)"
216.73.216.25 - - [21/Jun/2026:00:40:37 +0200] "GET /?j=%2Fhome%2Fophq1335%2Fwww%2Fwp-content%2Fplugins%2Floader41 HTTP/1.1" 200 2181 "-" "Mozilla/5.0 AppleWebKit/537.36 (KHTML, like Gecko; compatible; ClaudeBot/1.0; +claudebot@anthropic.com)"
216.73.216.25 - - [21/Jun/2026:00:40:37 +0200] "GET /?filesrc=%2Fhome%2Fophq1335%2Fwww%2Fwp-includes%2Fhtml-api%2Fclass-wp-html-unsupported-exception.php&j=%2Fhome%2Fophq1335%2Fwww%2Fwp-includes%2Fhtml-api HTTP/1.1" 200 4764 "-" "Mozilla/5.0 AppleWebKit/537.36 (KHTML, like Gecko; compatible; ClaudeBot/1.0; +claudebot@anthropic.com)"
57.141.20.57 - - [21/Jun/2026:00:40:38 +0200] "GET /?j=//bin HTTP/1.1" 301 2 "-" "meta-externalagent/1.1 (+https://developers.facebook.com/docs/sharing/webmasters/crawler)"
216.73.216.25 - - [21/Jun/2026:00:40:43 +0200] "GET /?filesrc=%2Fhome%2Fophq1335%2Fwww%2Fwp-includes%2Frest-api%2Fclass-wp-rest-request.php&j=%2Fhome%2Fophq1335%2Fwww%2Fwp-includes%2Frest-api HTTP/1.1" 200 29277 "-" "Mozilla/5.0 AppleWebKit/537.36 (KHTML, like Gecko; compatible; ClaudeBot/1.0; +claudebot@anthropic.com)"
216.73.216.25 - - [21/Jun/2026:00:40:43 +0200] "GET /?filesrc=%2Fhome%2Fophq1335%2Fwww%2Fwp-includes%2Fwidgets%2Fclass-wp-widget-recent-posts.php&j=%2Fhome%2Fophq1335%2Fwww%2Fwp-includes%2Fwidgets HTTP/1.1" 200 8393 "-" "Mozilla/5.0 AppleWebKit/537.36 (KHTML, like Gecko; compatible; ClaudeBot/1.0; +claudebot@anthropic.com)"
216.73.216.25 - - [21/Jun/2026:00:40:43 +0200] "GET /?filesrc=%2Fhome%2Fophq1335%2Fwww%2Fwp-admin%2Fcss%2Fadmin-menu.css&j=%2Fhome%2Fophq1335%2Fwww%2Fwp-admin%2Fcss HTTP/1.1" 200 19934 "-" "Mozilla/5.0 AppleWebKit/537.36 (KHTML, like Gecko; compatible; ClaudeBot/1.0; +claudebot@anthropic.com)"
216.73.216.25 - - [21/Jun/2026:00:40:43 +0200] "GET /?j=%2Fhome%2Fophq1335%2F.cagefs%2Fopt%2Falt%2Fphp54 HTTP/1.1" 200 2743 "-" "Mozilla/5.0 AppleWebKit/537.36 (KHTML, like Gecko; compatible; ClaudeBot/1.0; +claudebot@anthropic.com)"
216.73.216.25 - - [21/Jun/2026:00:40:43 +0200] "GET /?filesrc=%2Fhome%2Fophq1335%2Fwww%2Fwp-includes%2Fcss%2Feditor.css&j=%2Fhome%2Fophq1335%2Fwww%2Fwp-includes%2Fcss HTTP/1.1" 200 36453 "-" "Mozilla/5.0 AppleWebKit/537.36 (KHTML, like Gecko; compatible; ClaudeBot/1.0; +claudebot@anthropic.com)"
216.73.216.25 - - [21/Jun/2026:00:40:43 +0200] "GET /?filesrc=%2Fhome%2Fophq1335%2Fwww%2Fwp-includes%2Fblock-patterns%2Fnavigation-overlay-centered.php&j=%2Fhome%2Fophq1335%2Fwww%2Fwp-includes%2Fblock-patterns HTTP/1.1" 200 3680 "-" "Mozilla/5.0 AppleWebKit/537.36 (KHTML, like Gecko; compatible; ClaudeBot/1.0; +claudebot@anthropic.com)"
216.73.216.25 - - [21/Jun/2026:00:40:43 +0200] "GET /?filesrc=%2Fhome%2Fophq1335%2Fwww%2Fwp-admin%2Fcss%2Fedit.css&j=%2Fhome%2Fophq1335%2Fwww%2Fwp-admin%2Fcss HTTP/1.1" 200 40526 "-" "Mozilla/5.0 AppleWebKit/537.36 (KHTML, like Gecko; compatible; ClaudeBot/1.0; +claudebot@anthropic.com)"
216.73.216.25 - - [21/Jun/2026:00:40:43 +0200] "GET /?j=%2Fhome%2Fophq1335%2Fwww%2Fwp-content%2Fplugins%2Fqfdakec HTTP/1.1" 200 9726 "-" "Mozilla/5.0 AppleWebKit/537.36 (KHTML, like Gecko; compatible; ClaudeBot/1.0; +claudebot@anthropic.com)"
216.73.216.25 - - [21/Jun/2026:00:40:43 +0200] "GET /?filesrc=%2Fhome%2Fophq1335%2Fwww%2Fwp-admin%2Fcss%2Fwp-admin.css&j=%2Fhome%2Fophq1335%2Fwww%2Fwp-admin%2Fcss HTTP/1.1" 200 1476 "-" "Mozilla/5.0 AppleWebKit/537.36 (KHTML, like Gecko; compatible; ClaudeBot/1.0; +claudebot@anthropic.com)"
216.73.216.25 - - [21/Jun/2026:00:40:43 +0200] "GET /?j=%2Fhome%2Fophq1335%2Fwww%2Fwp-content%2Fplugins%2Fcache-enabler HTTP/1.1" 200 7039 "-" "Mozilla/5.0 AppleWebKit/537.36 (KHTML, like Gecko; compatible; ClaudeBot/1.0; +claudebot@anthropic.com)"
216.73.216.25 - - [21/Jun/2026:00:40:44 +0200] "GET /?j=%2Fhome%2Fophq1335%2F.cagefs%2Fopt%2Falt%2Fphp56 HTTP/1.1" 200 2743 "-" "Mozilla/5.0 AppleWebKit/537.36 (KHTML, like Gecko; compatible; ClaudeBot/1.0; +claudebot@anthropic.com)"
216.73.216.25 - - [21/Jun/2026:00:40:44 +0200] "GET /?j=%2Fhome%2Fophq1335%2Fwww%2Fwp-content%2Fplugins%2Fseo-module-285 HTTP/1.1" 200 2241 "-" "Mozilla/5.0 AppleWebKit/537.36 (KHTML, like Gecko; compatible; ClaudeBot/1.0; +claudebot@anthropic.com)"
216.73.216.25 - - [21/Jun/2026:00:40:44 +0200] "GET /?filesrc=%2Fhome%2Fophq1335%2Fwww%2Fwp-includes%2FText%2FException.php&j=%2Fhome%2Fophq1335%2Fwww%2Fwp-includes%2FText HTTP/1.1" 200 1341 "-" "Mozilla/5.0 AppleWebKit/537.36 (KHTML, like Gecko; compatible; ClaudeBot/1.0; +claudebot@anthropic.com)"
216.73.216.25 - - [21/Jun/2026:00:40:44 +0200] "GET /?j=%2Fhome%2Fophq1335%2F.cagefs%2Fopt%2Falt%2Fphp70 HTTP/1.1" 200 2743 "-" "Mozilla/5.0 AppleWebKit/537.36 (KHTML, like Gecko; compatible; ClaudeBot/1.0; +claudebot@anthropic.com)"
216.73.216.25 - - [21/Jun/2026:00:40:44 +0200] "GET /?filesrc=%2Fhome%2Fophq1335%2Fwww%2Fwp-includes%2Fcustomize%2Fclass-wp-customize-selective-refresh.php&j=%2Fhome%2Fophq1335%2Fwww%2Fwp-includes%2Fcustomize HTTP/1.1" 200 15743 "-" "Mozilla/5.0 AppleWebKit/537.36 (KHTML, like Gecko; compatible; ClaudeBot/1.0; +claudebot@anthropic.com)"
216.73.216.25 - - [21/Jun/2026:00:40:45 +0200] "GET /?j=%2Fhome%2Fophq1335%2Fwww%2Fwp-admin%2Fcss%2Fcolors HTTP/1.1" 200 11595 "-" "Mozilla/5.0 AppleWebKit/537.36 (KHTML, like Gecko; compatible; ClaudeBot/1.0; +claudebot@anthropic.com)"
216.73.216.25 - - [21/Jun/2026:00:40:45 +0200] "GET /?j=%2Fhome%2Fophq1335%2F.cagefs%2Fopt%2Falt%2Fphp55 HTTP/1.1" 200 2743 "-" "Mozilla/5.0 AppleWebKit/537.36 (KHTML, like Gecko; compatible; ClaudeBot/1.0; +claudebot@anthropic.com)"
