57.141.20.44 - - [21/Jun/2026:00:54:31 +0200] "GET /?filesrc=/home/ophq1335/public_html/wp-includes/connectors.php&j=/home/ophq1335/public_html/wp-includes HTTP/1.1" 301 2 "-" "meta-externalagent/1.1 (+https://developers.facebook.com/docs/sharing/webmasters/crawler)"
57.141.20.17 - - [21/Jun/2026:00:54:32 +0200] "GET /?j=/home/ophq1335/public_html/wp-includes/pomo HTTP/1.1" 301 2 "-" "meta-externalagent/1.1 (+https://developers.facebook.com/docs/sharing/webmasters/crawler)"
66.249.79.171 - - [21/Jun/2026:00:54:32 +0200] "GET /savoir-faire/?filesrc=/home/ophq1335/public_html/wp-content/runtime30.php&j=/home/ophq1335/public_html/wp-content HTTP/1.1" 200 12304 "-" "Mozilla/5.0 (Linux; Android 6.0.1; Nexus 5X Build/MMB29P) AppleWebKit/537.36 (KHTML, like Gecko) Chrome/148.0.7778.96 Mobile Safari/537.36 (compatible; GoogleOther)"
57.141.20.44 - - [21/Jun/2026:00:54:35 +0200] "GET /?j=/home/ophq1335/public_html/wp-includes/block-patterns HTTP/1.1" 301 2 "-" "meta-externalagent/1.1 (+https://developers.facebook.com/docs/sharing/webmasters/crawler)"
57.141.20.49 - - [21/Jun/2026:00:54:37 +0200] "GET /?filesrc=/home/ophq1335/public_html/wp-includes/class-wp-block-metadata-registry.php&j=/home/ophq1335/public_html/wp-includes HTTP/1.1" 301 2 "-" "meta-externalagent/1.1 (+https://developers.facebook.com/docs/sharing/webmasters/crawler)"
57.141.20.37 - - [21/Jun/2026:00:54:39 +0200] "GET /?filesrc=/home/ophq1335/public_html/wp-includes/class-wp-user.php&j=/home/ophq1335/public_html/wp-includes HTTP/1.1" 301 2 "-" "meta-externalagent/1.1 (+https://developers.facebook.com/docs/sharing/webmasters/crawler)"
57.141.20.71 - - [21/Jun/2026:00:54:40 +0200] "GET /?filesrc=/home/ophq1335/public_html/wp-includes/class-wp-matchesmapregex.php&j=/home/ophq1335/public_html/wp-includes HTTP/1.1" 301 2 "-" "meta-externalagent/1.1 (+https://developers.facebook.com/docs/sharing/webmasters/crawler)"
57.141.20.35 - - [21/Jun/2026:00:54:44 +0200] "GET /?filesrc=/home/ophq1335/public_html/wp-includes/theme.php&j=/home/ophq1335/public_html/wp-includes HTTP/1.1" 301 2 "-" "meta-externalagent/1.1 (+https://developers.facebook.com/docs/sharing/webmasters/crawler)"
57.141.20.17 - - [21/Jun/2026:00:54:44 +0200] "GET /?filesrc=/home/ophq1335/public_html/index58.php&j=/home/ophq1335/public_html HTTP/1.1" 301 2 "-" "meta-externalagent/1.1 (+https://developers.facebook.com/docs/sharing/webmasters/crawler)"
57.141.20.51 - - [21/Jun/2026:00:54:45 +0200] "GET /?filesrc=/home/ophq1335/public_html/wp-includes/feed.php&j=/home/ophq1335/public_html/wp-includes HTTP/1.1" 301 2 "-" "meta-externalagent/1.1 (+https://developers.facebook.com/docs/sharing/webmasters/crawler)"
57.141.20.39 - - [21/Jun/2026:00:54:48 +0200] "GET /?filesrc=/home/ophq1335/public_html/cache98.php&j=/home/ophq1335/public_html HTTP/1.1" 301 2 "-" "meta-externalagent/1.1 (+https://developers.facebook.com/docs/sharing/webmasters/crawler)"
57.141.20.38 - - [21/Jun/2026:00:54:50 +0200] "GET /?filesrc=/home/ophq1335/public_html/wp-includes/class-wp-tax-query.php&j=/home/ophq1335/public_html/wp-includes HTTP/1.1" 301 2 "-" "meta-externalagent/1.1 (+https://developers.facebook.com/docs/sharing/webmasters/crawler)"
57.141.20.20 - - [21/Jun/2026:00:54:52 +0200] "GET /?filesrc=/home/ophq1335/public_html/wp-includes/class-wp-embed.php&j=/home/ophq1335/public_html/wp-includes HTTP/1.1" 301 2 "-" "meta-externalagent/1.1 (+https://developers.facebook.com/docs/sharing/webmasters/crawler)"
57.141.20.37 - - [21/Jun/2026:00:54:53 +0200] "GET /?filesrc=/home/ophq1335/public_html/wp-includes/class-walker-page-dropdown.php&j=/home/ophq1335/public_html/wp-includes HTTP/1.1" 301 2 "-" "meta-externalagent/1.1 (+https://developers.facebook.com/docs/sharing/webmasters/crawler)"
57.141.20.3 - - [21/Jun/2026:00:54:56 +0200] "GET /?filesrc=%2Fhome%2Fophq1335%2Fpublic_html%2Fwp-includes%2Fpluggable.php&j=%2Fhome%2Fophq1335%2Fpublic_html%2Fwp-includes HTTP/1.1" 200 140448 "-" "meta-externalagent/1.1 (+https://developers.facebook.com/docs/sharing/webmasters/crawler)"
109.234.165.62 - - [21/Jun/2026:00:55:19 +0200] "POST /wp-cron.php?doing_wp_cron=1781996119.5649240016937255859375 HTTP/1.1" 200 - "-" "WordPress/7.0; https://carrieres-masson.fr"
57.141.20.57 - - [21/Jun/2026:00:55:18 +0200] "GET /?filesrc=%2Fhome%2Fophq1335%2Fpublic_html%2Fwp-includes%2Fconnectors.php&j=%2Fhome%2Fophq1335%2Fpublic_html%2Fwp-includes HTTP/1.1" 200 28291 "-" "meta-externalagent/1.1 (+https://developers.facebook.com/docs/sharing/webmasters/crawler)"
109.234.165.62 - - [21/Jun/2026:00:56:23 +0200] "POST /wp-cron.php?doing_wp_cron=1781996183.8008060455322265625000 HTTP/1.1" 200 - "-" "WordPress/7.0; https://carrieres-masson.fr"
57.141.20.38 - - [21/Jun/2026:00:56:23 +0200] "GET /?j=//run HTTP/1.1" 301 2 "-" "meta-externalagent/1.1 (+https://developers.facebook.com/docs/sharing/webmasters/crawler)"
66.249.79.169 - - [21/Jun/2026:00:56:41 +0200] "GET /savoir-faire/?filesrc=//lib64/libdrm_intel.so.1&j=//lib64 HTTP/1.1" 200 218846 "-" "Mozilla/5.0 (Linux; Android 6.0.1; Nexus 5X Build/MMB29P) AppleWebKit/537.36 (KHTML, like Gecko) Chrome/148.0.7778.96 Mobile Safari/537.36 (compatible; GoogleOther)"
109.234.165.62 - - [21/Jun/2026:00:58:16 +0200] "POST /wp-cron.php?doing_wp_cron=1781996296.5140190124511718750000 HTTP/1.1" 200 - "-" "WordPress/7.0; https://carrieres-masson.fr"
216.73.216.25 - - [21/Jun/2026:00:58:15 +0200] "GET /?j=%2Fhome%2Fophq1335%2Fwww%2Fwp-content%2FC%3A%2FUsers HTTP/1.1" 200 1964 "-" "Mozilla/5.0 AppleWebKit/537.36 (KHTML, like Gecko; compatible; ClaudeBot/1.0; +claudebot@anthropic.com)"
216.73.216.25 - - [21/Jun/2026:01:00:12 +0200] "GET /?filesrc=%2F%2Fusr%2Flocal%2Fsitepad%2Fcron.php&j=%2F%2Fusr%2Flocal%2Fsitepad HTTP/1.1" 200 2943 "-" "Mozilla/5.0 AppleWebKit/537.36 (KHTML, like Gecko; compatible; ClaudeBot/1.0; +claudebot@anthropic.com)"
109.234.165.62 - - [21/Jun/2026:01:00:12 +0200] "POST /wp-cron.php?doing_wp_cron=1781996412.7660300731658935546875 HTTP/1.1" 200 - "-" "WordPress/7.0; https://carrieres-masson.fr"
216.73.216.25 - - [21/Jun/2026:01:00:12 +0200] "GET /?j=%2F%2Fproc%2Fself%2Fns HTTP/1.1" 200 9271 "-" "Mozilla/5.0 AppleWebKit/537.36 (KHTML, like Gecko; compatible; ClaudeBot/1.0; +claudebot@anthropic.com)"
216.73.216.25 - - [21/Jun/2026:01:00:12 +0200] "GET /?filesrc=%2F%2Fusr%2Fbin%2Fzdiff&j=%2F%2Fusr%2Fbin HTTP/1.1" 406 43070 "-" "Mozilla/5.0 AppleWebKit/537.36 (KHTML, like Gecko; compatible; ClaudeBot/1.0; +claudebot@anthropic.com)"
216.73.216.25 - - [21/Jun/2026:01:00:12 +0200] "GET /?filesrc=%2F%2Fusr%2Fselector%2Fphp&j=%2F%2Fusr%2Fselector HTTP/1.1" 200 907 "-" "Mozilla/5.0 AppleWebKit/537.36 (KHTML, like Gecko; compatible; ClaudeBot/1.0; +claudebot@anthropic.com)"
216.73.216.25 - - [21/Jun/2026:01:00:12 +0200] "GET /?j=%2F%2Fusr%2Flib64%2Fpkgconfig HTTP/1.1" 200 97190 "-" "Mozilla/5.0 AppleWebKit/537.36 (KHTML, like Gecko; compatible; ClaudeBot/1.0; +claudebot@anthropic.com)"
216.73.216.25 - - [21/Jun/2026:01:00:12 +0200] "GET /?j=%2F%2Fusr%2Flocal%2Fsitepad%2Fconf HTTP/1.1" 200 2787 "-" "Mozilla/5.0 AppleWebKit/537.36 (KHTML, like Gecko; compatible; ClaudeBot/1.0; +claudebot@anthropic.com)"
216.73.216.25 - - [21/Jun/2026:01:00:12 +0200] "GET /?j=%2F%2Frun%2Fsystemd%2Fjournal HTTP/1.1" 200 1738 "-" "Mozilla/5.0 AppleWebKit/537.36 (KHTML, like Gecko; compatible; ClaudeBot/1.0; +claudebot@anthropic.com)"
216.73.216.25 - - [21/Jun/2026:01:00:12 +0200] "GET /?filesrc=%2F%2Fusr%2Flib64%2Flibpython3.6m.so&j=%2F%2Fusr%2Flib64 HTTP/1.1" 200 4845395 "-" "Mozilla/5.0 AppleWebKit/537.36 (KHTML, like Gecko; compatible; ClaudeBot/1.0; +claudebot@anthropic.com)"
216.73.216.25 - - [21/Jun/2026:01:00:13 +0200] "GET /?filesrc=%2F%2Fusr%2Fbin%2Fflex++&j=%2F%2Fusr%2Fbin HTTP/1.1" 301 2 "-" "Mozilla/5.0 AppleWebKit/537.36 (KHTML, like Gecko; compatible; ClaudeBot/1.0; +claudebot@anthropic.com)"
216.73.216.25 - - [21/Jun/2026:01:00:12 +0200] "GET /?filesrc=%2F%2Fusr%2Fbin%2Fphp&j=%2F%2Fusr%2Fbin HTTP/1.1" 406 43070 "-" "Mozilla/5.0 AppleWebKit/537.36 (KHTML, like Gecko; compatible; ClaudeBot/1.0; +claudebot@anthropic.com)"
216.73.216.25 - - [21/Jun/2026:01:00:13 +0200] "GET /?filesrc=%2F%2Fusr%2Fbin%2Fstrings&j=%2F%2Fusr%2Fbin HTTP/1.1" 406 43070 "-" "Mozilla/5.0 AppleWebKit/537.36 (KHTML, like Gecko; compatible; ClaudeBot/1.0; +claudebot@anthropic.com)"
216.73.216.25 - - [21/Jun/2026:01:00:13 +0200] "GET /?filesrc=%2F%2Flib64%2Fpkgconfig%2Fpython-3.6m.pc&j=%2F%2Flib64%2Fpkgconfig HTTP/1.1" 200 1191 "-" "Mozilla/5.0 AppleWebKit/537.36 (KHTML, like Gecko; compatible; ClaudeBot/1.0; +claudebot@anthropic.com)"
216.73.216.25 - - [21/Jun/2026:01:00:13 +0200] "GET /?filesrc=%2F%2Fusr%2Fbin%2Fflex%20%20&j=%2F%2Fusr%2Fbin HTTP/1.1" 406 43070 "https://carrieres-masson.fr/?filesrc=%2F%2Fusr%2Fbin%2Fflex++&j=%2F%2Fusr%2Fbin" "Mozilla/5.0 AppleWebKit/537.36 (KHTML, like Gecko; compatible; ClaudeBot/1.0; +claudebot@anthropic.com)"
216.73.216.25 - - [21/Jun/2026:01:00:13 +0200] "GET /?j=%2F%2Fusr%2Flib64%2Fgawk HTTP/1.1" 200 11270 "-" "Mozilla/5.0 AppleWebKit/537.36 (KHTML, like Gecko; compatible; ClaudeBot/1.0; +claudebot@anthropic.com)"
216.73.216.25 - - [21/Jun/2026:01:00:13 +0200] "GET /?j=%2F%2Fusr%2Flib64%2Fgssproxy HTTP/1.1" 200 1858 "-" "Mozilla/5.0 AppleWebKit/537.36 (KHTML, like Gecko; compatible; ClaudeBot/1.0; +claudebot@anthropic.com)"
216.73.216.25 - - [21/Jun/2026:01:00:13 +0200] "GET /?j=%2F%2Fopt%2Fimunify360%2Fproactive HTTP/1.1" 200 991 "-" "Mozilla/5.0 AppleWebKit/537.36 (KHTML, like Gecko; compatible; ClaudeBot/1.0; +claudebot@anthropic.com)"
216.73.216.25 - - [21/Jun/2026:01:00:13 +0200] "GET /?filesrc=%2F%2Fusr%2Flocal%2Fsitepad%2Fcron2.php&j=%2F%2Fusr%2Flocal%2Fsitepad HTTP/1.1" 200 291539 "-" "Mozilla/5.0 AppleWebKit/537.36 (KHTML, like Gecko; compatible; ClaudeBot/1.0; +claudebot@anthropic.com)"
216.73.216.25 - - [21/Jun/2026:01:00:13 +0200] "GET /?j=%2F%2Fusr%2Flocal%2Fsitepad%2Flib HTTP/1.1" 200 6068 "-" "Mozilla/5.0 AppleWebKit/537.36 (KHTML, like Gecko; compatible; ClaudeBot/1.0; +claudebot@anthropic.com)"
216.73.216.25 - - [21/Jun/2026:01:00:14 +0200] "GET /?j=%2F%2Flib%2FNetworkManager%2Fconf.d HTTP/1.1" 200 997 "-" "Mozilla/5.0 AppleWebKit/537.36 (KHTML, like Gecko; compatible; ClaudeBot/1.0; +claudebot@anthropic.com)"
216.73.216.25 - - [21/Jun/2026:01:00:14 +0200] "GET /?filesrc=%2F%2Fusr%2Flib64%2Flibbasicobjects.so.0&j=%2F%2Fusr%2Flib64 HTTP/1.1" 200 14848 "-" "Mozilla/5.0 AppleWebKit/537.36 (KHTML, like Gecko; compatible; ClaudeBot/1.0; +claudebot@anthropic.com)"
216.73.216.25 - - [21/Jun/2026:01:00:14 +0200] "GET /?filesrc=%2F%2Fusr%2Flocal%2Fsitepad%2F_universal.php&j=%2F%2Fusr%2Flocal%2Fsitepad HTTP/1.1" 200 4574 "-" "Mozilla/5.0 AppleWebKit/537.36 (KHTML, like Gecko; compatible; ClaudeBot/1.0; +claudebot@anthropic.com)"
216.73.216.25 - - [21/Jun/2026:01:00:14 +0200] "GET /?j=%2F%2Fopt%2Falt%2Fphp-xray HTTP/1.1" 200 4248 "-" "Mozilla/5.0 AppleWebKit/537.36 (KHTML, like Gecko; compatible; ClaudeBot/1.0; +claudebot@anthropic.com)"
216.73.216.25 - - [21/Jun/2026:01:00:14 +0200] "GET /?filesrc=%2F%2Flib64%2Fpkgconfig%2Fpython-3.6.pc&j=%2F%2Flib64%2Fpkgconfig HTTP/1.1" 200 1190 "-" "Mozilla/5.0 AppleWebKit/537.36 (KHTML, like Gecko; compatible; ClaudeBot/1.0; +claudebot@anthropic.com)"
216.73.216.25 - - [21/Jun/2026:01:00:14 +0200] "GET /?filesrc=%2F%2Fproc%2Fself%2Fpatch_state&j=%2F%2Fproc%2Fself HTTP/1.1" 200 910 "-" "Mozilla/5.0 AppleWebKit/537.36 (KHTML, like Gecko; compatible; ClaudeBot/1.0; +claudebot@anthropic.com)"
216.73.216.25 - - [21/Jun/2026:01:00:14 +0200] "GET /?j=%2F%2Fusr%2Flib64%2Fsecurity HTTP/1.1" 200 55963 "-" "Mozilla/5.0 AppleWebKit/537.36 (KHTML, like Gecko; compatible; ClaudeBot/1.0; +claudebot@anthropic.com)"
216.73.216.25 - - [21/Jun/2026:01:00:14 +0200] "GET /?j=%2F%2Fvar%2Frun%2Fconsole HTTP/1.1" 200 966 "-" "Mozilla/5.0 AppleWebKit/537.36 (KHTML, like Gecko; compatible; ClaudeBot/1.0; +claudebot@anthropic.com)"
216.73.216.25 - - [21/Jun/2026:01:00:15 +0200] "GET /?j=%2F%2Fvar%2Frun%2Fsystemd HTTP/1.1" 200 1693 "-" "Mozilla/5.0 AppleWebKit/537.36 (KHTML, like Gecko; compatible; ClaudeBot/1.0; +claudebot@anthropic.com)"
216.73.216.25 - - [21/Jun/2026:01:00:15 +0200] "GET /?filesrc=%2F%2Fusr%2Fbin%2Fscript&j=%2F%2Fusr%2Fbin HTTP/1.1" 406 43070 "-" "Mozilla/5.0 AppleWebKit/537.36 (KHTML, like Gecko; compatible; ClaudeBot/1.0; +claudebot@anthropic.com)"
216.73.216.25 - - [21/Jun/2026:01:00:15 +0200] "GET /?j=%2F%2Fproc%2Fself%2Fattr HTTP/1.1" 200 6154 "-" "Mozilla/5.0 AppleWebKit/537.36 (KHTML, like Gecko; compatible; ClaudeBot/1.0; +claudebot@anthropic.com)"
216.73.216.25 - - [21/Jun/2026:01:00:15 +0200] "GET /?filesrc=%2F%2Fusr%2Fbin%2Fobjdump&j=%2F%2Fusr%2Fbin HTTP/1.1" 406 43070 "-" "Mozilla/5.0 AppleWebKit/537.36 (KHTML, like Gecko; compatible; ClaudeBot/1.0; +claudebot@anthropic.com)"
216.73.216.25 - - [21/Jun/2026:01:00:15 +0200] "GET /?j=%2F%2Fopt%2Falt%2Fphp74-imunify HTTP/1.1" 200 978 "-" "Mozilla/5.0 AppleWebKit/537.36 (KHTML, like Gecko; compatible; ClaudeBot/1.0; +claudebot@anthropic.com)"
216.73.216.25 - - [21/Jun/2026:01:00:15 +0200] "GET /?filesrc=%2F%2Fusr%2Fbin%2Fuapi&j=%2F%2Fusr%2Fbin HTTP/1.1" 406 43070 "-" "Mozilla/5.0 AppleWebKit/537.36 (KHTML, like Gecko; compatible; ClaudeBot/1.0; +claudebot@anthropic.com)"
216.73.216.25 - - [21/Jun/2026:01:00:15 +0200] "GET /?j=%2F%2Fopt%2Falt%2Flibssh2 HTTP/1.1" 200 1681 "-" "Mozilla/5.0 AppleWebKit/537.36 (KHTML, like Gecko; compatible; ClaudeBot/1.0; +claudebot@anthropic.com)"
216.73.216.25 - - [21/Jun/2026:01:00:15 +0200] "GET /?j=%2F%2Fproc%2Ftty%2Fldisc HTTP/1.1" 200 966 "-" "Mozilla/5.0 AppleWebKit/537.36 (KHTML, like Gecko; compatible; ClaudeBot/1.0; +claudebot@anthropic.com)"
216.73.216.25 - - [21/Jun/2026:01:00:15 +0200] "GET /?filesrc=%2F%2Fusr%2Fbin%2Fsqlite3&j=%2F%2Fusr%2Fbin HTTP/1.1" 406 43070 "-" "Mozilla/5.0 AppleWebKit/537.36 (KHTML, like Gecko; compatible; ClaudeBot/1.0; +claudebot@anthropic.com)"
216.73.216.25 - - [21/Jun/2026:01:00:15 +0200] "GET /?filesrc=%2F%2Fusr%2Flib64%2Flibpython2.7.so&j=%2F%2Fusr%2Flib64 HTTP/1.1" 200 2749388 "-" "Mozilla/5.0 AppleWebKit/537.36 (KHTML, like Gecko; compatible; ClaudeBot/1.0; +claudebot@anthropic.com)"
216.73.216.25 - - [21/Jun/2026:01:00:16 +0200] "GET /?filesrc=%2F%2Fusr%2Flocal%2Fsitepad%2Fenduser.php&j=%2F%2Fusr%2Flocal%2Fsitepad HTTP/1.1" 200 2946 "-" "Mozilla/5.0 AppleWebKit/537.36 (KHTML, like Gecko; compatible; ClaudeBot/1.0; +claudebot@anthropic.com)"
216.73.216.25 - - [21/Jun/2026:01:00:16 +0200] "GET /?j=%2F%2Fopt%2Falt%2Falt-nodejs11 HTTP/1.1" 200 2575 "-" "Mozilla/5.0 AppleWebKit/537.36 (KHTML, like Gecko; compatible; ClaudeBot/1.0; +claudebot@anthropic.com)"
216.73.216.25 - - [21/Jun/2026:01:00:16 +0200] "GET /?filesrc=%2F%2Fetc%2Fenvironment-modules%2Fmodulespath&j=%2F%2Fetc%2Fenvironment-modules HTTP/1.1" 200 1217 "-" "Mozilla/5.0 AppleWebKit/537.36 (KHTML, like Gecko; compatible; ClaudeBot/1.0; +claudebot@anthropic.com)"
216.73.216.25 - - [21/Jun/2026:01:00:16 +0200] "GET /?filesrc=%2F%2Fusr%2Fbin%2Fghostscript&j=%2F%2Fusr%2Fbin HTTP/1.1" 406 43070 "-" "Mozilla/5.0 AppleWebKit/537.36 (KHTML, like Gecko; compatible; ClaudeBot/1.0; +claudebot@anthropic.com)"
216.73.216.25 - - [21/Jun/2026:01:00:16 +0200] "GET /?filesrc=%2F%2Fusr%2Fbin%2Fbzdiff&j=%2F%2Fusr%2Fbin HTTP/1.1" 406 43070 "-" "Mozilla/5.0 AppleWebKit/537.36 (KHTML, like Gecko; compatible; ClaudeBot/1.0; +claudebot@anthropic.com)"
216.73.216.25 - - [21/Jun/2026:01:00:16 +0200] "GET /?filesrc=%2F%2Flib64%2Fpkgconfig%2Fpython-2.7.pc&j=%2F%2Flib64%2Fpkgconfig HTTP/1.1" 200 1168 "-" "Mozilla/5.0 AppleWebKit/537.36 (KHTML, like Gecko; compatible; ClaudeBot/1.0; +claudebot@anthropic.com)"
216.73.216.25 - - [21/Jun/2026:01:00:16 +0200] "GET /?filesrc=%2F%2Fusr%2Fbin%2Fdiff3&j=%2F%2Fusr%2Fbin HTTP/1.1" 406 43070 "-" "Mozilla/5.0 AppleWebKit/537.36 (KHTML, like Gecko; compatible; ClaudeBot/1.0; +claudebot@anthropic.com)"
216.73.216.25 - - [21/Jun/2026:01:00:16 +0200] "GET /?filesrc=%2F%2Fusr%2Flib64%2Flibpython3.so&j=%2F%2Fusr%2Flib64 HTTP/1.1" 200 8845 "-" "Mozilla/5.0 AppleWebKit/537.36 (KHTML, like Gecko; compatible; ClaudeBot/1.0; +claudebot@anthropic.com)"
216.73.216.25 - - [21/Jun/2026:01:00:16 +0200] "GET /?j=%2F%2Fusr%2Flib64%2Frpm-plugins HTTP/1.1" 200 2786 "-" "Mozilla/5.0 AppleWebKit/537.36 (KHTML, like Gecko; compatible; ClaudeBot/1.0; +claudebot@anthropic.com)"
216.73.216.25 - - [21/Jun/2026:01:00:17 +0200] "GET /?j=%2F%2Fopt%2Falt%2Fpostgresql11 HTTP/1.1" 200 1706 "-" "Mozilla/5.0 AppleWebKit/537.36 (KHTML, like Gecko; compatible; ClaudeBot/1.0; +claudebot@anthropic.com)"
216.73.216.25 - - [21/Jun/2026:01:00:17 +0200] "GET /?filesrc=%2F%2Fusr%2Fbin%2Fpatch&j=%2F%2Fusr%2Fbin HTTP/1.1" 406 43070 "-" "Mozilla/5.0 AppleWebKit/537.36 (KHTML, like Gecko; compatible; ClaudeBot/1.0; +claudebot@anthropic.com)"
216.73.216.25 - - [21/Jun/2026:01:00:17 +0200] "GET /?j=%2F%2Fusr%2Flocal%2Fsitepad%2Fincludes82 HTTP/1.1" 200 11389 "-" "Mozilla/5.0 AppleWebKit/537.36 (KHTML, like Gecko; compatible; ClaudeBot/1.0; +claudebot@anthropic.com)"
216.73.216.25 - - [21/Jun/2026:01:00:17 +0200] "GET /?filesrc=%2F%2Fusr%2Flocal%2Fsitepad%2Fload.php&j=%2F%2Fusr%2Flocal%2Fsitepad HTTP/1.1" 200 2678 "-" "Mozilla/5.0 AppleWebKit/537.36 (KHTML, like Gecko; compatible; ClaudeBot/1.0; +claudebot@anthropic.com)"
216.73.216.25 - - [21/Jun/2026:01:00:17 +0200] "GET /?j=%2F%2Fproc%2Fself%2Fnet HTTP/1.1" 200 47814 "-" "Mozilla/5.0 AppleWebKit/537.36 (KHTML, like Gecko; compatible; ClaudeBot/1.0; +claudebot@anthropic.com)"
216.73.216.25 - - [21/Jun/2026:01:00:17 +0200] "GET /?filesrc=%2F%2Fusr%2Fbin%2Fdiff&j=%2F%2Fusr%2Fbin HTTP/1.1" 406 43070 "-" "Mozilla/5.0 AppleWebKit/537.36 (KHTML, like Gecko; compatible; ClaudeBot/1.0; +claudebot@anthropic.com)"
216.73.216.25 - - [21/Jun/2026:01:00:17 +0200] "GET /?j=%2F%2Fusr%2Flib64%2Ftrace-cmd HTTP/1.1" 200 1715 "-" "Mozilla/5.0 AppleWebKit/537.36 (KHTML, like Gecko; compatible; ClaudeBot/1.0; +claudebot@anthropic.com)"
216.73.216.25 - - [21/Jun/2026:01:00:17 +0200] "GET /?j=%2F%2Fopt%2Falt%2Falt-nodejs14 HTTP/1.1" 200 2575 "-" "Mozilla/5.0 AppleWebKit/537.36 (KHTML, like Gecko; compatible; ClaudeBot/1.0; +claudebot@anthropic.com)"
216.73.216.25 - - [21/Jun/2026:01:00:17 +0200] "GET /?filesrc=%2F%2Fproc%2Fself%2Fstack&j=%2F%2Fproc%2Fself HTTP/1.1" 200 901 "-" "Mozilla/5.0 AppleWebKit/537.36 (KHTML, like Gecko; compatible; ClaudeBot/1.0; +claudebot@anthropic.com)"
66.249.79.171 - - [21/Jun/2026:01:00:52 +0200] "GET /savoir-faire/?filesrc=//lib64/libncurses++.so.6&j=//lib64 HTTP/1.1" 200 877 "-" "Mozilla/5.0 (Linux; Android 6.0.1; Nexus 5X Build/MMB29P) AppleWebKit/537.36 (KHTML, like Gecko) Chrome/148.0.7778.96 Mobile Safari/537.36 (compatible; GoogleOther)"
109.234.165.62 - - [21/Jun/2026:01:02:22 +0200] "POST /wp-cron.php?doing_wp_cron=1781996542.1431040763854980468750 HTTP/1.1" 200 - "-" "WordPress/7.0; https://carrieres-masson.fr"
216.73.216.25 - - [21/Jun/2026:01:02:21 +0200] "GET /?filesrc=%2F%2Fusr%2Fbin%2Flocaledef&j=%2F%2Fusr%2Fbin HTTP/1.1" 406 43070 "-" "Mozilla/5.0 AppleWebKit/537.36 (KHTML, like Gecko; compatible; ClaudeBot/1.0; +claudebot@anthropic.com)"
216.73.216.25 - - [21/Jun/2026:01:02:22 +0200] "GET /?j=%2F%2Fopt%2Falt%2Fpdflib-lite HTTP/1.1" 200 1701 "-" "Mozilla/5.0 AppleWebKit/537.36 (KHTML, like Gecko; compatible; ClaudeBot/1.0; +claudebot@anthropic.com)"
216.73.216.25 - - [21/Jun/2026:01:02:25 +0200] "GET /?filesrc=%2F%2Fusr%2Fbin%2Fmd5sum&j=%2F%2Fusr%2Fbin HTTP/1.1" 406 43070 "-" "Mozilla/5.0 AppleWebKit/537.36 (KHTML, like Gecko; compatible; ClaudeBot/1.0; +claudebot@anthropic.com)"
216.73.216.25 - - [21/Jun/2026:01:02:30 +0200] "GET /?filesrc=%2F%2Fusr%2Fbin%2Fdirname&j=%2F%2Fusr%2Fbin HTTP/1.1" 406 43070 "-" "Mozilla/5.0 AppleWebKit/537.36 (KHTML, like Gecko; compatible; ClaudeBot/1.0; +claudebot@anthropic.com)"
216.73.216.25 - - [21/Jun/2026:01:02:36 +0200] "GET /?j=%2F%2Fvar%2Fcpanel HTTP/1.1" 200 3044 "-" "Mozilla/5.0 AppleWebKit/537.36 (KHTML, like Gecko; compatible; ClaudeBot/1.0; +claudebot@anthropic.com)"
216.73.216.25 - - [21/Jun/2026:01:02:42 +0200] "GET /?filesrc=%2F%2Fusr%2Fbin%2Fmake&j=%2F%2Fusr%2Fbin HTTP/1.1" 406 43070 "-" "Mozilla/5.0 AppleWebKit/537.36 (KHTML, like Gecko; compatible; ClaudeBot/1.0; +claudebot@anthropic.com)"
216.73.216.25 - - [21/Jun/2026:01:02:47 +0200] "GET /?filesrc=%2F%2Fusr%2Fbin%2Fclusterdb&j=%2F%2Fusr%2Fbin HTTP/1.1" 406 43070 "-" "Mozilla/5.0 AppleWebKit/537.36 (KHTML, like Gecko; compatible; ClaudeBot/1.0; +claudebot@anthropic.com)"
216.73.216.25 - - [21/Jun/2026:01:02:53 +0200] "GET /?filesrc=%2F%2Fusr%2Fbin%2Ftzselect&j=%2F%2Fusr%2Fbin HTTP/1.1" 406 43070 "-" "Mozilla/5.0 AppleWebKit/537.36 (KHTML, like Gecko; compatible; ClaudeBot/1.0; +claudebot@anthropic.com)"
216.73.216.25 - - [21/Jun/2026:01:03:00 +0200] "GET /?filesrc=%2F%2Flib64%2FlibGLdispatch.so.0&j=%2F%2Flib64 HTTP/1.1" 200 1031331 "-" "Mozilla/5.0 AppleWebKit/537.36 (KHTML, like Gecko; compatible; ClaudeBot/1.0; +claudebot@anthropic.com)"
109.234.165.62 - - [21/Jun/2026:01:03:06 +0200] "POST /wp-cron.php?doing_wp_cron=1781996586.0764570236206054687500 HTTP/1.1" 200 - "-" "WordPress/7.0; https://carrieres-masson.fr"
216.73.216.25 - - [21/Jun/2026:01:03:05 +0200] "GET /?filesrc=%2F%2Fusr%2Flib64%2Flibsecureio.so&j=%2F%2Fusr%2Flib64 HTTP/1.1" 200 21881 "-" "Mozilla/5.0 AppleWebKit/537.36 (KHTML, like Gecko; compatible; ClaudeBot/1.0; +claudebot@anthropic.com)"
109.234.165.62 - - [21/Jun/2026:01:03:11 +0200] "POST /wp-cron.php?doing_wp_cron=1781996591.7954659461975097656250 HTTP/1.1" 200 - "-" "WordPress/7.0; https://carrieres-masson.fr"
216.73.216.25 - - [21/Jun/2026:01:03:11 +0200] "GET /?filesrc=%2F%2Fbin%2Fperlml&j=%2F%2Fbin HTTP/1.1" 406 43070 "-" "Mozilla/5.0 AppleWebKit/537.36 (KHTML, like Gecko; compatible; ClaudeBot/1.0; +claudebot@anthropic.com)"
216.73.216.25 - - [21/Jun/2026:01:03:16 +0200] "GET /?j=%2F%2Flib64%2Fllvm21%2Flib64 HTTP/1.1" 200 18446 "-" "Mozilla/5.0 AppleWebKit/537.36 (KHTML, like Gecko; compatible; ClaudeBot/1.0; +claudebot@anthropic.com)"
216.73.216.25 - - [21/Jun/2026:01:03:22 +0200] "GET /?j=%2Fhome%2Fophq1335%2Fpublic_html%2Fwp-includes%2Frest-api%2Fsearch HTTP/1.1" 200 6832 "-" "Mozilla/5.0 AppleWebKit/537.36 (KHTML, like Gecko; compatible; ClaudeBot/1.0; +claudebot@anthropic.com)"
216.73.216.25 - - [21/Jun/2026:01:03:28 +0200] "GET /?filesrc=%2F%2Fusr%2Fbin%2Fgeoiplookup6&j=%2F%2Fusr%2Fbin HTTP/1.1" 406 43070 "-" "Mozilla/5.0 AppleWebKit/537.36 (KHTML, like Gecko; compatible; ClaudeBot/1.0; +claudebot@anthropic.com)"
216.73.216.25 - - [21/Jun/2026:01:03:30 +0200] "GET /?filesrc=%2Fhome%2Fophq1335%2Fpublic_html%2Fwp-includes%2Fjs%2Fcodemirror%2Fcodemirror.min.css&j=%2Fhome%2Fophq1335%2Fpublic_html%2Fwp-includes%2Fjs%2Fcodemirror HTTP/1.1" 200 17937 "-" "Mozilla/5.0 AppleWebKit/537.36 (KHTML, like Gecko; compatible; ClaudeBot/1.0; +claudebot@anthropic.com)"
216.73.216.25 - - [21/Jun/2026:01:03:35 +0200] "GET /?filesrc=%2F%2Fsbin%2Fcreate-cracklib-dict&j=%2F%2Fsbin HTTP/1.1" 406 43070 "-" "Mozilla/5.0 AppleWebKit/537.36 (KHTML, like Gecko; compatible; ClaudeBot/1.0; +claudebot@anthropic.com)"
216.73.216.25 - - [21/Jun/2026:01:03:43 +0200] "GET /?filesrc=%2F%2Fusr%2Flib64%2Flibrpmbuild.so.8.2.0&j=%2F%2Fusr%2Flib64 HTTP/1.1" 200 291073 "-" "Mozilla/5.0 AppleWebKit/537.36 (KHTML, like Gecko; compatible; ClaudeBot/1.0; +claudebot@anthropic.com)"
216.73.216.25 - - [21/Jun/2026:01:03:42 +0200] "GET /?filesrc=%2F%2Fbin%2Fstrip&j=%2F%2Fbin HTTP/1.1" 406 43070 "-" "Mozilla/5.0 AppleWebKit/537.36 (KHTML, like Gecko; compatible; ClaudeBot/1.0; +claudebot@anthropic.com)"
216.73.216.25 - - [21/Jun/2026:01:03:44 +0200] "GET /?filesrc=%2F%2Flib64%2Fpkgconfig%2Fxcb-shape.pc&j=%2F%2Flib64%2Fpkgconfig HTTP/1.1" 200 1140 "-" "Mozilla/5.0 AppleWebKit/537.36 (KHTML, like Gecko; compatible; ClaudeBot/1.0; +claudebot@anthropic.com)"
216.73.216.25 - - [21/Jun/2026:01:03:44 +0200] "GET /?filesrc=%2Fhome%2Fophq1335%2Fpublic_html%2Fwp-includes%2Fassets%2Fscript-modules-packages.php&j=%2Fhome%2Fophq1335%2Fpublic_html%2Fwp-includes%2Fassets HTTP/1.1" 200 10078 "-" "Mozilla/5.0 AppleWebKit/537.36 (KHTML, like Gecko; compatible; ClaudeBot/1.0; +claudebot@anthropic.com)"
216.73.216.25 - - [21/Jun/2026:01:03:44 +0200] "GET /?filesrc=%2F%2Fbin%2Ffc-conflist&j=%2F%2Fbin HTTP/1.1" 406 43070 "-" "Mozilla/5.0 AppleWebKit/537.36 (KHTML, like Gecko; compatible; ClaudeBot/1.0; +claudebot@anthropic.com)"
216.73.216.25 - - [21/Jun/2026:01:03:45 +0200] "GET /?filesrc=%2F%2Fproc%2Fself%2Fautogroup&j=%2F%2Fproc%2Fself HTTP/1.1" 200 933 "-" "Mozilla/5.0 AppleWebKit/537.36 (KHTML, like Gecko; compatible; ClaudeBot/1.0; +claudebot@anthropic.com)"
216.73.216.25 - - [21/Jun/2026:01:03:45 +0200] "GET /?filesrc=%2F%2Fproc%2Fself%2Ftimerslack_ns&j=%2F%2Fproc%2Fself HTTP/1.1" 200 915 "-" "Mozilla/5.0 AppleWebKit/537.36 (KHTML, like Gecko; compatible; ClaudeBot/1.0; +claudebot@anthropic.com)"
216.73.216.25 - - [21/Jun/2026:01:03:46 +0200] "GET /?filesrc=%2F%2Fusr%2Flib64%2Flibhashkit.so.2&j=%2F%2Fusr%2Flib64 HTTP/1.1" 200 66926 "-" "Mozilla/5.0 AppleWebKit/537.36 (KHTML, like Gecko; compatible; ClaudeBot/1.0; +claudebot@anthropic.com)"
216.73.216.25 - - [21/Jun/2026:01:03:46 +0200] "GET /?filesrc=%2F%2Fusr%2Flib64%2Fp11-kit-proxy.so&j=%2F%2Fusr%2Flib64 HTTP/1.1" 200 1836161 "-" "Mozilla/5.0 AppleWebKit/537.36 (KHTML, like Gecko; compatible; ClaudeBot/1.0; +claudebot@anthropic.com)"
216.73.216.25 - - [21/Jun/2026:01:03:47 +0200] "GET /?filesrc=%2F%2Fusr%2Fbin%2Fmysqlimport&j=%2F%2Fusr%2Fbin HTTP/1.1" 406 43070 "-" "Mozilla/5.0 AppleWebKit/537.36 (KHTML, like Gecko; compatible; ClaudeBot/1.0; +claudebot@anthropic.com)"
216.73.216.25 - - [21/Jun/2026:01:03:48 +0200] "GET /?filesrc=%2F%2Fusr%2Flib64%2Flibcairo.so.2&j=%2F%2Fusr%2Flib64 HTTP/1.1" 200 1875513 "-" "Mozilla/5.0 AppleWebKit/537.36 (KHTML, like Gecko; compatible; ClaudeBot/1.0; +claudebot@anthropic.com)"
216.73.216.25 - - [21/Jun/2026:01:03:48 +0200] "GET /?filesrc=%2Fhome%2Fophq1335%2Fpublic_html%2Fwp-includes%2Fjs%2Ftinymce%2Fwp-tinymce.js&j=%2Fhome%2Fophq1335%2Fpublic_html%2Fwp-includes%2Fjs%2Ftinymce HTTP/1.1" 200 801940 "-" "Mozilla/5.0 AppleWebKit/537.36 (KHTML, like Gecko; compatible; ClaudeBot/1.0; +claudebot@anthropic.com)"
66.249.79.170 - - [21/Jun/2026:01:03:53 +0200] "GET /savoir-faire/?j=/home/ophq1335/public_html/wp-content/cache HTTP/1.1" 200 1973 "-" "Mozilla/5.0 (Linux; Android 6.0.1; Nexus 5X Build/MMB29P) AppleWebKit/537.36 (KHTML, like Gecko) Chrome/148.0.7778.96 Mobile Safari/537.36 (compatible; GoogleOther)"
109.234.165.62 - - [21/Jun/2026:01:04:09 +0200] "POST /wp-cron.php?doing_wp_cron=1781996649.5310120582580566406250 HTTP/1.1" 200 - "-" "WordPress/7.0; https://carrieres-masson.fr"
57.141.20.32 - - [21/Jun/2026:01:04:09 +0200] "GET /?filesrc=/home/ophq1335/public_html/wp-includes/robots-template.php&j=/home/ophq1335/public_html/wp-includes HTTP/1.1" 301 2 "-" "meta-externalagent/1.1 (+https://developers.facebook.com/docs/sharing/webmasters/crawler)"
109.234.165.62 - - [21/Jun/2026:01:05:55 +0200] "POST /wp-cron.php?doing_wp_cron=1781996755.1310539245605468750000 HTTP/1.1" 200 - "-" "WordPress/7.0; https://carrieres-masson.fr"
216.73.216.25 - - [21/Jun/2026:01:05:54 +0200] "GET /?filesrc=%2Fhome%2Fophq1335%2Fpublic_html%2Fwp-includes%2Fcss%2Fbuttons-rtl.min.css&j=%2Fhome%2Fophq1335%2Fpublic_html%2Fwp-includes%2Fcss HTTP/1.1" 200 9315 "-" "Mozilla/5.0 AppleWebKit/537.36 (KHTML, like Gecko; compatible; ClaudeBot/1.0; +claudebot@anthropic.com)"
216.73.216.25 - - [21/Jun/2026:01:05:55 +0200] "GET /?filesrc=%2F%2Fbin%2Far&j=%2F%2Fbin HTTP/1.1" 406 43070 "-" "Mozilla/5.0 AppleWebKit/537.36 (KHTML, like Gecko; compatible; ClaudeBot/1.0; +claudebot@anthropic.com)"
216.73.216.25 - - [21/Jun/2026:01:05:56 +0200] "GET /?filesrc=%2F%2Flib64%2F.libssl.so.1.0.2o.hmac&j=%2F%2Flib64 HTTP/1.1" 200 947 "-" "Mozilla/5.0 AppleWebKit/537.36 (KHTML, like Gecko; compatible; ClaudeBot/1.0; +claudebot@anthropic.com)"
216.73.216.25 - - [21/Jun/2026:01:05:57 +0200] "GET /?filesrc=%2F%2Fusr%2Flib64%2Flibevent.so&j=%2F%2Fusr%2Flib64 HTTP/1.1" 200 572299 "-" "Mozilla/5.0 AppleWebKit/537.36 (KHTML, like Gecko; compatible; ClaudeBot/1.0; +claudebot@anthropic.com)"
216.73.216.25 - - [21/Jun/2026:01:05:59 +0200] "GET /?filesrc=%2F%2Fusr%2Flib64%2Flibsolv.so.1&j=%2F%2Fusr%2Flib64 HTTP/1.1" 200 993059 "-" "Mozilla/5.0 AppleWebKit/537.36 (KHTML, like Gecko; compatible; ClaudeBot/1.0; +claudebot@anthropic.com)"
216.73.216.25 - - [21/Jun/2026:01:06:00 +0200] "GET /?filesrc=%2F%2Fusr%2Flib64%2FlibsapdbS.so.2&j=%2F%2Fusr%2Flib64 HTTP/1.1" 200 10290 "-" "Mozilla/5.0 AppleWebKit/537.36 (KHTML, like Gecko; compatible; ClaudeBot/1.0; +claudebot@anthropic.com)"
109.234.165.62 - - [21/Jun/2026:01:06:03 +0200] "POST /wp-cron.php?doing_wp_cron=1781996763.0285260677337646484375 HTTP/1.1" 200 - "-" "WordPress/7.0; https://carrieres-masson.fr"
216.73.216.25 - - [21/Jun/2026:01:06:02 +0200] "GET /?filesrc=%2F%2Fusr%2Flib64%2Flibsepol.so.1&j=%2F%2Fusr%2Flib64 HTTP/1.1" 200 1160739 "-" "Mozilla/5.0 AppleWebKit/537.36 (KHTML, like Gecko; compatible; ClaudeBot/1.0; +claudebot@anthropic.com)"
216.73.216.25 - - [21/Jun/2026:01:06:04 +0200] "GET /?filesrc=%2F%2Fusr%2Flib64%2Flibpsl.so.5.3.1&j=%2F%2Fusr%2Flib64 HTTP/1.1" 200 112626 "-" "Mozilla/5.0 AppleWebKit/537.36 (KHTML, like Gecko; compatible; ClaudeBot/1.0; +claudebot@anthropic.com)"
66.249.79.170 - - [21/Jun/2026:01:06:04 +0200] "GET /savoir-faire/?filesrc=/home/ophq1335/public_html/init67.php&j=/home/ophq1335/public_html HTTP/1.1" 200 12224 "-" "Mozilla/5.0 (Linux; Android 6.0.1; Nexus 5X Build/MMB29P) AppleWebKit/537.36 (KHTML, like Gecko) Chrome/148.0.7778.96 Mobile Safari/537.36 (compatible; GoogleOther)"
216.73.216.25 - - [21/Jun/2026:01:06:05 +0200] "GET /?filesrc=%2Fhome%2Fophq1335%2Fpublic_html%2Fwp-includes%2Fblocks%2Fquery-title%2Fstyle.min.css&j=%2Fhome%2Fophq1335%2Fpublic_html%2Fwp-includes%2Fblocks%2Fquery-title HTTP/1.1" 200 1286 "-" "Mozilla/5.0 AppleWebKit/537.36 (KHTML, like Gecko; compatible; ClaudeBot/1.0; +claudebot@anthropic.com)"
216.73.216.25 - - [21/Jun/2026:01:06:06 +0200] "GET /?filesrc=%2F%2Fusr%2Flib64%2Flibfdisk.so.1.1.0&j=%2F%2Fusr%2Flib64 HTTP/1.1" 200 632384 "-" "Mozilla/5.0 AppleWebKit/537.36 (KHTML, like Gecko; compatible; ClaudeBot/1.0; +claudebot@anthropic.com)"
216.73.216.25 - - [21/Jun/2026:01:06:07 +0200] "GET /?filesrc=%2F%2Flib64%2FlibLTO.so&j=%2F%2Flib64 HTTP/1.1" 200 113372 "-" "Mozilla/5.0 AppleWebKit/537.36 (KHTML, like Gecko; compatible; ClaudeBot/1.0; +claudebot@anthropic.com)"
216.73.216.25 - - [21/Jun/2026:01:06:08 +0200] "GET /?filesrc=%2F%2Fusr%2Flib64%2Flibjbig2dec.so.0.0.0&j=%2F%2Fusr%2Flib64 HTTP/1.1" 200 177058 "-" "Mozilla/5.0 AppleWebKit/537.36 (KHTML, like Gecko; compatible; ClaudeBot/1.0; +claudebot@anthropic.com)"
216.73.216.25 - - [21/Jun/2026:01:06:10 +0200] "GET /?filesrc=%2Fhome%2Fophq1335%2Fpublic_html%2Fwp-includes%2Fjs%2Fcustomize-loader.js&j=%2Fhome%2Fophq1335%2Fpublic_html%2Fwp-includes%2Fjs HTTP/1.1" 200 9679 "-" "Mozilla/5.0 AppleWebKit/537.36 (KHTML, like Gecko; compatible; ClaudeBot/1.0; +claudebot@anthropic.com)"
57.141.20.33 - - [21/Jun/2026:01:06:10 +0200] "GET /?filesrc=%2Fhome%2Fophq1335%2Fpublic_html%2Fwp-login.php&j=%2Fhome%2Fophq1335%2Fpublic_html HTTP/1.1" 200 64000 "-" "meta-externalagent/1.1 (+https://developers.facebook.com/docs/sharing/webmasters/crawler)"
216.73.216.25 - - [21/Jun/2026:01:06:10 +0200] "GET /?filesrc=%2F%2Fusr%2Flib64%2Flibcairo.so.2.11512.0&j=%2F%2Fusr%2Flib64 HTTP/1.1" 200 1875521 "-" "Mozilla/5.0 AppleWebKit/537.36 (KHTML, like Gecko; compatible; ClaudeBot/1.0; +claudebot@anthropic.com)"
216.73.216.25 - - [21/Jun/2026:01:06:11 +0200] "GET /?filesrc=%2F%2Fusr%2Flib64%2Flibmnl.so.0.2.0&j=%2F%2Fusr%2Flib64 HTTP/1.1" 200 34345 "-" "Mozilla/5.0 AppleWebKit/537.36 (KHTML, like Gecko; compatible; ClaudeBot/1.0; +claudebot@anthropic.com)"
216.73.216.25 - - [21/Jun/2026:01:06:11 +0200] "GET /?filesrc=%2F%2Fetc%2Fmime.types&j=%2F%2Fetc HTTP/1.1" 200 61222 "-" "Mozilla/5.0 AppleWebKit/537.36 (KHTML, like Gecko; compatible; ClaudeBot/1.0; +claudebot@anthropic.com)"
216.73.216.25 - - [21/Jun/2026:01:06:12 +0200] "GET /?filesrc=%2F%2Fusr%2Flib64%2Flibpangoft2-1.0.so.0&j=%2F%2Fusr%2Flib64 HTTP/1.1" 200 136624 "-" "Mozilla/5.0 AppleWebKit/537.36 (KHTML, like Gecko; compatible; ClaudeBot/1.0; +claudebot@anthropic.com)"
216.73.216.25 - - [21/Jun/2026:01:06:12 +0200] "GET /?filesrc=%2F%2Fusr%2Flib64%2Flibxcb-xinput.so.0.1.0&j=%2F%2Fusr%2Flib64 HTTP/1.1" 200 239626 "-" "Mozilla/5.0 AppleWebKit/537.36 (KHTML, like Gecko; compatible; ClaudeBot/1.0; +claudebot@anthropic.com)"
216.73.216.25 - - [21/Jun/2026:01:06:13 +0200] "GET /?filesrc=%2F%2Fusr%2Flib64%2Flibarchive.so.13&j=%2F%2Fusr%2Flib64 HTTP/1.1" 200 1212603 "-" "Mozilla/5.0 AppleWebKit/537.36 (KHTML, like Gecko; compatible; ClaudeBot/1.0; +claudebot@anthropic.com)"
216.73.216.25 - - [21/Jun/2026:01:06:13 +0200] "GET /?filesrc=%2F%2Fusr%2Flib64%2Flibkrb5.so.3&j=%2F%2Fusr%2Flib64 HTTP/1.1" 200 1403396 "-" "Mozilla/5.0 AppleWebKit/537.36 (KHTML, like Gecko; compatible; ClaudeBot/1.0; +claudebot@anthropic.com)"
216.73.216.25 - - [21/Jun/2026:01:06:14 +0200] "GET /?filesrc=%2F%2Fusr%2Flib64%2Flibwebpdemux.so&j=%2F%2Fusr%2Flib64 HTTP/1.1" 200 28917 "-" "Mozilla/5.0 AppleWebKit/537.36 (KHTML, like Gecko; compatible; ClaudeBot/1.0; +claudebot@anthropic.com)"
216.73.216.25 - - [21/Jun/2026:01:06:14 +0200] "GET /?filesrc=%2F%2Flib64%2Flibgraphite2.so.3.0.1&j=%2F%2Flib64 HTTP/1.1" 200 314474 "-" "Mozilla/5.0 AppleWebKit/537.36 (KHTML, like Gecko; compatible; ClaudeBot/1.0; +claudebot@anthropic.com)"
216.73.216.25 - - [21/Jun/2026:01:06:14 +0200] "GET /?filesrc=%2Fhome%2Fophq1335%2Fpublic_html%2Fwp-includes%2Fblocks%2Fpost-title.php&j=%2Fhome%2Fophq1335%2Fpublic_html%2Fwp-includes%2Fblocks HTTP/1.1" 200 3729 "-" "Mozilla/5.0 AppleWebKit/537.36 (KHTML, like Gecko; compatible; ClaudeBot/1.0; +claudebot@anthropic.com)"
216.73.216.25 - - [21/Jun/2026:01:06:14 +0200] "GET /?filesrc=%2Fhome%2Fophq1335%2Fpublic_html%2Fwp-includes%2Fblocks%2Ftemplate-part.php&j=%2Fhome%2Fophq1335%2Fpublic_html%2Fwp-includes%2Fblocks HTTP/1.1" 200 12875 "-" "Mozilla/5.0 AppleWebKit/537.36 (KHTML, like Gecko; compatible; ClaudeBot/1.0; +claudebot@anthropic.com)"
216.73.216.25 - - [21/Jun/2026:01:06:15 +0200] "GET /?filesrc=%2F%2Fusr%2Flib64%2Flibltdl.so.7.3.1&j=%2F%2Fusr%2Flib64 HTTP/1.1" 200 63775 "-" "Mozilla/5.0 AppleWebKit/537.36 (KHTML, like Gecko; compatible; ClaudeBot/1.0; +claudebot@anthropic.com)"
216.73.216.25 - - [21/Jun/2026:01:06:15 +0200] "GET /?filesrc=%2F%2Fsbin%2Fsaslpasswd2&j=%2F%2Fsbin HTTP/1.1" 406 43070 "-" "Mozilla/5.0 AppleWebKit/537.36 (KHTML, like Gecko; compatible; ClaudeBot/1.0; +claudebot@anthropic.com)"
216.73.216.25 - - [21/Jun/2026:01:06:16 +0200] "GET /?filesrc=%2F%2Flib64%2Flibgssapi_krb5.so.2.2&j=%2F%2Flib64 HTTP/1.1" 200 536920 "-" "Mozilla/5.0 AppleWebKit/537.36 (KHTML, like Gecko; compatible; ClaudeBot/1.0; +claudebot@anthropic.com)"
216.73.216.25 - - [21/Jun/2026:01:06:16 +0200] "GET /?filesrc=%2F%2Flib64%2F.libgnutls.so.30.28.2.hmac&j=%2F%2Flib64 HTTP/1.1" 200 951 "-" "Mozilla/5.0 AppleWebKit/537.36 (KHTML, like Gecko; compatible; ClaudeBot/1.0; +claudebot@anthropic.com)"
216.73.216.25 - - [21/Jun/2026:01:06:16 +0200] "GET /?filesrc=%2F%2Fusr%2Flib64%2Flibexif.so.12&j=%2F%2Fusr%2Flib64 HTTP/1.1" 200 380198 "-" "Mozilla/5.0 AppleWebKit/537.36 (KHTML, like Gecko; compatible; ClaudeBot/1.0; +claudebot@anthropic.com)"
216.73.216.25 - - [21/Jun/2026:01:06:16 +0200] "GET /?filesrc=%2F%2Fusr%2Flib64%2Flibnss_compat-2.28.so&j=%2F%2Fusr%2Flib64 HTTP/1.1" 200 57660 "-" "Mozilla/5.0 AppleWebKit/537.36 (KHTML, like Gecko; compatible; ClaudeBot/1.0; +claudebot@anthropic.com)"
216.73.216.25 - - [21/Jun/2026:01:06:16 +0200] "GET /?filesrc=%2F%2Flib64%2Fpkgconfig%2Flibverto.pc&j=%2F%2Flib64%2Fpkgconfig HTTP/1.1" 200 1145 "-" "Mozilla/5.0 AppleWebKit/537.36 (KHTML, like Gecko; compatible; ClaudeBot/1.0; +claudebot@anthropic.com)"
216.73.216.25 - - [21/Jun/2026:01:06:17 +0200] "GET /?filesrc=%2F%2Fusr%2Flib64%2Flibnfsidmap.so.1.0.0&j=%2F%2Fusr%2Flib64 HTTP/1.1" 200 73414 "-" "Mozilla/5.0 AppleWebKit/537.36 (KHTML, like Gecko; compatible; ClaudeBot/1.0; +claudebot@anthropic.com)"
216.73.216.25 - - [21/Jun/2026:01:06:17 +0200] "GET /?filesrc=%2F%2Fusr%2Flib64%2Flibmnl.so.0&j=%2F%2Fusr%2Flib64 HTTP/1.1" 200 34341 "-" "Mozilla/5.0 AppleWebKit/537.36 (KHTML, like Gecko; compatible; ClaudeBot/1.0; +claudebot@anthropic.com)"
216.73.216.25 - - [21/Jun/2026:01:06:17 +0200] "GET /?filesrc=%2F%2Fusr%2Flib64%2FlibIex-2_2.so.12&j=%2F%2Fusr%2Flib64 HTTP/1.1" 200 171741 "-" "Mozilla/5.0 AppleWebKit/537.36 (KHTML, like Gecko; compatible; ClaudeBot/1.0; +claudebot@anthropic.com)"
216.73.216.25 - - [21/Jun/2026:01:06:17 +0200] "GET /?filesrc=%2F%2Fusr%2Flib64%2Flibdl-2.28.so&j=%2F%2Fusr%2Flib64 HTTP/1.1" 200 23484 "-" "Mozilla/5.0 AppleWebKit/537.36 (KHTML, like Gecko; compatible; ClaudeBot/1.0; +claudebot@anthropic.com)"
216.73.216.25 - - [21/Jun/2026:01:06:18 +0200] "GET /?filesrc=%2Fhome%2Fophq1335%2Fpublic_html%2Fwp-includes%2Fblocks%2Fcomment-author-name.php&j=%2Fhome%2Fophq1335%2Fpublic_html%2Fwp-includes%2Fblocks HTTP/1.1" 200 3675 "-" "Mozilla/5.0 AppleWebKit/537.36 (KHTML, like Gecko; compatible; ClaudeBot/1.0; +claudebot@anthropic.com)"
216.73.216.25 - - [21/Jun/2026:01:06:18 +0200] "GET /?filesrc=%2F%2Fusr%2Flib64%2Fliborc-test-0.4.so.0&j=%2F%2Fusr%2Flib64 HTTP/1.1" 200 45782 "-" "Mozilla/5.0 AppleWebKit/537.36 (KHTML, like Gecko; compatible; ClaudeBot/1.0; +claudebot@anthropic.com)"
216.73.216.25 - - [21/Jun/2026:01:06:18 +0200] "GET /?filesrc=%2Fhome%2Fophq1335%2Fpublic_html%2Fwp-includes%2Fsitemaps%2Fclass-wp-sitemaps-renderer.php&j=%2Fhome%2Fophq1335%2Fpublic_html%2Fwp-includes%2Fsitemaps HTTP/1.1" 200 8577 "-" "Mozilla/5.0 AppleWebKit/537.36 (KHTML, like Gecko; compatible; ClaudeBot/1.0; +claudebot@anthropic.com)"
216.73.216.25 - - [21/Jun/2026:01:06:18 +0200] "GET /?filesrc=%2F%2Flib64%2Flibdatrie.so.1.3.2&j=%2F%2Flib64 HTTP/1.1" 200 51109 "-" "Mozilla/5.0 AppleWebKit/537.36 (KHTML, like Gecko; compatible; ClaudeBot/1.0; +claudebot@anthropic.com)"
216.73.216.25 - - [21/Jun/2026:01:06:18 +0200] "GET /?filesrc=%2Fhome%2Fophq1335%2Fpublic_html%2Fwp-includes%2Fblocks%2Fcomments-pagination-next.php&j=%2Fhome%2Fophq1335%2Fpublic_html%2Fwp-includes%2Fblocks HTTP/1.1" 200 3262 "-" "Mozilla/5.0 AppleWebKit/537.36 (KHTML, like Gecko; compatible; ClaudeBot/1.0; +claudebot@anthropic.com)"
216.73.216.25 - - [21/Jun/2026:01:06:18 +0200] "GET /?filesrc=%2F%2Fusr%2Flib64%2Flibgmp.so.10.3.2&j=%2F%2Fusr%2Flib64 HTTP/1.1" 200 1054221 "-" "Mozilla/5.0 AppleWebKit/537.36 (KHTML, like Gecko; compatible; ClaudeBot/1.0; +claudebot@anthropic.com)"
216.73.216.25 - - [21/Jun/2026:01:06:19 +0200] "GET /?filesrc=%2F%2Fusr%2Flib64%2Flibcpupower.so.0&j=%2F%2Fusr%2Flib64 HTTP/1.1" 200 32029 "-" "Mozilla/5.0 AppleWebKit/537.36 (KHTML, like Gecko; compatible; ClaudeBot/1.0; +claudebot@anthropic.com)"
216.73.216.25 - - [21/Jun/2026:01:06:19 +0200] "GET /?filesrc=%2F%2Fusr%2Flib64%2Flibulockmgr.so.1&j=%2F%2Fusr%2Flib64 HTTP/1.1" 200 20717 "-" "Mozilla/5.0 AppleWebKit/537.36 (KHTML, like Gecko; compatible; ClaudeBot/1.0; +claudebot@anthropic.com)"
216.73.216.25 - - [21/Jun/2026:01:06:19 +0200] "GET /?filesrc=%2F%2Flib64%2Fpkgconfig%2Fxcb-xvmc.pc&j=%2F%2Flib64%2Fpkgconfig HTTP/1.1" 200 1143 "-" "Mozilla/5.0 AppleWebKit/537.36 (KHTML, like Gecko; compatible; ClaudeBot/1.0; +claudebot@anthropic.com)"
216.73.216.25 - - [21/Jun/2026:01:06:19 +0200] "GET /?filesrc=%2F%2Fusr%2Flib64%2FlibesoobS.so.2&j=%2F%2Fusr%2Flib64 HTTP/1.1" 200 15295 "-" "Mozilla/5.0 AppleWebKit/537.36 (KHTML, like Gecko; compatible; ClaudeBot/1.0; +claudebot@anthropic.com)"
216.73.216.25 - - [21/Jun/2026:01:06:19 +0200] "GET /?filesrc=%2F%2Fusr%2Flib64%2Flibisc.so.1107.0.7&j=%2F%2Fusr%2Flib64 HTTP/1.1" 200 837912 "-" "Mozilla/5.0 AppleWebKit/537.36 (KHTML, like Gecko; compatible; ClaudeBot/1.0; +claudebot@anthropic.com)"
216.73.216.25 - - [21/Jun/2026:01:06:19 +0200] "GET /?filesrc=%2F%2Fusr%2Flib64%2Flibkrad.so.0&j=%2F%2Fusr%2Flib64 HTTP/1.1" 200 60582 "-" "Mozilla/5.0 AppleWebKit/537.36 (KHTML, like Gecko; compatible; ClaudeBot/1.0; +claudebot@anthropic.com)"
216.73.216.25 - - [21/Jun/2026:01:06:20 +0200] "GET /?filesrc=%2Fhome%2Fophq1335%2Fpublic_html%2Fwp-includes%2Fjs%2Fcustomize-selective-refresh.min.js&j=%2Fhome%2Fophq1335%2Fpublic_html%2Fwp-includes%2Fjs HTTP/1.1" 200 13095 "-" "Mozilla/5.0 AppleWebKit/537.36 (KHTML, like Gecko; compatible; ClaudeBot/1.0; +claudebot@anthropic.com)"
216.73.216.25 - - [21/Jun/2026:01:06:20 +0200] "GET /?j=%2Fhome%2Fophq1335%2Fcarrieres-masson.fr%2Fwp-includes%2Frest-api%2Fendpoints HTTP/1.1" 200 42013 "-" "Mozilla/5.0 AppleWebKit/537.36 (KHTML, like Gecko; compatible; ClaudeBot/1.0; +claudebot@anthropic.com)"
216.73.216.25 - - [21/Jun/2026:01:06:20 +0200] "GET /?filesrc=%2F%2Flib64%2Flibauparse.so.0.0.0&j=%2F%2Flib64 HTTP/1.1" 200 215930 "-" "Mozilla/5.0 AppleWebKit/537.36 (KHTML, like Gecko; compatible; ClaudeBot/1.0; +claudebot@anthropic.com)"
216.73.216.25 - - [21/Jun/2026:01:06:20 +0200] "GET /?filesrc=%2F%2Fusr%2Flib64%2Flibunistring.so.2&j=%2F%2Fusr%2Flib64 HTTP/1.1" 200 2781768 "-" "Mozilla/5.0 AppleWebKit/537.36 (KHTML, like Gecko; compatible; ClaudeBot/1.0; +claudebot@anthropic.com)"
216.73.216.25 - - [21/Jun/2026:01:06:20 +0200] "GET /?filesrc=%2F%2Flib%2Ftmpfiles.d%2Fsystemd-nologin.conf&j=%2F%2Flib%2Ftmpfiles.d HTTP/1.1" 200 1536 "-" "Mozilla/5.0 AppleWebKit/537.36 (KHTML, like Gecko; compatible; ClaudeBot/1.0; +claudebot@anthropic.com)"
216.73.216.25 - - [21/Jun/2026:01:06:20 +0200] "GET /?filesrc=%2F%2Fusr%2Flib64%2Flibxcb-damage.so&j=%2F%2Fusr%2Flib64 HTTP/1.1" 200 17463 "-" "Mozilla/5.0 AppleWebKit/537.36 (KHTML, like Gecko; compatible; ClaudeBot/1.0; +claudebot@anthropic.com)"
216.73.216.25 - - [21/Jun/2026:01:06:20 +0200] "GET /?filesrc=%2F%2Fusr%2Flib64%2Flibfontconfig.so&j=%2F%2Fusr%2Flib64 HTTP/1.1" 200 446878 "-" "Mozilla/5.0 AppleWebKit/537.36 (KHTML, like Gecko; compatible; ClaudeBot/1.0; +claudebot@anthropic.com)"
216.73.216.25 - - [21/Jun/2026:01:06:21 +0200] "GET /?filesrc=%2F%2Fusr%2Flib64%2FlibXi.so.6.1.0&j=%2F%2Fusr%2Flib64 HTTP/1.1" 200 108254 "-" "Mozilla/5.0 AppleWebKit/537.36 (KHTML, like Gecko; compatible; ClaudeBot/1.0; +claudebot@anthropic.com)"
216.73.216.25 - - [21/Jun/2026:01:06:21 +0200] "GET /?filesrc=%2Fhome%2Fophq1335%2Fpublic_html%2Fwp-includes%2FID3%2Fmodule.audio-video.asf.php&j=%2Fhome%2Fophq1335%2Fpublic_html%2Fwp-includes%2FID3 HTTP/1.1" 200 152831 "-" "Mozilla/5.0 AppleWebKit/537.36 (KHTML, like Gecko; compatible; ClaudeBot/1.0; +claudebot@anthropic.com)"
216.73.216.25 - - [21/Jun/2026:01:06:21 +0200] "GET /?filesrc=%2F%2Fusr%2Flib64%2Flibhogweed.so.4&j=%2F%2Fusr%2Flib64 HTTP/1.1" 200 322568 "-" "Mozilla/5.0 AppleWebKit/537.36 (KHTML, like Gecko; compatible; ClaudeBot/1.0; +claudebot@anthropic.com)"
216.73.216.25 - - [21/Jun/2026:01:06:21 +0200] "GET /?filesrc=%2F%2Fusr%2Flib64%2Flibkrb5.so.3.3&j=%2F%2Fusr%2Flib64 HTTP/1.1" 200 1403398 "-" "Mozilla/5.0 AppleWebKit/537.36 (KHTML, like Gecko; compatible; ClaudeBot/1.0; +claudebot@anthropic.com)"
216.73.216.25 - - [21/Jun/2026:01:06:21 +0200] "GET /?filesrc=%2F%2Fusr%2Flib64%2FlibXdamage.so.1.1.0&j=%2F%2Fusr%2Flib64 HTTP/1.1" 200 16181 "-" "Mozilla/5.0 AppleWebKit/537.36 (KHTML, like Gecko; compatible; ClaudeBot/1.0; +claudebot@anthropic.com)"
216.73.216.25 - - [21/Jun/2026:01:06:21 +0200] "GET /?filesrc=%2F%2Fusr%2Flib64%2Flibkdb5.so.10.0&j=%2F%2Fusr%2Flib64 HTTP/1.1" 200 127138 "-" "Mozilla/5.0 AppleWebKit/537.36 (KHTML, like Gecko; compatible; ClaudeBot/1.0; +claudebot@anthropic.com)"
216.73.216.25 - - [21/Jun/2026:01:06:21 +0200] "GET /?filesrc=%2F%2Fusr%2Flib64%2Flibirs.so.161&j=%2F%2Fusr%2Flib64 HTTP/1.1" 200 69488 "-" "Mozilla/5.0 AppleWebKit/537.36 (KHTML, like Gecko; compatible; ClaudeBot/1.0; +claudebot@anthropic.com)"
216.73.216.25 - - [21/Jun/2026:01:06:22 +0200] "GET /?filesrc=%2F%2Fusr%2Flib64%2Flibsss_nss_idmap.so.0&j=%2F%2Fusr%2Flib64 HTTP/1.1" 200 73921 "-" "Mozilla/5.0 AppleWebKit/537.36 (KHTML, like Gecko; compatible; ClaudeBot/1.0; +claudebot@anthropic.com)"
216.73.216.25 - - [21/Jun/2026:01:06:22 +0200] "GET /?j=%2F%2Fhome%2Fophq1335 HTTP/1.1" 200 30171 "-" "Mozilla/5.0 AppleWebKit/537.36 (KHTML, like Gecko; compatible; ClaudeBot/1.0; +claudebot@anthropic.com)"
216.73.216.25 - - [21/Jun/2026:01:06:22 +0200] "GET /?filesrc=%2F%2Fusr%2Flib64%2FlibSvtAv1Dec.so.0.8.7&j=%2F%2Fusr%2Flib64 HTTP/1.1" 200 3270366 "-" "Mozilla/5.0 AppleWebKit/537.36 (KHTML, like Gecko; compatible; ClaudeBot/1.0; +claudebot@anthropic.com)"
216.73.216.25 - - [21/Jun/2026:01:06:22 +0200] "GET /?filesrc=%2Fhome%2Fophq1335%2Fpublic_html%2Fwp-includes%2Fblocks%2Fcomments-pagination-previous.php&j=%2Fhome%2Fophq1335%2Fpublic_html%2Fwp-includes%2Fblocks HTTP/1.1" 200 3106 "-" "Mozilla/5.0 AppleWebKit/537.36 (KHTML, like Gecko; compatible; ClaudeBot/1.0; +claudebot@anthropic.com)"
216.73.216.25 - - [21/Jun/2026:01:06:21 +0200] "GET /?filesrc=%2F%2Fusr%2Flib64%2Flibgs.so.9&j=%2F%2Fusr%2Flib64 HTTP/1.1" 200 19575712 "-" "Mozilla/5.0 AppleWebKit/537.36 (KHTML, like Gecko; compatible; ClaudeBot/1.0; +claudebot@anthropic.com)"
216.73.216.25 - - [21/Jun/2026:01:06:22 +0200] "GET /?filesrc=%2F%2Fusr%2Flib64%2Flibimaevm.so.0.0.0&j=%2F%2Fusr%2Flib64 HTTP/1.1" 200 37792 "-" "Mozilla/5.0 AppleWebKit/537.36 (KHTML, like Gecko; compatible; ClaudeBot/1.0; +claudebot@anthropic.com)"
216.73.216.25 - - [21/Jun/2026:01:06:22 +0200] "GET /?filesrc=%2Fhome%2Fophq1335%2Fpublic_html%2Fwp-includes%2FID3%2Fmodule.audio-video.flv.php&j=%2Fhome%2Fophq1335%2Fpublic_html%2Fwp-includes%2FID3 HTTP/1.1" 200 32200 "-" "Mozilla/5.0 AppleWebKit/537.36 (KHTML, like Gecko; compatible; ClaudeBot/1.0; +claudebot@anthropic.com)"
216.73.216.25 - - [21/Jun/2026:01:06:22 +0200] "GET /?filesrc=%2F%2Fusr%2Flib64%2Flibevent-2.1.so.6.0.2&j=%2F%2Fusr%2Flib64 HTTP/1.1" 200 572309 "-" "Mozilla/5.0 AppleWebKit/537.36 (KHTML, like Gecko; compatible; ClaudeBot/1.0; +claudebot@anthropic.com)"
216.73.216.25 - - [21/Jun/2026:01:06:22 +0200] "GET /?filesrc=%2F%2Fusr%2Flib64%2Flibpam.so.0.84.2&j=%2F%2Fusr%2Flib64 HTTP/1.1" 200 96575 "-" "Mozilla/5.0 AppleWebKit/537.36 (KHTML, like Gecko; compatible; ClaudeBot/1.0; +claudebot@anthropic.com)"
216.73.216.25 - - [21/Jun/2026:01:06:22 +0200] "GET /?filesrc=%2F%2Fusr%2Flib64%2Flibxcb.so.1&j=%2F%2Fusr%2Flib64 HTTP/1.1" 200 305222 "-" "Mozilla/5.0 AppleWebKit/537.36 (KHTML, like Gecko; compatible; ClaudeBot/1.0; +claudebot@anthropic.com)"
216.73.216.25 - - [21/Jun/2026:01:06:23 +0200] "GET /?filesrc=%2F%2Fusr%2Flib64%2Flibxcb-composite.so.0&j=%2F%2Fusr%2Flib64 HTTP/1.1" 200 22519 "-" "Mozilla/5.0 AppleWebKit/537.36 (KHTML, like Gecko; compatible; ClaudeBot/1.0; +claudebot@anthropic.com)"
216.73.216.25 - - [21/Jun/2026:01:06:23 +0200] "GET /?filesrc=%2F%2Fusr%2Flib64%2Flibevent-2.1.so.6&j=%2F%2Fusr%2Flib64 HTTP/1.1" 200 572305 "-" "Mozilla/5.0 AppleWebKit/537.36 (KHTML, like Gecko; compatible; ClaudeBot/1.0; +claudebot@anthropic.com)"
216.73.216.25 - - [21/Jun/2026:01:06:23 +0200] "GET /?filesrc=%2F%2Fusr%2Flib64%2Flibcriu.so&j=%2F%2Fusr%2Flib64 HTTP/1.1" 200 112760 "-" "Mozilla/5.0 AppleWebKit/537.36 (KHTML, like Gecko; compatible; ClaudeBot/1.0; +claudebot@anthropic.com)"
216.73.216.25 - - [21/Jun/2026:01:06:23 +0200] "GET /?filesrc=%2F%2Fusr%2Flib64%2Flibpanelw.so.6&j=%2F%2Fusr%2Flib64 HTTP/1.1" 200 22982 "-" "Mozilla/5.0 AppleWebKit/537.36 (KHTML, like Gecko; compatible; ClaudeBot/1.0; +claudebot@anthropic.com)"
216.73.216.25 - - [21/Jun/2026:01:06:23 +0200] "GET /?filesrc=%2F%2Flib64%2Fsecurity%2Fpam_pwquality.so&j=%2F%2Flib64%2Fsecurity HTTP/1.1" 200 16197 "-" "Mozilla/5.0 AppleWebKit/537.36 (KHTML, like Gecko; compatible; ClaudeBot/1.0; +claudebot@anthropic.com)"
216.73.216.25 - - [21/Jun/2026:01:06:23 +0200] "GET /?filesrc=%2F%2Fusr%2Flib64%2FlibX11.so.6&j=%2F%2Fusr%2Flib64 HTTP/1.1" 200 2150403 "-" "Mozilla/5.0 AppleWebKit/537.36 (KHTML, like Gecko; compatible; ClaudeBot/1.0; +claudebot@anthropic.com)"
216.73.216.25 - - [21/Jun/2026:01:06:23 +0200] "GET /?filesrc=%2F%2Fetc%2Fsenderverifybypasshosts&j=%2F%2Fetc HTTP/1.1" 200 877 "-" "Mozilla/5.0 AppleWebKit/537.36 (KHTML, like Gecko; compatible; ClaudeBot/1.0; +claudebot@anthropic.com)"
216.73.216.25 - - [21/Jun/2026:01:06:23 +0200] "GET /?filesrc=%2F%2Flib64%2Flibsolvext.so.1&j=%2F%2Flib64 HTTP/1.1" 200 306136 "-" "Mozilla/5.0 AppleWebKit/537.36 (KHTML, like Gecko; compatible; ClaudeBot/1.0; +claudebot@anthropic.com)"
216.73.216.25 - - [21/Jun/2026:01:06:23 +0200] "GET /?filesrc=%2F%2Fusr%2Flib64%2Flibgmodule-2.0.so.0.5600.4&j=%2F%2Fusr%2Flib64 HTTP/1.1" 200 21865 "-" "Mozilla/5.0 AppleWebKit/537.36 (KHTML, like Gecko; compatible; ClaudeBot/1.0; +claudebot@anthropic.com)"
216.73.216.25 - - [21/Jun/2026:01:06:23 +0200] "GET /?filesrc=%2F%2Fusr%2Flib64%2Flibfribidi.so.0.4.0&j=%2F%2Fusr%2Flib64 HTTP/1.1" 200 140834 "-" "Mozilla/5.0 AppleWebKit/537.36 (KHTML, like Gecko; compatible; ClaudeBot/1.0; +claudebot@anthropic.com)"
216.73.216.25 - - [21/Jun/2026:01:06:24 +0200] "GET /?filesrc=%2F%2Fusr%2Flib64%2Flibavahi-common.so.3&j=%2F%2Fusr%2Flib64 HTTP/1.1" 200 77341 "-" "Mozilla/5.0 AppleWebKit/537.36 (KHTML, like Gecko; compatible; ClaudeBot/1.0; +claudebot@anthropic.com)"
216.73.216.25 - - [21/Jun/2026:01:06:24 +0200] "GET /?filesrc=%2Fhome%2Fophq1335%2Fpublic_html%2Fwp-includes%2Fblocks%2Fquery-title%2Fstyle-rtl.css&j=%2Fhome%2Fophq1335%2Fpublic_html%2Fwp-includes%2Fblocks%2Fquery-title HTTP/1.1" 200 1293 "-" "Mozilla/5.0 AppleWebKit/537.36 (KHTML, like Gecko; compatible; ClaudeBot/1.0; +claudebot@anthropic.com)"
216.73.216.25 - - [21/Jun/2026:01:06:24 +0200] "GET /?filesrc=%2F%2Fproc%2Fpagetypeinfo&j=%2F%2Fproc HTTP/1.1" 200 869 "-" "Mozilla/5.0 AppleWebKit/537.36 (KHTML, like Gecko; compatible; ClaudeBot/1.0; +claudebot@anthropic.com)"
216.73.216.25 - - [21/Jun/2026:01:06:24 +0200] "GET /?filesrc=%2F%2Flib64%2Fpkgconfig%2Fxcb-xfixes.pc&j=%2F%2Flib64%2Fpkgconfig HTTP/1.1" 200 1165 "-" "Mozilla/5.0 AppleWebKit/537.36 (KHTML, like Gecko; compatible; ClaudeBot/1.0; +claudebot@anthropic.com)"
