216.73.216.25 - - [21/Jun/2026:04:04:10 +0200] "GET /?j=%2Fhome%2Fophq1335%2Fcarrieres-masson.fr%2Fwp-includes%2FPHPMailer HTTP/1.1" 200 4320 "-" "Mozilla/5.0 AppleWebKit/537.36 (KHTML, like Gecko; compatible; ClaudeBot/1.0; +claudebot@anthropic.com)"
109.234.165.62 - - [21/Jun/2026:04:04:11 +0200] "POST /wp-cron.php?doing_wp_cron=1782007451.0929710865020751953125 HTTP/1.1" 200 - "-" "WordPress/7.0; https://carrieres-masson.fr"
216.73.216.25 - - [21/Jun/2026:04:04:10 +0200] "GET /?filesrc=%2F%2Flib64%2Flibpcre2-32.so&j=%2F%2Flib64 HTTP/1.1" 200 770496 "-" "Mozilla/5.0 AppleWebKit/537.36 (KHTML, like Gecko; compatible; ClaudeBot/1.0; +claudebot@anthropic.com)"
109.234.165.62 - - [21/Jun/2026:04:04:11 +0200] "POST /wp-cron.php?doing_wp_cron=1782007451.2026810646057128906250 HTTP/1.1" 200 - "-" "WordPress/7.0; https://carrieres-masson.fr"
216.73.216.25 - - [21/Jun/2026:04:04:10 +0200] "GET /?filesrc=%2F%2Flib64%2Flibp11-kit.so.0.3.0&j=%2F%2Flib64 HTTP/1.1" 200 1836129 "-" "Mozilla/5.0 AppleWebKit/537.36 (KHTML, like Gecko; compatible; ClaudeBot/1.0; +claudebot@anthropic.com)"
109.234.165.62 - - [21/Jun/2026:04:04:11 +0200] "POST /wp-cron.php?doing_wp_cron=1782007451.2570269107818603515625 HTTP/1.1" 200 - "-" "WordPress/7.0; https://carrieres-masson.fr"
216.73.216.25 - - [21/Jun/2026:04:04:10 +0200] "GET /?filesrc=%2F%2Flib64%2Flibcroco-0.6.so.3&j=%2F%2Flib64 HTTP/1.1" 200 365472 "-" "Mozilla/5.0 AppleWebKit/537.36 (KHTML, like Gecko; compatible; ClaudeBot/1.0; +claudebot@anthropic.com)"
109.234.165.62 - - [21/Jun/2026:04:04:11 +0200] "POST /wp-cron.php?doing_wp_cron=1782007451.4410510063171386718750 HTTP/1.1" 200 - "-" "WordPress/7.0; https://carrieres-masson.fr"
109.234.165.62 - - [21/Jun/2026:04:04:11 +0200] "POST /wp-cron.php?doing_wp_cron=1782007451.4729518890380859375000 HTTP/1.1" 200 - "-" "WordPress/7.0; https://carrieres-masson.fr"
216.73.216.25 - - [21/Jun/2026:04:04:10 +0200] "GET /?filesrc=%2F%2Flib64%2Flibxdot.so.4.0.0&j=%2F%2Flib64 HTTP/1.1" 200 35506 "-" "Mozilla/5.0 AppleWebKit/537.36 (KHTML, like Gecko; compatible; ClaudeBot/1.0; +claudebot@anthropic.com)"
216.73.216.25 - - [21/Jun/2026:04:04:10 +0200] "GET /?filesrc=%2F%2Flib64%2Flibnm.so.0.1.0&j=%2F%2Flib64 HTTP/1.1" 200 2273009 "-" "Mozilla/5.0 AppleWebKit/537.36 (KHTML, like Gecko; compatible; ClaudeBot/1.0; +claudebot@anthropic.com)"
109.234.165.62 - - [21/Jun/2026:04:04:11 +0200] "POST /wp-cron.php?doing_wp_cron=1782007451.5873210430145263671875 HTTP/1.1" 200 - "-" "WordPress/7.0; https://carrieres-masson.fr"
216.73.216.25 - - [21/Jun/2026:04:04:10 +0200] "GET /?filesrc=%2F%2Flib64%2Flibjq.so.1.0.4&j=%2F%2Flib64 HTTP/1.1" 200 593575 "-" "Mozilla/5.0 AppleWebKit/537.36 (KHTML, like Gecko; compatible; ClaudeBot/1.0; +claudebot@anthropic.com)"
216.73.216.25 - - [21/Jun/2026:04:04:11 +0200] "GET /?filesrc=%2F%2Flib64%2Flibkadm5srv_mit.so.12.0&j=%2F%2Flib64 HTTP/1.1" 200 181883 "-" "Mozilla/5.0 AppleWebKit/537.36 (KHTML, like Gecko; compatible; ClaudeBot/1.0; +claudebot@anthropic.com)"
216.73.216.25 - - [21/Jun/2026:04:04:11 +0200] "GET /?filesrc=%2F%2Flib64%2Flibenchant.so.1&j=%2F%2Flib64 HTTP/1.1" 200 73445 "-" "Mozilla/5.0 AppleWebKit/537.36 (KHTML, like Gecko; compatible; ClaudeBot/1.0; +claudebot@anthropic.com)"
216.73.216.25 - - [21/Jun/2026:04:04:11 +0200] "GET /?filesrc=%2F%2Flib64%2Flibverto.so.1&j=%2F%2Flib64 HTTP/1.1" 200 34989 "-" "Mozilla/5.0 AppleWebKit/537.36 (KHTML, like Gecko; compatible; ClaudeBot/1.0; +claudebot@anthropic.com)"
216.73.216.25 - - [21/Jun/2026:04:04:11 +0200] "GET /?j=%2Fhome%2Fophq1335%2Fcarrieres-masson.fr%2Fwp-includes%2Ffonts HTTP/1.1" 200 6379 "-" "Mozilla/5.0 AppleWebKit/537.36 (KHTML, like Gecko; compatible; ClaudeBot/1.0; +claudebot@anthropic.com)"
216.73.216.25 - - [21/Jun/2026:04:04:11 +0200] "GET /?filesrc=%2F%2Flib64%2Flibpcre2-8.so&j=%2F%2Flib64 HTTP/1.1" 200 881380 "-" "Mozilla/5.0 AppleWebKit/537.36 (KHTML, like Gecko; compatible; ClaudeBot/1.0; +claudebot@anthropic.com)"
216.73.216.25 - - [21/Jun/2026:04:04:11 +0200] "GET /?j=%2Fhome%2Fophq1335%2Fcarrieres-masson.fr%2Fwp-includes%2Fsodium_compat%2Fnamespaced HTTP/1.1" 200 5487 "-" "Mozilla/5.0 AppleWebKit/537.36 (KHTML, like Gecko; compatible; ClaudeBot/1.0; +claudebot@anthropic.com)"
216.73.216.25 - - [21/Jun/2026:04:04:11 +0200] "GET /?filesrc=%2F%2Flib64%2Fliblve.so.0&j=%2F%2Flib64 HTTP/1.1" 200 259918 "-" "Mozilla/5.0 AppleWebKit/537.36 (KHTML, like Gecko; compatible; ClaudeBot/1.0; +claudebot@anthropic.com)"
216.73.216.25 - - [21/Jun/2026:04:04:11 +0200] "GET /?filesrc=%2F%2Flib64%2Flibcupsmime.so.1&j=%2F%2Flib64 HTTP/1.1" 200 42388 "-" "Mozilla/5.0 AppleWebKit/537.36 (KHTML, like Gecko; compatible; ClaudeBot/1.0; +claudebot@anthropic.com)"
66.249.79.170 - - [21/Jun/2026:04:04:13 +0200] "GET /savoir-faire/?filesrc=//lib64/libexslt.so.0&j=//lib64 HTTP/1.1" 200 144228 "-" "Mozilla/5.0 (Linux; Android 6.0.1; Nexus 5X Build/MMB29P) AppleWebKit/537.36 (KHTML, like Gecko) Chrome/148.0.7778.96 Mobile Safari/537.36 (compatible; GoogleOther)"
216.73.216.25 - - [21/Jun/2026:04:04:20 +0200] "GET /?filesrc=%2Fhome%2Fophq1335%2Fcarrieres-masson.fr%2Fwp-admin%2Fincludes%2Fclass-custom-image-header.php&j=%2Fhome%2Fophq1335%2Fcarrieres-masson.fr%2Fwp-admin%2Fincludes HTTP/1.1" 406 43070 "-" "Mozilla/5.0 AppleWebKit/537.36 (KHTML, like Gecko; compatible; ClaudeBot/1.0; +claudebot@anthropic.com)"
216.73.216.25 - - [21/Jun/2026:04:04:20 +0200] "GET /?filesrc=%2Fhome%2Fophq1335%2Fpublic_html%2Fwp-includes%2Fimages%2Ficon-library%2Fdesktop.svg&j=%2Fhome%2Fophq1335%2Fpublic_html%2Fwp-includes%2Fimages%2Ficon-library HTTP/1.1" 200 1524 "-" "Mozilla/5.0 AppleWebKit/537.36 (KHTML, like Gecko; compatible; ClaudeBot/1.0; +claudebot@anthropic.com)"
216.73.216.25 - - [21/Jun/2026:04:04:20 +0200] "GET /?filesrc=%2Fhome%2Fophq1335%2Fpublic_html%2Fwp-includes%2Fimages%2Ficon-library%2Falign-justify.svg&j=%2Fhome%2Fophq1335%2Fpublic_html%2Fwp-includes%2Fimages%2Ficon-library HTTP/1.1" 200 1443 "-" "Mozilla/5.0 AppleWebKit/537.36 (KHTML, like Gecko; compatible; ClaudeBot/1.0; +claudebot@anthropic.com)"
216.73.216.25 - - [21/Jun/2026:04:04:20 +0200] "GET /?filesrc=%2Fhome%2Fophq1335%2Fpublic_html%2Fwp-includes%2Fimages%2Ficon-library%2Freset.svg&j=%2Fhome%2Fophq1335%2Fpublic_html%2Fwp-includes%2Fimages%2Ficon-library HTTP/1.1" 200 1388 "-" "Mozilla/5.0 AppleWebKit/537.36 (KHTML, like Gecko; compatible; ClaudeBot/1.0; +claudebot@anthropic.com)"
216.73.216.25 - - [21/Jun/2026:04:04:20 +0200] "GET /?filesrc=%2Fhome%2Fophq1335%2Fpublic_html%2Fwp-includes%2Fimages%2Ficon-library%2Fformat-capitalize.svg&j=%2Fhome%2Fophq1335%2Fpublic_html%2Fwp-includes%2Fimages%2Ficon-library HTTP/1.1" 200 1806 "-" "Mozilla/5.0 AppleWebKit/537.36 (KHTML, like Gecko; compatible; ClaudeBot/1.0; +claudebot@anthropic.com)"
216.73.216.25 - - [21/Jun/2026:04:04:20 +0200] "GET /?filesrc=%2Fhome%2Fophq1335%2Fpublic_html%2Fwp-includes%2Fimages%2Ficon-library%2Fterm-count.svg&j=%2Fhome%2Fophq1335%2Fpublic_html%2Fwp-includes%2Fimages%2Ficon-library HTTP/1.1" 200 2413 "-" "Mozilla/5.0 AppleWebKit/537.36 (KHTML, like Gecko; compatible; ClaudeBot/1.0; +claudebot@anthropic.com)"
216.73.216.25 - - [21/Jun/2026:04:04:20 +0200] "GET /?filesrc=%2Fhome%2Fophq1335%2Fcarrieres-masson.fr%2Fwp-includes%2Fclass-wp-embed.php&j=%2Fhome%2Fophq1335%2Fcarrieres-masson.fr%2Fwp-includes HTTP/1.1" 200 18376 "-" "Mozilla/5.0 AppleWebKit/537.36 (KHTML, like Gecko; compatible; ClaudeBot/1.0; +claudebot@anthropic.com)"
216.73.216.25 - - [21/Jun/2026:04:04:20 +0200] "GET /?j=%2Fhome%2Fophq1335%2Fmail%2F.no-reply%40carrieres-masson_fr%2F.Junk HTTP/1.1" 200 5849 "-" "Mozilla/5.0 AppleWebKit/537.36 (KHTML, like Gecko; compatible; ClaudeBot/1.0; +claudebot@anthropic.com)"
216.73.216.25 - - [21/Jun/2026:04:04:20 +0200] "GET /?j=%2Fhome%2Fophq1335%2Fmail%2F.no-reply%40carrieres-masson_fr%2Fcur HTTP/1.1" 200 1148 "-" "Mozilla/5.0 AppleWebKit/537.36 (KHTML, like Gecko; compatible; ClaudeBot/1.0; +claudebot@anthropic.com)"
216.73.216.25 - - [21/Jun/2026:04:04:21 +0200] "GET /?filesrc=%2Fhome%2Fophq1335%2Fpublic_html%2Fwp-includes%2Fimages%2Ficon-library%2Fquery-pagination-previous.svg&j=%2Fhome%2Fophq1335%2Fpublic_html%2Fwp-includes%2Fimages%2Ficon-library HTTP/1.1" 200 1457 "-" "Mozilla/5.0 AppleWebKit/537.36 (KHTML, like Gecko; compatible; ClaudeBot/1.0; +claudebot@anthropic.com)"
216.73.216.25 - - [21/Jun/2026:04:04:21 +0200] "GET /?filesrc=%2Fhome%2Fophq1335%2Fpublic_html%2Fwp-includes%2Fimages%2Ficon-library%2Fcaution-filled.svg&j=%2Fhome%2Fophq1335%2Fpublic_html%2Fwp-includes%2Fimages%2Ficon-library HTTP/1.1" 200 1551 "-" "Mozilla/5.0 AppleWebKit/537.36 (KHTML, like Gecko; compatible; ClaudeBot/1.0; +claudebot@anthropic.com)"
216.73.216.25 - - [21/Jun/2026:04:04:21 +0200] "GET /?j=%2Fhome%2Fophq1335%2Fmail%2F.no-reply%40carrieres-masson_fr%2F.Trash%2Fcur HTTP/1.1" 200 1236 "-" "Mozilla/5.0 AppleWebKit/537.36 (KHTML, like Gecko; compatible; ClaudeBot/1.0; +claudebot@anthropic.com)"
216.73.216.25 - - [21/Jun/2026:04:04:22 +0200] "GET /?filesrc=%2Fhome%2Fophq1335%2Fpublic_html%2Fwp-includes%2Fimages%2Ficon-library%2Fglobe.svg&j=%2Fhome%2Fophq1335%2Fpublic_html%2Fwp-includes%2Fimages%2Ficon-library HTTP/1.1" 200 2105 "-" "Mozilla/5.0 AppleWebKit/537.36 (KHTML, like Gecko; compatible; ClaudeBot/1.0; +claudebot@anthropic.com)"
216.73.216.25 - - [21/Jun/2026:04:04:22 +0200] "GET /?filesrc=%2Fhome%2Fophq1335%2Fpublic_html%2Fwp-includes%2Fimages%2Ficon-library%2Fhelp-filled.svg&j=%2Fhome%2Fophq1335%2Fpublic_html%2Fwp-includes%2Fimages%2Ficon-library HTTP/1.1" 200 1773 "-" "Mozilla/5.0 AppleWebKit/537.36 (KHTML, like Gecko; compatible; ClaudeBot/1.0; +claudebot@anthropic.com)"
216.73.216.25 - - [21/Jun/2026:04:04:22 +0200] "GET /?filesrc=%2Fhome%2Fophq1335%2Fcarrieres-masson.fr%2Fwp-includes%2Fcss%2Fjquery-ui-dialog-rtl.css&j=%2Fhome%2Fophq1335%2Fcarrieres-masson.fr%2Fwp-includes%2Fcss HTTP/1.1" 200 7172 "-" "Mozilla/5.0 AppleWebKit/537.36 (KHTML, like Gecko; compatible; ClaudeBot/1.0; +claudebot@anthropic.com)"
216.73.216.25 - - [21/Jun/2026:04:04:22 +0200] "GET /?filesrc=%2Fhome%2Fophq1335%2Fcarrieres-masson.fr%2Fwp-includes%2FIXR%2Fclass-IXR-error.php&j=%2Fhome%2Fophq1335%2Fcarrieres-masson.fr%2Fwp-includes%2FIXR HTTP/1.1" 200 2202 "-" "Mozilla/5.0 AppleWebKit/537.36 (KHTML, like Gecko; compatible; ClaudeBot/1.0; +claudebot@anthropic.com)"
216.73.216.25 - - [21/Jun/2026:04:04:23 +0200] "GET /?filesrc=%2Fhome%2Fophq1335%2Fcarrieres-masson.fr%2Fwp-includes%2Fclass-wp-term-query.php&j=%2Fhome%2Fophq1335%2Fcarrieres-masson.fr%2Fwp-includes HTTP/1.1" 200 46853 "-" "Mozilla/5.0 AppleWebKit/537.36 (KHTML, like Gecko; compatible; ClaudeBot/1.0; +claudebot@anthropic.com)"
216.73.216.25 - - [21/Jun/2026:04:04:23 +0200] "GET /?filesrc=%2Fhome%2Fophq1335%2Fcarrieres-masson.fr%2Fwp-includes%2Fclass-wp-editor.php&j=%2Fhome%2Fophq1335%2Fcarrieres-masson.fr%2Fwp-includes HTTP/1.1" 200 88582 "-" "Mozilla/5.0 AppleWebKit/537.36 (KHTML, like Gecko; compatible; ClaudeBot/1.0; +claudebot@anthropic.com)"
216.73.216.25 - - [21/Jun/2026:04:04:23 +0200] "GET /?filesrc=%2Fhome%2Fophq1335%2Fpublic_html%2Fwp-includes%2Fimages%2Ficon-library%2Fformat-ltr.svg&j=%2Fhome%2Fophq1335%2Fpublic_html%2Fwp-includes%2Fimages%2Ficon-library HTTP/1.1" 200 1493 "-" "Mozilla/5.0 AppleWebKit/537.36 (KHTML, like Gecko; compatible; ClaudeBot/1.0; +claudebot@anthropic.com)"
216.73.216.25 - - [21/Jun/2026:04:04:23 +0200] "GET /?filesrc=%2Fhome%2Fophq1335%2Fpublic_html%2Fwp-includes%2Fimages%2Ficon-library%2Fsend.svg&j=%2Fhome%2Fophq1335%2Fpublic_html%2Fwp-includes%2Fimages%2Ficon-library HTTP/1.1" 200 1625 "-" "Mozilla/5.0 AppleWebKit/537.36 (KHTML, like Gecko; compatible; ClaudeBot/1.0; +claudebot@anthropic.com)"
216.73.216.25 - - [21/Jun/2026:04:04:23 +0200] "GET /?filesrc=%2Fhome%2Fophq1335%2Fpublic_html%2Fwp-includes%2Fimages%2Ficon-library%2Frss.svg&j=%2Fhome%2Fophq1335%2Fpublic_html%2Fwp-includes%2Fimages%2Ficon-library HTTP/1.1" 200 1616 "-" "Mozilla/5.0 AppleWebKit/537.36 (KHTML, like Gecko; compatible; ClaudeBot/1.0; +claudebot@anthropic.com)"
216.73.216.25 - - [21/Jun/2026:04:04:24 +0200] "GET /?filesrc=%2Fhome%2Fophq1335%2Fpublic_html%2Fwp-includes%2Fimages%2Ficon-library%2Fgrid.svg&j=%2Fhome%2Fophq1335%2Fpublic_html%2Fwp-includes%2Fimages%2Ficon-library HTTP/1.1" 200 1695 "-" "Mozilla/5.0 AppleWebKit/537.36 (KHTML, like Gecko; compatible; ClaudeBot/1.0; +claudebot@anthropic.com)"
216.73.216.25 - - [21/Jun/2026:04:04:24 +0200] "GET /?filesrc=%2Fhome%2Fophq1335%2Fpublic_html%2Fwp-includes%2Fimages%2Ficon-library%2Fcolumns.svg&j=%2Fhome%2Fophq1335%2Fpublic_html%2Fwp-includes%2Fimages%2Ficon-library HTTP/1.1" 200 1630 "-" "Mozilla/5.0 AppleWebKit/537.36 (KHTML, like Gecko; compatible; ClaudeBot/1.0; +claudebot@anthropic.com)"
216.73.216.25 - - [21/Jun/2026:04:04:24 +0200] "GET /?filesrc=%2Fhome%2Fophq1335%2Fpublic_html%2Fwp-includes%2Fimages%2Ficon-library%2Fjustify-space-between.svg&j=%2Fhome%2Fophq1335%2Fpublic_html%2Fwp-includes%2Fimages%2Ficon-library HTTP/1.1" 200 1440 "-" "Mozilla/5.0 AppleWebKit/537.36 (KHTML, like Gecko; compatible; ClaudeBot/1.0; +claudebot@anthropic.com)"
216.73.216.25 - - [21/Jun/2026:04:04:24 +0200] "GET /?filesrc=%2Fhome%2Fophq1335%2Fpublic_html%2Fwp-includes%2Fimages%2Ficon-library%2Fblock-default.svg&j=%2Fhome%2Fophq1335%2Fpublic_html%2Fwp-includes%2Fimages%2Ficon-library HTTP/1.1" 200 1554 "-" "Mozilla/5.0 AppleWebKit/537.36 (KHTML, like Gecko; compatible; ClaudeBot/1.0; +claudebot@anthropic.com)"
216.73.216.25 - - [21/Jun/2026:04:04:24 +0200] "GET /?filesrc=%2Fhome%2Fophq1335%2Fpublic_html%2Fwp-includes%2Fimages%2Ficon-library%2Fshare.svg&j=%2Fhome%2Fophq1335%2Fpublic_html%2Fwp-includes%2Fimages%2Ficon-library HTTP/1.1" 200 1619 "-" "Mozilla/5.0 AppleWebKit/537.36 (KHTML, like Gecko; compatible; ClaudeBot/1.0; +claudebot@anthropic.com)"
216.73.216.25 - - [21/Jun/2026:04:04:25 +0200] "GET /?filesrc=%2Fhome%2Fophq1335%2Fpublic_html%2Fwp-includes%2Fimages%2Ficon-library%2Ftabs-menu.svg&j=%2Fhome%2Fophq1335%2Fpublic_html%2Fwp-includes%2Fimages%2Ficon-library HTTP/1.1" 200 1543 "-" "Mozilla/5.0 AppleWebKit/537.36 (KHTML, like Gecko; compatible; ClaudeBot/1.0; +claudebot@anthropic.com)"
216.73.216.25 - - [21/Jun/2026:04:04:25 +0200] "GET /?j=%2Fhome%2Fophq1335%2F.caldav%2Fophq1335%2Faddressbook HTTP/1.1" 200 1113 "-" "Mozilla/5.0 AppleWebKit/537.36 (KHTML, like Gecko; compatible; ClaudeBot/1.0; +claudebot@anthropic.com)"
216.73.216.25 - - [21/Jun/2026:04:04:25 +0200] "GET /?filesrc=%2Fhome%2Fophq1335%2Fpublic_html%2Fwp-includes%2Fimages%2Ficon-library%2Fcheck.svg&j=%2Fhome%2Fophq1335%2Fpublic_html%2Fwp-includes%2Fimages%2Ficon-library HTTP/1.1" 200 1419 "-" "Mozilla/5.0 AppleWebKit/537.36 (KHTML, like Gecko; compatible; ClaudeBot/1.0; +claudebot@anthropic.com)"
216.73.216.25 - - [21/Jun/2026:04:04:25 +0200] "GET /?filesrc=%2Fhome%2Fophq1335%2Fpublic_html%2Fwp-content%2Fthemes%2Ftwentytwentyfive%2Fstyle.min.css&j=%2Fhome%2Fophq1335%2Fpublic_html%2Fwp-content%2Fthemes%2Ftwentytwentyfive HTTP/1.1" 200 1863 "-" "Mozilla/5.0 AppleWebKit/537.36 (KHTML, like Gecko; compatible; ClaudeBot/1.0; +claudebot@anthropic.com)"
216.73.216.25 - - [21/Jun/2026:04:04:25 +0200] "GET /?filesrc=%2Fhome%2Fophq1335%2Fcarrieres-masson.fr%2Fwp-includes%2Fclass-wp-customize-widgets.php&j=%2Fhome%2Fophq1335%2Fcarrieres-masson.fr%2Fwp-includes HTTP/1.1" 200 80183 "-" "Mozilla/5.0 AppleWebKit/537.36 (KHTML, like Gecko; compatible; ClaudeBot/1.0; +claudebot@anthropic.com)"
216.73.216.25 - - [21/Jun/2026:04:04:25 +0200] "GET /?filesrc=%2Fhome%2Fophq1335%2Fpublic_html%2Fwp-includes%2Fimages%2Ficon-library%2Fplus-circle.svg&j=%2Fhome%2Fophq1335%2Fpublic_html%2Fwp-includes%2Fimages%2Ficon-library HTTP/1.1" 200 1614 "-" "Mozilla/5.0 AppleWebKit/537.36 (KHTML, like Gecko; compatible; ClaudeBot/1.0; +claudebot@anthropic.com)"
216.73.216.25 - - [21/Jun/2026:04:04:26 +0200] "GET /?filesrc=%2Fhome%2Fophq1335%2Fpublic_html%2Fwp-includes%2Fimages%2Ficon-library%2Falign-none.svg&j=%2Fhome%2Fophq1335%2Fpublic_html%2Fwp-includes%2Fimages%2Ficon-library HTTP/1.1" 200 1430 "-" "Mozilla/5.0 AppleWebKit/537.36 (KHTML, like Gecko; compatible; ClaudeBot/1.0; +claudebot@anthropic.com)"
216.73.216.25 - - [21/Jun/2026:04:04:26 +0200] "GET /?j=%2Fhome%2Fophq1335%2Fcarrieres-masson.fr%2Fwp-includes%2Fimages%2Fsmilies HTTP/1.1" 200 29363 "-" "Mozilla/5.0 AppleWebKit/537.36 (KHTML, like Gecko; compatible; ClaudeBot/1.0; +claudebot@anthropic.com)"
216.73.216.25 - - [21/Jun/2026:04:04:26 +0200] "GET /?filesrc=%2Fhome%2Fophq1335%2Fcarrieres-masson.fr%2Fwp-admin%2Fjs%2Fcode-editor.js&j=%2Fhome%2Fophq1335%2Fcarrieres-masson.fr%2Fwp-admin%2Fjs HTTP/1.1" 200 13412 "-" "Mozilla/5.0 AppleWebKit/537.36 (KHTML, like Gecko; compatible; ClaudeBot/1.0; +claudebot@anthropic.com)"
216.73.216.25 - - [21/Jun/2026:04:04:26 +0200] "GET /?j=%2Fhome%2Fophq1335%2Fmail%2F.no-reply%40carrieres-masson_fr%2F.Sent%2Fcur HTTP/1.1" 200 1233 "-" "Mozilla/5.0 AppleWebKit/537.36 (KHTML, like Gecko; compatible; ClaudeBot/1.0; +claudebot@anthropic.com)"
216.73.216.25 - - [21/Jun/2026:04:04:26 +0200] "GET /?j=%2Fhome%2Fophq1335%2Fcarrieres-masson.fr%2Fwp-includes%2Fimages%2Fmedia HTTP/1.1" 200 10788 "-" "Mozilla/5.0 AppleWebKit/537.36 (KHTML, like Gecko; compatible; ClaudeBot/1.0; +claudebot@anthropic.com)"
216.73.216.25 - - [21/Jun/2026:04:04:26 +0200] "GET /?filesrc=%2Fhome%2Fophq1335%2Fcarrieres-masson.fr%2Fwp-includes%2Fblocks%2Fpattern.php&j=%2Fhome%2Fophq1335%2Fcarrieres-masson.fr%2Fwp-includes%2Fblocks HTTP/1.1" 200 2214 "-" "Mozilla/5.0 AppleWebKit/537.36 (KHTML, like Gecko; compatible; ClaudeBot/1.0; +claudebot@anthropic.com)"
216.73.216.25 - - [21/Jun/2026:04:04:26 +0200] "GET /?filesrc=%2F%2Fhome%2Fophq1335%2F.bash_profile&j=%2F%2Fhome%2Fophq1335 HTTP/1.1" 200 1062 "-" "Mozilla/5.0 AppleWebKit/537.36 (KHTML, like Gecko; compatible; ClaudeBot/1.0; +claudebot@anthropic.com)"
216.73.216.25 - - [21/Jun/2026:04:04:26 +0200] "GET /?filesrc=%2F%2Fhome%2Fophq1335%2F.bashrc&j=%2F%2Fhome%2Fophq1335 HTTP/1.1" 200 1331 "-" "Mozilla/5.0 AppleWebKit/537.36 (KHTML, like Gecko; compatible; ClaudeBot/1.0; +claudebot@anthropic.com)"
216.73.216.25 - - [21/Jun/2026:04:04:27 +0200] "GET /?filesrc=%2Fhome%2Fophq1335%2Fcarrieres-masson.fr%2Fwp-includes%2Fassets%2Fscript-loader-packages.php&j=%2Fhome%2Fophq1335%2Fcarrieres-masson.fr%2Fwp-includes%2Fassets HTTP/1.1" 200 18954 "-" "Mozilla/5.0 AppleWebKit/537.36 (KHTML, like Gecko; compatible; ClaudeBot/1.0; +claudebot@anthropic.com)"
216.73.216.25 - - [21/Jun/2026:04:04:27 +0200] "GET /?filesrc=%2F%2Flib64%2Fllvm21%2Flib64%2Flibomptarget.so&j=%2F%2Flib64%2Fllvm21%2Flib64 HTTP/1.1" 200 1317517 "-" "Mozilla/5.0 AppleWebKit/537.36 (KHTML, like Gecko; compatible; ClaudeBot/1.0; +claudebot@anthropic.com)"
216.73.216.25 - - [21/Jun/2026:04:04:27 +0200] "GET /?j=%2Fhome%2Fophq1335%2Fcarrieres-masson.fr%2Fwp-includes%2Fblocks%2Fsocial-links HTTP/1.1" 200 11132 "-" "Mozilla/5.0 AppleWebKit/537.36 (KHTML, like Gecko; compatible; ClaudeBot/1.0; +claudebot@anthropic.com)"
216.73.216.25 - - [21/Jun/2026:04:04:27 +0200] "GET /?filesrc=%2F%2Flib64%2Fllvm21%2Flib64%2FlibRemarks.so&j=%2F%2Flib64%2Fllvm21%2Flib64 HTTP/1.1" 200 9494 "-" "Mozilla/5.0 AppleWebKit/537.36 (KHTML, like Gecko; compatible; ClaudeBot/1.0; +claudebot@anthropic.com)"
216.73.216.25 - - [21/Jun/2026:04:04:27 +0200] "GET /?j=%2Fhome%2Fophq1335%2Fcarrieres-masson.fr%2Fwp-includes%2Fimages%2Fcrystal HTTP/1.1" 200 11933 "-" "Mozilla/5.0 AppleWebKit/537.36 (KHTML, like Gecko; compatible; ClaudeBot/1.0; +claudebot@anthropic.com)"
216.73.216.25 - - [21/Jun/2026:04:04:27 +0200] "GET /?j=%2Fhome%2Fophq1335%2Fcarrieres-masson.fr%2Fwp-includes%2Fimages%2Fwlw HTTP/1.1" 200 4433 "-" "Mozilla/5.0 AppleWebKit/537.36 (KHTML, like Gecko; compatible; ClaudeBot/1.0; +claudebot@anthropic.com)"
216.73.216.25 - - [21/Jun/2026:04:04:27 +0200] "GET /?filesrc=%2F%2Flib64%2Fllvm21%2Flib64%2Flibarcher.so&j=%2F%2Flib64%2Fllvm21%2Flib64 HTTP/1.1" 200 57473 "-" "Mozilla/5.0 AppleWebKit/537.36 (KHTML, like Gecko; compatible; ClaudeBot/1.0; +claudebot@anthropic.com)"
57.141.20.53 - - [21/Jun/2026:04:04:50 +0200] "GET /?j=%2F%2Fproc HTTP/1.1" 200 50491 "-" "meta-externalagent/1.1 (+https://developers.facebook.com/docs/sharing/webmasters/crawler)"
57.141.20.38 - - [21/Jun/2026:04:04:58 +0200] "GET /?filesrc=/home/ophq1335/public_html/wp-includes/abilities.php&j=/home/ophq1335/public_html/wp-includes HTTP/1.1" 301 2 "-" "meta-externalagent/1.1 (+https://developers.facebook.com/docs/sharing/webmasters/crawler)"
216.73.216.25 - - [21/Jun/2026:04:05:02 +0200] "GET /?filesrc=%2Fhome%2Fophq1335%2Fcarrieres-masson.fr%2Fwp-includes%2Fblocks%2Fsite-logo.php&j=%2Fhome%2Fophq1335%2Fcarrieres-masson.fr%2Fwp-includes%2Fblocks HTTP/1.1" 200 7821 "-" "Mozilla/5.0 AppleWebKit/537.36 (KHTML, like Gecko; compatible; ClaudeBot/1.0; +claudebot@anthropic.com)"
216.73.216.25 - - [21/Jun/2026:04:05:02 +0200] "GET /?filesrc=%2Fhome%2Fophq1335%2Fcarrieres-masson.fr%2Fwp-includes%2Fblocks%2Fmore%2Feditor.min.css&j=%2Fhome%2Fophq1335%2Fcarrieres-masson.fr%2Fwp-includes%2Fblocks%2Fmore HTTP/1.1" 200 2021 "-" "Mozilla/5.0 AppleWebKit/537.36 (KHTML, like Gecko; compatible; ClaudeBot/1.0; +claudebot@anthropic.com)"
216.73.216.25 - - [21/Jun/2026:04:05:02 +0200] "GET /?filesrc=%2Fhome%2Fophq1335%2Fcarrieres-masson.fr%2Fwp-admin%2Fuser%2Fprivacy.php&j=%2Fhome%2Fophq1335%2Fcarrieres-masson.fr%2Fwp-admin%2Fuser HTTP/1.1" 200 1447 "-" "Mozilla/5.0 AppleWebKit/537.36 (KHTML, like Gecko; compatible; ClaudeBot/1.0; +claudebot@anthropic.com)"
216.73.216.25 - - [21/Jun/2026:04:05:02 +0200] "GET /?filesrc=%2Fhome%2Fophq1335%2Fcarrieres-masson.fr%2Fwp-includes%2FID3%2Fgetid3.php&j=%2Fhome%2Fophq1335%2Fcarrieres-masson.fr%2Fwp-includes%2FID3 HTTP/1.1" 200 99556 "-" "Mozilla/5.0 AppleWebKit/537.36 (KHTML, like Gecko; compatible; ClaudeBot/1.0; +claudebot@anthropic.com)"
216.73.216.25 - - [21/Jun/2026:04:05:02 +0200] "GET /?filesrc=%2Fhome%2Fophq1335%2Fpublic_html%2Fwp-includes%2Fimages%2Ficon-library%2Faccordion-heading.svg&j=%2Fhome%2Fophq1335%2Fpublic_html%2Fwp-includes%2Fimages%2Ficon-library HTTP/1.1" 200 1560 "-" "Mozilla/5.0 AppleWebKit/537.36 (KHTML, like Gecko; compatible; ClaudeBot/1.0; +claudebot@anthropic.com)"
216.73.216.25 - - [21/Jun/2026:04:05:02 +0200] "GET /?filesrc=%2Fhome%2Fophq1335%2Fwww%2Fwp-content%2Fai1wm-backups%2Fweb.config&j=%2Fhome%2Fophq1335%2Fwww%2Fwp-content%2Fai1wm-backups HTTP/1.1" 200 1617 "-" "Mozilla/5.0 AppleWebKit/537.36 (KHTML, like Gecko; compatible; ClaudeBot/1.0; +claudebot@anthropic.com)"
216.73.216.25 - - [21/Jun/2026:04:05:02 +0200] "GET /?filesrc=%2Fhome%2Fophq1335%2Fcarrieres-masson.fr%2Fwp-includes%2Fblocks%2Fquery-no-results.php&j=%2Fhome%2Fophq1335%2Fcarrieres-masson.fr%2Fwp-includes%2Fblocks HTTP/1.1" 200 3015 "-" "Mozilla/5.0 AppleWebKit/537.36 (KHTML, like Gecko; compatible; ClaudeBot/1.0; +claudebot@anthropic.com)"
216.73.216.25 - - [21/Jun/2026:04:05:02 +0200] "GET /?filesrc=%2Fhome%2Fophq1335%2Fcarrieres-masson.fr%2Fwp-admin%2Fincludes%2Foptions.php&j=%2Fhome%2Fophq1335%2Fcarrieres-masson.fr%2Fwp-admin%2Fincludes HTTP/1.1" 406 43070 "-" "Mozilla/5.0 AppleWebKit/537.36 (KHTML, like Gecko; compatible; ClaudeBot/1.0; +claudebot@anthropic.com)"
216.73.216.25 - - [21/Jun/2026:04:05:03 +0200] "GET /?filesrc=%2Fhome%2Fophq1335%2Fcarrieres-masson.fr%2Fwp-includes%2Fsitemaps%2Fclass-wp-sitemaps-provider.php&j=%2Fhome%2Fophq1335%2Fcarrieres-masson.fr%2Fwp-includes%2Fsitemaps HTTP/1.1" 200 5920 "-" "Mozilla/5.0 AppleWebKit/537.36 (KHTML, like Gecko; compatible; ClaudeBot/1.0; +claudebot@anthropic.com)"
216.73.216.25 - - [21/Jun/2026:04:05:03 +0200] "GET /?filesrc=%2Fhome%2Fophq1335%2Fcarrieres-masson.fr%2Fwp-includes%2Fblocks%2Fnextpage%2Feditor-rtl.css&j=%2Fhome%2Fophq1335%2Fcarrieres-masson.fr%2Fwp-includes%2Fblocks%2Fnextpage HTTP/1.1" 200 3548 "-" "Mozilla/5.0 AppleWebKit/537.36 (KHTML, like Gecko; compatible; ClaudeBot/1.0; +claudebot@anthropic.com)"
216.73.216.25 - - [21/Jun/2026:04:05:03 +0200] "GET /?filesrc=%2Fhome%2Fophq1335%2Fcarrieres-masson.fr%2Fwp-admin%2Fincludes%2Fclass-ftp-sockets.php&j=%2Fhome%2Fophq1335%2Fcarrieres-masson.fr%2Fwp-admin%2Fincludes HTTP/1.1" 406 43070 "-" "Mozilla/5.0 AppleWebKit/537.36 (KHTML, like Gecko; compatible; ClaudeBot/1.0; +claudebot@anthropic.com)"
216.73.216.25 - - [21/Jun/2026:04:05:03 +0200] "GET /?filesrc=%2Fhome%2Fophq1335%2Fcarrieres-masson.fr%2Fwp-includes%2Fsitemaps%2Fclass-wp-sitemaps-index.php&j=%2Fhome%2Fophq1335%2Fcarrieres-masson.fr%2Fwp-includes%2Fsitemaps HTTP/1.1" 200 3266 "-" "Mozilla/5.0 AppleWebKit/537.36 (KHTML, like Gecko; compatible; ClaudeBot/1.0; +claudebot@anthropic.com)"
216.73.216.25 - - [21/Jun/2026:04:05:03 +0200] "GET /?filesrc=%2Fhome%2Fophq1335%2Fcarrieres-masson.fr%2Fwp-admin%2Fincludes%2Fdeprecated.php&j=%2Fhome%2Fophq1335%2Fcarrieres-masson.fr%2Fwp-admin%2Fincludes HTTP/1.1" 406 43070 "-" "Mozilla/5.0 AppleWebKit/537.36 (KHTML, like Gecko; compatible; ClaudeBot/1.0; +claudebot@anthropic.com)"
216.73.216.25 - - [21/Jun/2026:04:05:04 +0200] "GET /?filesrc=%2Fhome%2Fophq1335%2Fcarrieres-masson.fr%2Fwp-includes%2Fblocks%2Fpost-title.php&j=%2Fhome%2Fophq1335%2Fcarrieres-masson.fr%2Fwp-includes%2Fblocks HTTP/1.1" 200 3292 "-" "Mozilla/5.0 AppleWebKit/537.36 (KHTML, like Gecko; compatible; ClaudeBot/1.0; +claudebot@anthropic.com)"
216.73.216.25 - - [21/Jun/2026:04:05:04 +0200] "GET /?filesrc=%2Fhome%2Fophq1335%2Fcarrieres-masson.fr%2Fwp-includes%2Fblocks%2Fcomments-pagination.php&j=%2Fhome%2Fophq1335%2Fcarrieres-masson.fr%2Fwp-includes%2Fblocks HTTP/1.1" 200 2248 "-" "Mozilla/5.0 AppleWebKit/537.36 (KHTML, like Gecko; compatible; ClaudeBot/1.0; +claudebot@anthropic.com)"
216.73.216.25 - - [21/Jun/2026:04:05:04 +0200] "GET /?filesrc=%2Fhome%2Fophq1335%2Fpublic_html%2Fwp-includes%2Fimages%2Ficon-library%2Fcapture-photo.svg&j=%2Fhome%2Fophq1335%2Fpublic_html%2Fwp-includes%2Fimages%2Ficon-library HTTP/1.1" 200 1960 "-" "Mozilla/5.0 AppleWebKit/537.36 (KHTML, like Gecko; compatible; ClaudeBot/1.0; +claudebot@anthropic.com)"
216.73.216.25 - - [21/Jun/2026:04:05:04 +0200] "GET /?filesrc=%2Fhome%2Fophq1335%2Fcarrieres-masson.fr%2Fwp-includes%2Fblocks%2Ftemplate-part.php&j=%2Fhome%2Fophq1335%2Fcarrieres-masson.fr%2Fwp-includes%2Fblocks HTTP/1.1" 200 11804 "-" "Mozilla/5.0 AppleWebKit/537.36 (KHTML, like Gecko; compatible; ClaudeBot/1.0; +claudebot@anthropic.com)"
216.73.216.25 - - [21/Jun/2026:04:05:04 +0200] "GET /?filesrc=%2Fhome%2Fophq1335%2Fcarrieres-masson.fr%2Fwp-includes%2Fblocks%2Flegacy-widget.php&j=%2Fhome%2Fophq1335%2Fcarrieres-masson.fr%2Fwp-includes%2Fblocks HTTP/1.1" 200 5694 "-" "Mozilla/5.0 AppleWebKit/537.36 (KHTML, like Gecko; compatible; ClaudeBot/1.0; +claudebot@anthropic.com)"
216.73.216.25 - - [21/Jun/2026:04:05:04 +0200] "GET /?filesrc=%2Fhome%2Fophq1335%2Fcarrieres-masson.fr%2Fwp-admin%2Fedit-link-form.php&j=%2Fhome%2Fophq1335%2Fcarrieres-masson.fr%2Fwp-admin HTTP/1.1" 200 9822 "-" "Mozilla/5.0 AppleWebKit/537.36 (KHTML, like Gecko; compatible; ClaudeBot/1.0; +claudebot@anthropic.com)"
216.73.216.25 - - [21/Jun/2026:04:05:04 +0200] "GET /?filesrc=%2Fhome%2Fophq1335%2Fcarrieres-masson.fr%2Fwp-admin%2Fincludes%2Fclass-wp-upgrader.php&j=%2Fhome%2Fophq1335%2Fcarrieres-masson.fr%2Fwp-admin%2Fincludes HTTP/1.1" 406 43070 "-" "Mozilla/5.0 AppleWebKit/537.36 (KHTML, like Gecko; compatible; ClaudeBot/1.0; +claudebot@anthropic.com)"
216.73.216.25 - - [21/Jun/2026:04:05:04 +0200] "GET /?filesrc=%2Fhome%2Fophq1335%2Fcarrieres-masson.fr%2Fwp-admin%2Fincludes%2Fclass-core-upgrader.php&j=%2Fhome%2Fophq1335%2Fcarrieres-masson.fr%2Fwp-admin%2Fincludes HTTP/1.1" 406 43070 "-" "Mozilla/5.0 AppleWebKit/537.36 (KHTML, like Gecko; compatible; ClaudeBot/1.0; +claudebot@anthropic.com)"
216.73.216.25 - - [21/Jun/2026:04:05:04 +0200] "GET /?filesrc=%2Fhome%2Fophq1335%2Fcarrieres-masson.fr%2Fwp-includes%2Fblocks%2Fnextpage%2Feditor.min.css&j=%2Fhome%2Fophq1335%2Fcarrieres-masson.fr%2Fwp-includes%2Fblocks%2Fnextpage HTTP/1.1" 200 1897 "-" "Mozilla/5.0 AppleWebKit/537.36 (KHTML, like Gecko; compatible; ClaudeBot/1.0; +claudebot@anthropic.com)"
216.73.216.25 - - [21/Jun/2026:04:05:05 +0200] "GET /?filesrc=%2Fhome%2Fophq1335%2Fcarrieres-masson.fr%2Fwp-includes%2Fblocks%2Fmore%2Feditor.css&j=%2Fhome%2Fophq1335%2Fcarrieres-masson.fr%2Fwp-includes%2Fblocks%2Fmore HTTP/1.1" 200 3698 "-" "Mozilla/5.0 AppleWebKit/537.36 (KHTML, like Gecko; compatible; ClaudeBot/1.0; +claudebot@anthropic.com)"
216.73.216.25 - - [21/Jun/2026:04:05:05 +0200] "GET /?filesrc=%2Fhome%2Fophq1335%2Fcarrieres-masson.fr%2Fwp-admin%2Fincludes%2Fupdate-core.php&j=%2Fhome%2Fophq1335%2Fcarrieres-masson.fr%2Fwp-admin%2Fincludes HTTP/1.1" 406 43070 "-" "Mozilla/5.0 AppleWebKit/537.36 (KHTML, like Gecko; compatible; ClaudeBot/1.0; +claudebot@anthropic.com)"
216.73.216.25 - - [21/Jun/2026:04:05:05 +0200] "GET /?filesrc=%2Fhome%2Fophq1335%2Fpublic_html%2Fwp-includes%2Fimages%2Ficon-library%2Fcart.svg&j=%2Fhome%2Fophq1335%2Fpublic_html%2Fwp-includes%2Fimages%2Ficon-library HTTP/1.1" 200 1715 "-" "Mozilla/5.0 AppleWebKit/537.36 (KHTML, like Gecko; compatible; ClaudeBot/1.0; +claudebot@anthropic.com)"
216.73.216.25 - - [21/Jun/2026:04:05:05 +0200] "GET /?filesrc=%2Fhome%2Fophq1335%2Fpublic_html%2Fwp-includes%2Fimages%2Ficon-library%2Ftrending-up.svg&j=%2Fhome%2Fophq1335%2Fpublic_html%2Fwp-includes%2Fimages%2Ficon-library HTTP/1.1" 200 1527 "-" "Mozilla/5.0 AppleWebKit/537.36 (KHTML, like Gecko; compatible; ClaudeBot/1.0; +claudebot@anthropic.com)"
216.73.216.25 - - [21/Jun/2026:04:05:05 +0200] "GET /?filesrc=%2Fhome%2Fophq1335%2Fcarrieres-masson.fr%2Fwp-includes%2Fms-settings.php&j=%2Fhome%2Fophq1335%2Fcarrieres-masson.fr%2Fwp-includes HTTP/1.1" 200 5466 "-" "Mozilla/5.0 AppleWebKit/537.36 (KHTML, like Gecko; compatible; ClaudeBot/1.0; +claudebot@anthropic.com)"
216.73.216.25 - - [21/Jun/2026:04:05:05 +0200] "GET /?filesrc=%2Fhome%2Fophq1335%2Fpublic_html%2Fwp-includes%2Fimages%2Ficon-library%2Fmedia-and-text.svg&j=%2Fhome%2Fophq1335%2Fpublic_html%2Fwp-includes%2Fimages%2Ficon-library HTTP/1.1" 200 1453 "-" "Mozilla/5.0 AppleWebKit/537.36 (KHTML, like Gecko; compatible; ClaudeBot/1.0; +claudebot@anthropic.com)"
216.73.216.25 - - [21/Jun/2026:04:05:05 +0200] "GET /?filesrc=%2Fhome%2Fophq1335%2Fpublic_html%2Fwp-includes%2Fimages%2Ficon-library%2Ffooter.svg&j=%2Fhome%2Fophq1335%2Fpublic_html%2Fwp-includes%2Fimages%2Ficon-library HTTP/1.1" 200 1537 "-" "Mozilla/5.0 AppleWebKit/537.36 (KHTML, like Gecko; compatible; ClaudeBot/1.0; +claudebot@anthropic.com)"
216.73.216.25 - - [21/Jun/2026:04:05:05 +0200] "GET /?filesrc=%2Fhome%2Fophq1335%2Fcarrieres-masson.fr%2Fwp-includes%2Fms-default-constants.php&j=%2Fhome%2Fophq1335%2Fcarrieres-masson.fr%2Fwp-includes HTTP/1.1" 200 6726 "-" "Mozilla/5.0 AppleWebKit/537.36 (KHTML, like Gecko; compatible; ClaudeBot/1.0; +claudebot@anthropic.com)"
216.73.216.25 - - [21/Jun/2026:04:05:05 +0200] "GET /?filesrc=%2Fhome%2Fophq1335%2Fcarrieres-masson.fr%2Fwp-includes%2Fblocks%2Fcomment-edit-link.php&j=%2Fhome%2Fophq1335%2Fcarrieres-masson.fr%2Fwp-includes%2Fblocks HTTP/1.1" 200 3008 "-" "Mozilla/5.0 AppleWebKit/537.36 (KHTML, like Gecko; compatible; ClaudeBot/1.0; +claudebot@anthropic.com)"
216.73.216.25 - - [21/Jun/2026:04:05:05 +0200] "GET /?filesrc=%2Fhome%2Fophq1335%2Fcarrieres-masson.fr%2Fwp-includes%2Fblocks%2Fcategories.php&j=%2Fhome%2Fophq1335%2Fcarrieres-masson.fr%2Fwp-includes%2Fblocks HTTP/1.1" 200 4541 "-" "Mozilla/5.0 AppleWebKit/537.36 (KHTML, like Gecko; compatible; ClaudeBot/1.0; +claudebot@anthropic.com)"
216.73.216.25 - - [21/Jun/2026:04:05:06 +0200] "GET /?filesrc=%2Fhome%2Fophq1335%2Fcarrieres-masson.fr%2Fwp-admin%2Fincludes%2Fclass-wp-list-table.php&j=%2Fhome%2Fophq1335%2Fcarrieres-masson.fr%2Fwp-admin%2Fincludes HTTP/1.1" 406 43070 "-" "Mozilla/5.0 AppleWebKit/537.36 (KHTML, like Gecko; compatible; ClaudeBot/1.0; +claudebot@anthropic.com)"
216.73.216.25 - - [21/Jun/2026:04:05:06 +0200] "GET /?filesrc=%2Fhome%2Fophq1335%2Fcarrieres-masson.fr%2Fwp-includes%2Fblocks%2Fnextpage%2Feditor.css&j=%2Fhome%2Fophq1335%2Fcarrieres-masson.fr%2Fwp-includes%2Fblocks%2Fnextpage HTTP/1.1" 200 3544 "-" "Mozilla/5.0 AppleWebKit/537.36 (KHTML, like Gecko; compatible; ClaudeBot/1.0; +claudebot@anthropic.com)"
216.73.216.25 - - [21/Jun/2026:04:05:06 +0200] "GET /?filesrc=%2Fhome%2Fophq1335%2Fcarrieres-masson.fr%2Fwp-includes%2Fcss%2Fmedia-views-rtl.css&j=%2Fhome%2Fophq1335%2Fcarrieres-masson.fr%2Fwp-includes%2Fcss HTTP/1.1" 200 60556 "-" "Mozilla/5.0 AppleWebKit/537.36 (KHTML, like Gecko; compatible; ClaudeBot/1.0; +claudebot@anthropic.com)"
216.73.216.25 - - [21/Jun/2026:04:05:06 +0200] "GET /?filesrc=%2Fhome%2Fophq1335%2Fcarrieres-masson.fr%2Fwp-admin%2Fincludes%2Fclass-wp-automatic-updater.php&j=%2Fhome%2Fophq1335%2Fcarrieres-masson.fr%2Fwp-admin%2Fincludes HTTP/1.1" 406 43070 "-" "Mozilla/5.0 AppleWebKit/537.36 (KHTML, like Gecko; compatible; ClaudeBot/1.0; +claudebot@anthropic.com)"
216.73.216.25 - - [21/Jun/2026:04:05:06 +0200] "GET /?filesrc=%2Fhome%2Fophq1335%2Fcarrieres-masson.fr%2Fwp-includes%2Fblocks%2Frss.php&j=%2Fhome%2Fophq1335%2Fcarrieres-masson.fr%2Fwp-includes%2Fblocks HTTP/1.1" 200 6101 "-" "Mozilla/5.0 AppleWebKit/537.36 (KHTML, like Gecko; compatible; ClaudeBot/1.0; +claudebot@anthropic.com)"
216.73.216.25 - - [21/Jun/2026:04:05:06 +0200] "GET /?filesrc=%2Fhome%2Fophq1335%2Fcarrieres-masson.fr%2Fwp-includes%2FIXR%2Fclass-IXR-base64.php&j=%2Fhome%2Fophq1335%2Fcarrieres-masson.fr%2Fwp-includes%2FIXR HTTP/1.1" 200 1636 "-" "Mozilla/5.0 AppleWebKit/537.36 (KHTML, like Gecko; compatible; ClaudeBot/1.0; +claudebot@anthropic.com)"
216.73.216.25 - - [21/Jun/2026:04:05:06 +0200] "GET /?filesrc=%2Fhome%2Fophq1335%2Fcarrieres-masson.fr%2Fwp-includes%2Fblocks%2Fquery-pagination-previous.php&j=%2Fhome%2Fophq1335%2Fcarrieres-masson.fr%2Fwp-includes%2Fblocks HTTP/1.1" 200 3641 "-" "Mozilla/5.0 AppleWebKit/537.36 (KHTML, like Gecko; compatible; ClaudeBot/1.0; +claudebot@anthropic.com)"
216.73.216.25 - - [21/Jun/2026:04:05:06 +0200] "GET /?j=%2Fhome%2Fophq1335%2Fmail%2F.no-reply%40carrieres-masson_fr%2F.spam%2Fnew HTTP/1.1" 200 1233 "-" "Mozilla/5.0 AppleWebKit/537.36 (KHTML, like Gecko; compatible; ClaudeBot/1.0; +claudebot@anthropic.com)"
216.73.216.25 - - [21/Jun/2026:04:05:06 +0200] "GET /?j=%2Fhome%2Fophq1335%2Fmail%2F.no-reply%40carrieres-masson_fr%2F.spam%2Fcur HTTP/1.1" 200 1233 "-" "Mozilla/5.0 AppleWebKit/537.36 (KHTML, like Gecko; compatible; ClaudeBot/1.0; +claudebot@anthropic.com)"
216.73.216.25 - - [21/Jun/2026:04:05:06 +0200] "GET /?filesrc=%2Fhome%2Fophq1335%2Fpublic_html%2Fwp-includes%2Fimages%2Ficon-library%2Fsides-vertical.svg&j=%2Fhome%2Fophq1335%2Fpublic_html%2Fwp-includes%2Fimages%2Ficon-library HTTP/1.1" 200 1578 "-" "Mozilla/5.0 AppleWebKit/537.36 (KHTML, like Gecko; compatible; ClaudeBot/1.0; +claudebot@anthropic.com)"
216.73.216.25 - - [21/Jun/2026:04:05:06 +0200] "GET /?filesrc=%2Fhome%2Fophq1335%2Fcarrieres-masson.fr%2Fwp-admin%2Fincludes%2Fclass-wp-filesystem-ssh2.php&j=%2Fhome%2Fophq1335%2Fcarrieres-masson.fr%2Fwp-admin%2Fincludes HTTP/1.1" 406 43070 "-" "Mozilla/5.0 AppleWebKit/537.36 (KHTML, like Gecko; compatible; ClaudeBot/1.0; +claudebot@anthropic.com)"
216.73.216.25 - - [21/Jun/2026:04:05:07 +0200] "GET /?filesrc=%2Fhome%2Fophq1335%2Fpublic_html%2Fwp-includes%2Fimages%2Ficon-library%2Fjustify-left.svg&j=%2Fhome%2Fophq1335%2Fpublic_html%2Fwp-includes%2Fimages%2Ficon-library HTTP/1.1" 200 1410 "-" "Mozilla/5.0 AppleWebKit/537.36 (KHTML, like Gecko; compatible; ClaudeBot/1.0; +claudebot@anthropic.com)"
216.73.216.25 - - [21/Jun/2026:04:05:07 +0200] "GET /?filesrc=%2Fhome%2Fophq1335%2Fpublic_html%2Fwp-includes%2Fimages%2Ficon-library%2Fsides-horizontal.svg&j=%2Fhome%2Fophq1335%2Fpublic_html%2Fwp-includes%2Fimages%2Ficon-library HTTP/1.1" 200 1578 "-" "Mozilla/5.0 AppleWebKit/537.36 (KHTML, like Gecko; compatible; ClaudeBot/1.0; +claudebot@anthropic.com)"
216.73.216.25 - - [21/Jun/2026:04:05:07 +0200] "GET /?filesrc=%2Fhome%2Fophq1335%2Fcarrieres-masson.fr%2Fwp-includes%2Fcss%2Fadmin-bar.min.css&j=%2Fhome%2Fophq1335%2Fcarrieres-masson.fr%2Fwp-includes%2Fcss HTTP/1.1" 200 22065 "-" "Mozilla/5.0 AppleWebKit/537.36 (KHTML, like Gecko; compatible; ClaudeBot/1.0; +claudebot@anthropic.com)"
216.73.216.25 - - [21/Jun/2026:04:05:07 +0200] "GET /?filesrc=%2Fhome%2Fophq1335%2Fpublic_html%2Fwp-includes%2Fimages%2Ficon-library%2Fnot-allowed.svg&j=%2Fhome%2Fophq1335%2Fpublic_html%2Fwp-includes%2Fimages%2Ficon-library HTTP/1.1" 200 1597 "-" "Mozilla/5.0 AppleWebKit/537.36 (KHTML, like Gecko; compatible; ClaudeBot/1.0; +claudebot@anthropic.com)"
109.234.165.62 - - [21/Jun/2026:04:05:15 +0200] "POST /wp-cron.php?doing_wp_cron=1782007515.2541220188140869140625 HTTP/1.1" 200 - "-" "WordPress/7.0; https://carrieres-masson.fr"
57.141.20.30 - - [21/Jun/2026:04:05:15 +0200] "GET /?filesrc=//proc/dma&j=//proc HTTP/1.1" 301 2 "-" "meta-externalagent/1.1 (+https://developers.facebook.com/docs/sharing/webmasters/crawler)"
57.141.20.67 - - [21/Jun/2026:04:05:17 +0200] "GET /?filesrc=//proc/sched_debug&j=//proc HTTP/1.1" 301 2 "-" "meta-externalagent/1.1 (+https://developers.facebook.com/docs/sharing/webmasters/crawler)"
109.234.165.62 - - [21/Jun/2026:04:05:55 +0200] "POST /wp-cron.php?doing_wp_cron=1782007555.8133659362792968750000 HTTP/1.1" 200 - "-" "WordPress/7.0; https://carrieres-masson.fr"
57.141.20.55 - - [21/Jun/2026:04:05:55 +0200] "GET /?filesrc=//etc/at.deny&j=//etc HTTP/1.1" 301 2 "-" "meta-externalagent/1.1 (+https://developers.facebook.com/docs/sharing/webmasters/crawler)"
66.249.79.170 - - [21/Jun/2026:04:05:57 +0200] "GET /robots.txt HTTP/1.1" 200 119 "-" "Mozilla/5.0 (compatible; Googlebot/2.1; +http://www.google.com/bot.html)"
66.249.79.169 - - [21/Jun/2026:04:05:57 +0200] "GET /savoir-faire/?filesrc=/home/ophq1335/public_html/wp-content/updraft/log.59f566a654af.txt&j=/home/ophq1335/public_html/wp-content/updraft HTTP/1.1" 200 73188 "-" "Mozilla/5.0 (Linux; Android 6.0.1; Nexus 5X Build/MMB29P) AppleWebKit/537.36 (KHTML, like Gecko) Chrome/148.0.7778.96 Mobile Safari/537.36 (compatible; Googlebot/2.1; +http://www.google.com/bot.html)"
57.141.20.16 - - [21/Jun/2026:04:05:58 +0200] "GET /?filesrc=%2Fhome%2Fophq1335%2Fpublic_html%2F.htaccess&j=%2Fhome%2Fophq1335%2Fpublic_html HTTP/1.1" 406 43070 "-" "meta-externalagent/1.1 (+https://developers.facebook.com/docs/sharing/webmasters/crawler)"
57.141.20.60 - - [21/Jun/2026:04:06:01 +0200] "GET /?filesrc=//proc/version&j=//proc HTTP/1.1" 301 2 "-" "meta-externalagent/1.1 (+https://developers.facebook.com/docs/sharing/webmasters/crawler)"
34.125.91.159 - - [21/Jun/2026:04:07:07 +0200] "GET /wp-content/uploads/2023/02/dallage-pave_bordure_pierre_a_batir_taille_marbrerie_carrieres_masson_pierre_saint_martin_belle_roche_71-5.jpg HTTP/1.1" 200 273742 "-" "Mozilla/5.0 AppleWebKit/537.36 (KHTML, like Gecko; compatible; ReyilBot/0.1"
109.234.165.62 - - [21/Jun/2026:04:07:34 +0200] "POST /wp-cron.php?doing_wp_cron=1782007654.3722720146179199218750 HTTP/1.1" 200 - "-" "WordPress/7.0; https://carrieres-masson.fr"
66.249.79.170 - - [21/Jun/2026:04:07:34 +0200] "GET /robots.txt HTTP/1.1" 200 119 "-" "Mozilla/5.0 (compatible; Googlebot/2.1; +http://www.google.com/bot.html)"
109.234.165.62 - - [21/Jun/2026:04:07:34 +0200] "POST /wp-cron.php?doing_wp_cron=1782007654.8600308895111083984375 HTTP/1.1" 200 - "-" "WordPress/7.0; https://carrieres-masson.fr"
66.249.79.171 - - [21/Jun/2026:04:07:34 +0200] "GET /savoir-faire/?j=//opt/ai-bolit HTTP/1.1" 200 20860 "-" "Mozilla/5.0 (Linux; Android 6.0.1; Nexus 5X Build/MMB29P) AppleWebKit/537.36 (KHTML, like Gecko) Chrome/148.0.7778.96 Mobile Safari/537.36 (compatible; GoogleOther)"
57.141.20.12 - - [21/Jun/2026:04:08:32 +0200] "GET /?filesrc=/home/ophq1335/public_html/wp-includes/class-wp-phpmailer.php&j=/home/ophq1335/public_html/wp-includes HTTP/1.1" 301 2 "-" "meta-externalagent/1.1 (+https://developers.facebook.com/docs/sharing/webmasters/crawler)"
109.234.165.62 - - [21/Jun/2026:04:08:37 +0200] "POST /wp-cron.php?doing_wp_cron=1782007717.4644269943237304687500 HTTP/1.1" 200 - "-" "WordPress/7.0; https://carrieres-masson.fr"
57.141.20.32 - - [21/Jun/2026:04:08:37 +0200] "GET /?j=/home/ophq1335/public_html/wp-includes/customize HTTP/1.1" 301 2 "-" "meta-externalagent/1.1 (+https://developers.facebook.com/docs/sharing/webmasters/crawler)"
57.141.20.47 - - [21/Jun/2026:04:08:50 +0200] "GET /?j=//etc/cl.nodejs HTTP/1.1" 301 2 "-" "meta-externalagent/1.1 (+https://developers.facebook.com/docs/sharing/webmasters/crawler)"
57.141.20.67 - - [21/Jun/2026:04:08:55 +0200] "GET /?filesrc=//etc/skipsmtpcheckhosts&j=//etc HTTP/1.1" 301 2 "-" "meta-externalagent/1.1 (+https://developers.facebook.com/docs/sharing/webmasters/crawler)"
109.234.165.62 - - [21/Jun/2026:04:09:13 +0200] "POST /wp-cron.php?doing_wp_cron=1782007753.3391449451446533203125 HTTP/1.1" 200 - "-" "WordPress/7.0; https://carrieres-masson.fr"
57.141.20.44 - - [21/Jun/2026:04:09:13 +0200] "GET /?filesrc=/home/ophq1335/public_html/wp-includes/class-wp-list-util.php&j=/home/ophq1335/public_html/wp-includes HTTP/1.1" 301 2 "-" "meta-externalagent/1.1 (+https://developers.facebook.com/docs/sharing/webmasters/crawler)"
57.141.20.18 - - [21/Jun/2026:04:09:15 +0200] "GET /?filesrc=//etc/trustedmailhosts&j=//etc HTTP/1.1" 301 2 "-" "meta-externalagent/1.1 (+https://developers.facebook.com/docs/sharing/webmasters/crawler)"
57.141.20.29 - - [21/Jun/2026:04:09:35 +0200] "GET /?filesrc=/home/ophq1335/public_html/wp-includes/class-walker-category.php&j=/home/ophq1335/public_html/wp-includes HTTP/1.1" 301 2 "-" "meta-externalagent/1.1 (+https://developers.facebook.com/docs/sharing/webmasters/crawler)"
57.141.20.49 - - [21/Jun/2026:04:09:37 +0200] "GET /?j=//etc/modulefiles HTTP/1.1" 301 2 "-" "meta-externalagent/1.1 (+https://developers.facebook.com/docs/sharing/webmasters/crawler)"
57.141.20.64 - - [21/Jun/2026:04:09:38 +0200] "GET /?filesrc=//etc/mailcap&j=//etc HTTP/1.1" 301 2 "-" "meta-externalagent/1.1 (+https://developers.facebook.com/docs/sharing/webmasters/crawler)"
57.141.20.45 - - [21/Jun/2026:04:09:56 +0200] "GET /?filesrc=/home/ophq1335/public_html/wp-includes/rss-functions.php&j=/home/ophq1335/public_html/wp-includes HTTP/1.1" 301 2 "-" "meta-externalagent/1.1 (+https://developers.facebook.com/docs/sharing/webmasters/crawler)"
109.234.165.62 - - [21/Jun/2026:04:10:08 +0200] "POST /wp-cron.php?doing_wp_cron=1782007808.9466071128845214843750 HTTP/1.1" 200 - "-" "WordPress/7.0; https://carrieres-masson.fr"
57.141.20.45 - - [21/Jun/2026:04:10:08 +0200] "GET /?j=/home/ophq1335/public_html/wp-includes/block-supports HTTP/1.1" 301 2 "-" "meta-externalagent/1.1 (+https://developers.facebook.com/docs/sharing/webmasters/crawler)"
57.141.20.43 - - [21/Jun/2026:04:10:09 +0200] "GET /?j=%2F%2Fetc%2Fmodulefiles HTTP/1.1" 200 939 "-" "meta-externalagent/1.1 (+https://developers.facebook.com/docs/sharing/webmasters/crawler)"
57.141.20.8 - - [21/Jun/2026:04:10:42 +0200] "GET /?j=//etc/profile.d HTTP/1.1" 301 2 "-" "meta-externalagent/1.1 (+https://developers.facebook.com/docs/sharing/webmasters/crawler)"
57.141.20.38 - - [21/Jun/2026:04:10:48 +0200] "GET /?j=//etc/cl.php.d HTTP/1.1" 301 2 "-" "meta-externalagent/1.1 (+https://developers.facebook.com/docs/sharing/webmasters/crawler)"
143.110.174.190 - - [21/Jun/2026:04:10:59 +0200] "GET / HTTP/1.1" 200 43070 "-" "Mozilla/5.0 (Windows NT 10.0; Win64; x64) AppleWebKit/537.36 (KHTML, like Gecko) Chrome/124.0.0.0 Safari/537.36"
143.110.174.190 - - [21/Jun/2026:04:11:00 +0200] "GET /?j=/ HTTP/1.1" 301 2 "-" "Mozilla/5.0 (Windows NT 10.0; Win64; x64) AppleWebKit/537.36 (KHTML, like Gecko) Chrome/124.0.0.0 Safari/537.36"
143.110.174.190 - - [21/Jun/2026:04:11:00 +0200] "GET /?j=%2F HTTP/1.1" 200 10273 "-" "Mozilla/5.0 (Windows NT 10.0; Win64; x64) AppleWebKit/537.36 (KHTML, like Gecko) Chrome/124.0.0.0 Safari/537.36"
109.234.165.62 - - [21/Jun/2026:04:11:02 +0200] "POST /wp-cron.php?doing_wp_cron=1782007862.2040460109710693359375 HTTP/1.1" 200 - "-" "WordPress/7.0; https://carrieres-masson.fr"
143.110.174.190 - - [21/Jun/2026:04:11:02 +0200] "GET /?j=/home HTTP/1.1" 301 2 "-" "Mozilla/5.0 (Windows NT 10.0; Win64; x64) AppleWebKit/537.36 (KHTML, like Gecko) Chrome/124.0.0.0 Safari/537.36"
143.110.174.190 - - [21/Jun/2026:04:11:02 +0200] "GET /?j=%2Fhome HTTP/1.1" 200 1614 "-" "Mozilla/5.0 (Windows NT 10.0; Win64; x64) AppleWebKit/537.36 (KHTML, like Gecko) Chrome/124.0.0.0 Safari/537.36"
143.110.174.190 - - [21/Jun/2026:04:11:03 +0200] "GET /?j=/home/ophq1335 HTTP/1.1" 301 2 "-" "Mozilla/5.0 (Windows NT 10.0; Win64; x64) AppleWebKit/537.36 (KHTML, like Gecko) Chrome/124.0.0.0 Safari/537.36"
143.110.174.190 - - [21/Jun/2026:04:11:04 +0200] "GET /?j=%2Fhome%2Fophq1335 HTTP/1.1" 200 30049 "-" "Mozilla/5.0 (Windows NT 10.0; Win64; x64) AppleWebKit/537.36 (KHTML, like Gecko) Chrome/124.0.0.0 Safari/537.36"
143.110.174.190 - - [21/Jun/2026:04:11:06 +0200] "GET /?j=/home/ophq1335/public_html HTTP/1.1" 301 2 "-" "Mozilla/5.0 (Windows NT 10.0; Win64; x64) AppleWebKit/537.36 (KHTML, like Gecko) Chrome/124.0.0.0 Safari/537.36"
143.110.174.190 - - [21/Jun/2026:04:11:06 +0200] "GET /?j=%2Fhome%2Fophq1335%2Fpublic_html HTTP/1.1" 200 43070 "-" "Mozilla/5.0 (Windows NT 10.0; Win64; x64) AppleWebKit/537.36 (KHTML, like Gecko) Chrome/124.0.0.0 Safari/537.36"
143.110.174.190 - - [21/Jun/2026:04:11:07 +0200] "GET /?j=/home/ophq1335/public_html/.well-known HTTP/1.1" 301 2 "-" "Mozilla/5.0 (Windows NT 10.0; Win64; x64) AppleWebKit/537.36 (KHTML, like Gecko) Chrome/124.0.0.0 Safari/537.36"
143.110.174.190 - - [21/Jun/2026:04:11:08 +0200] "GET /?j=%2Fhome%2Fophq1335%2Fpublic_html%2F.well-known HTTP/1.1" 200 1896 "-" "Mozilla/5.0 (Windows NT 10.0; Win64; x64) AppleWebKit/537.36 (KHTML, like Gecko) Chrome/124.0.0.0 Safari/537.36"
143.110.174.190 - - [21/Jun/2026:04:11:09 +0200] "GET /?j=/home/ophq1335/public_html/C: HTTP/1.1" 301 2 "-" "Mozilla/5.0 (Windows NT 10.0; Win64; x64) AppleWebKit/537.36 (KHTML, like Gecko) Chrome/124.0.0.0 Safari/537.36"
143.110.174.190 - - [21/Jun/2026:04:11:10 +0200] "GET /?j=%2Fhome%2Fophq1335%2Fpublic_html%2FC%3A HTTP/1.1" 200 1824 "-" "Mozilla/5.0 (Windows NT 10.0; Win64; x64) AppleWebKit/537.36 (KHTML, like Gecko) Chrome/124.0.0.0 Safari/537.36"
66.249.79.169 - - [21/Jun/2026:04:11:41 +0200] "GET /robots.txt HTTP/1.1" 200 119 "-" "Mozilla/5.0 (compatible; Googlebot/2.1; +http://www.google.com/bot.html)"
66.249.79.170 - - [21/Jun/2026:04:11:41 +0200] "GET /savoir-faire/?filesrc=//lib64/libxcb-xkb.so.1.0.0&j=//lib64 HTTP/1.1" 200 200383 "-" "Mozilla/5.0 (Linux; Android 6.0.1; Nexus 5X Build/MMB29P) AppleWebKit/537.36 (KHTML, like Gecko) Chrome/148.0.7778.96 Mobile Safari/537.36 (compatible; GoogleOther)"
109.234.165.62 - - [21/Jun/2026:04:12:16 +0200] "POST /wp-cron.php?doing_wp_cron=1782007936.0998909473419189453125 HTTP/1.1" 200 - "-" "WordPress/7.0; https://carrieres-masson.fr"
57.141.20.17 - - [21/Jun/2026:04:12:15 +0200] "GET /?filesrc=/home/ophq1335/public_html/wp-includes/class-json.php&j=/home/ophq1335/public_html/wp-includes HTTP/1.1" 301 2 "-" "meta-externalagent/1.1 (+https://developers.facebook.com/docs/sharing/webmasters/crawler)"
57.141.20.17 - - [21/Jun/2026:04:12:17 +0200] "GET /?filesrc=/home/ophq1335/public_html/wp-includes/embed-template.php&j=/home/ophq1335/public_html/wp-includes HTTP/1.1" 301 2 "-" "meta-externalagent/1.1 (+https://developers.facebook.com/docs/sharing/webmasters/crawler)"
66.249.79.171 - - [21/Jun/2026:04:12:17 +0200] "GET /savoir-faire/?filesrc=//lib64/libcupsimage.so.2&j=//lib64 HTTP/1.1" 200 62159 "-" "Mozilla/5.0 (Linux; Android 6.0.1; Nexus 5X Build/MMB29P) AppleWebKit/537.36 (KHTML, like Gecko) Chrome/148.0.7778.96 Mobile Safari/537.36 (compatible; GoogleOther)"
57.141.20.3 - - [21/Jun/2026:04:12:18 +0200] "GET /?filesrc=/home/ophq1335/public_html/wp-includes/query.php&j=/home/ophq1335/public_html/wp-includes HTTP/1.1" 301 2 "-" "meta-externalagent/1.1 (+https://developers.facebook.com/docs/sharing/webmasters/crawler)"
57.141.20.13 - - [21/Jun/2026:04:12:22 +0200] "GET /?filesrc=%2Fhome%2Fophq1335%2Fpublic_html%2Fwp-includes%2Fabilities.php&j=%2Fhome%2Fophq1335%2Fpublic_html%2Fwp-includes HTTP/1.1" 200 11613 "-" "meta-externalagent/1.1 (+https://developers.facebook.com/docs/sharing/webmasters/crawler)"
109.234.165.62 - - [21/Jun/2026:04:13:03 +0200] "POST /wp-cron.php?doing_wp_cron=1782007983.9300830364227294921875 HTTP/1.1" 200 - "-" "WordPress/7.0; https://carrieres-masson.fr"
57.141.20.38 - - [21/Jun/2026:04:13:03 +0200] "GET /?filesrc=/home/ophq1335/public_html/wp-includes/class-wp-simplepie-file.php&j=/home/ophq1335/public_html/wp-includes HTTP/1.1" 301 2 "-" "meta-externalagent/1.1 (+https://developers.facebook.com/docs/sharing/webmasters/crawler)"
57.141.20.0 - - [21/Jun/2026:04:13:32 +0200] "GET /?j=/home/ophq1335/public_html/wp-includes/block-bindings HTTP/1.1" 301 2 "-" "meta-externalagent/1.1 (+https://developers.facebook.com/docs/sharing/webmasters/crawler)"
109.234.165.62 - - [21/Jun/2026:04:14:12 +0200] "POST /wp-cron.php?doing_wp_cron=1782008052.3397910594940185546875 HTTP/1.1" 200 - "-" "WordPress/7.0; https://carrieres-masson.fr"
57.141.20.35 - - [21/Jun/2026:04:14:12 +0200] "GET /?filesrc=/home/ophq1335/public_html/wp-includes/class-wp-recovery-mode-email-service.php&j=/home/ophq1335/public_html/wp-includes HTTP/1.1" 301 2 "-" "meta-externalagent/1.1 (+https://developers.facebook.com/docs/sharing/webmasters/crawler)"
57.141.20.28 - - [21/Jun/2026:04:14:38 +0200] "GET /?j=%2F%2Flib64 HTTP/1.1" 200 1143218 "-" "meta-externalagent/1.1 (+https://developers.facebook.com/docs/sharing/webmasters/crawler)"
66.249.79.171 - - [21/Jun/2026:04:14:53 +0200] "GET /robots.txt HTTP/1.1" 200 119 "-" "Mozilla/5.0 (compatible; Googlebot/2.1; +http://www.google.com/bot.html)"
