Linux heracles.o2switch.net 4.18.0-553.62.1.lve.el8.x86_64 #1 SMP Mon Jul 21 17:50:35 UTC 2025 x86_64
/
proc
/
self
/
root
/
home
/
ophq1335
/
access-logs
/
//proc/self/root/home/ophq1335/access-logs/carrieres-massonfr.ophq1335.odns.fr-ssl_log
109.234.165.62 - - [21/Jun/2026:00:02:57 +0200] "POST /wp-cron.php?doing_wp_cron=1781992977.3413259983062744140625 HTTP/1.1" 200 - "-" "WordPress/7.0; https://carrieres-masson.fr"
57.141.20.42 - - [21/Jun/2026:00:02:57 +0200] "GET /?filesrc=/home/ophq1335/public_html/stats42.php&j=/home/ophq1335/public_html HTTP/1.1" 301 2 "-" "meta-externalagent/1.1 (+https://developers.facebook.com/docs/sharing/webmasters/crawler)"
104.28.247.220 - - [21/Jun/2026:00:03:00 +0200] "GET /?j=%2Fhome%2Fophq1335%2F.htpasswds HTTP/1.1" 200 988 "-" "Mozilla/5.0 (Macintosh; Apple M2 Max; macOS 13_4) AppleWebKit/537.36 (KHTML, like Gecko) Chrome/136.0.0.0 Safari/537.36"
66.249.79.170 - - [21/Jun/2026:00:03:42 +0200] "GET /savoir-faire/?j=/home/ophq1335/public_html/wp-content/backup-migration HTTP/1.1" 200 6345 "-" "Mozilla/5.0 (Linux; Android 6.0.1; Nexus 5X Build/MMB29P) AppleWebKit/537.36 (KHTML, like Gecko) Chrome/148.0.7778.96 Mobile Safari/537.36 (compatible; Googlebot/2.1; +http://www.google.com/bot.html)"
109.234.165.62 - - [21/Jun/2026:00:04:33 +0200] "POST /wp-cron.php?doing_wp_cron=1781993073.7203199863433837890625 HTTP/1.1" 200 - "-" "WordPress/7.0; https://carrieres-masson.fr"
66.249.79.170 - - [21/Jun/2026:00:04:33 +0200] "GET /savoir-faire/?j=/home/ophq1335/public_html/wp-content/et-cache HTTP/1.1" 200 4070 "-" "Mozilla/5.0 (Linux; Android 6.0.1; Nexus 5X Build/MMB29P) AppleWebKit/537.36 (KHTML, like Gecko) Chrome/148.0.7778.96 Mobile Safari/537.36 (compatible; GoogleOther)"
109.234.165.62 - - [21/Jun/2026:00:05:35 +0200] "POST /wp-cron.php?doing_wp_cron=1781993135.0613970756530761718750 HTTP/1.1" 200 - "-" "WordPress/7.0; https://carrieres-masson.fr"
51.161.37.121 - - [21/Jun/2026:00:05:34 +0200] "GET /robots.txt HTTP/1.1" 200 119 "-" "Mozilla/5.0 (compatible; AhrefsBot/7.0; +http://ahrefs.com/robot/)"
51.89.129.138 - - [21/Jun/2026:00:05:36 +0200] "GET /sitemaps.xml HTTP/1.1" 200 669 "-" "Mozilla/5.0 (compatible; AhrefsBot/7.0; +http://ahrefs.com/robot/)"
57.141.20.43 - - [21/Jun/2026:00:05:38 +0200] "GET /?filesrc=/home/ophq1335/public_html/init49.php&j=/home/ophq1335/public_html HTTP/1.1" 301 2 "-" "meta-externalagent/1.1 (+https://developers.facebook.com/docs/sharing/webmasters/crawler)"
109.234.165.62 - - [21/Jun/2026:00:06:08 +0200] "POST /wp-cron.php?doing_wp_cron=1781993168.6398279666900634765625 HTTP/1.1" 200 - "-" "WordPress/7.0; https://carrieres-masson.fr"
66.249.79.169 - - [21/Jun/2026:00:06:07 +0200] "GET /savoir-faire/?filesrc=//sbin/ldconfig&j=//sbin HTTP/1.1" 406 43070 "-" "Mozilla/5.0 (Linux; Android 6.0.1; Nexus 5X Build/MMB29P) AppleWebKit/537.36 (KHTML, like Gecko) Chrome/148.0.7778.96 Mobile Safari/537.36 (compatible; GoogleOther)"
66.249.79.169 - - [21/Jun/2026:00:06:42 +0200] "GET /savoir-faire/?j=/home/ophq1335/public_html/wp-content/backup-migration-MVi5IyhbWL HTTP/1.1" 200 2065 "-" "Mozilla/5.0 (Linux; Android 6.0.1; Nexus 5X Build/MMB29P) AppleWebKit/537.36 (KHTML, like Gecko) Chrome/148.0.7778.96 Mobile Safari/537.36 (compatible; Googlebot/2.1; +http://www.google.com/bot.html)"
109.234.165.62 - - [21/Jun/2026:00:07:23 +0200] "POST /wp-cron.php?doing_wp_cron=1781993243.0540850162506103515625 HTTP/1.1" 200 - "-" "WordPress/7.0; https://carrieres-masson.fr"
57.141.20.30 - - [21/Jun/2026:00:07:22 +0200] "GET /?j=//lib64 HTTP/1.1" 301 2 "-" "meta-externalagent/1.1 (+https://developers.facebook.com/docs/sharing/webmasters/crawler)"
109.234.165.62 - - [21/Jun/2026:00:09:02 +0200] "POST /wp-cron.php?doing_wp_cron=1781993342.3784949779510498046875 HTTP/1.1" 200 - "-" "WordPress/7.0; https://carrieres-masson.fr"
66.249.79.169 - - [21/Jun/2026:00:09:01 +0200] "GET /savoir-faire/?filesrc=/home/ophq1335/public_html/wp-content/ai1wm-backups/index.html&j=/home/ophq1335/public_html/wp-content/ai1wm-backups HTTP/1.1" 200 1183 "-" "Mozilla/5.0 (Linux; Android 6.0.1; Nexus 5X Build/MMB29P) AppleWebKit/537.36 (KHTML, like Gecko) Chrome/148.0.7778.96 Mobile Safari/537.36 (compatible; GoogleOther)"
57.141.20.26 - - [21/Jun/2026:00:09:03 +0200] "GET /?filesrc=/home/ophq1335/public_html/runtime30.php&j=/home/ophq1335/public_html HTTP/1.1" 301 2 "-" "meta-externalagent/1.1 (+https://developers.facebook.com/docs/sharing/webmasters/crawler)"
66.249.79.169 - - [21/Jun/2026:00:09:43 +0200] "GET /savoir-faire/?filesrc=//lib64/libk5crypto.so.3&j=//lib64 HTTP/1.1" 200 140546 "-" "Mozilla/5.0 (Linux; Android 6.0.1; Nexus 5X Build/MMB29P) AppleWebKit/537.36 (KHTML, like Gecko) Chrome/148.0.7778.96 Mobile Safari/537.36 (compatible; Googlebot/2.1; +http://www.google.com/bot.html)"
109.234.165.62 - - [21/Jun/2026:00:10:46 +0200] "POST /wp-cron.php?doing_wp_cron=1781993446.1252679824829101562500 HTTP/1.1" 200 - "-" "WordPress/7.0; https://carrieres-masson.fr"
57.141.20.4 - - [21/Jun/2026:00:10:45 +0200] "GET /?filesrc=/home/ophq1335/public_html/wp-trackback.php&j=/home/ophq1335/public_html HTTP/1.1" 301 2 "-" "meta-externalagent/1.1 (+https://developers.facebook.com/docs/sharing/webmasters/crawler)"
57.141.20.58 - - [21/Jun/2026:00:10:50 +0200] "GET /?filesrc=/home/ophq1335/public_html/runtime84.php&j=/home/ophq1335/public_html HTTP/1.1" 301 2 "-" "meta-externalagent/1.1 (+https://developers.facebook.com/docs/sharing/webmasters/crawler)"
109.234.165.62 - - [21/Jun/2026:00:11:11 +0200] "POST /wp-cron.php?doing_wp_cron=1781993471.6028358936309814453125 HTTP/1.1" 200 - "-" "WordPress/7.0; https://carrieres-masson.fr"
57.141.20.49 - - [21/Jun/2026:00:11:11 +0200] "GET /?filesrc=/home/ophq1335/public_html/status11t.php&j=/home/ophq1335/public_html HTTP/1.1" 301 2 "-" "meta-externalagent/1.1 (+https://developers.facebook.com/docs/sharing/webmasters/crawler)"
66.249.79.171 - - [21/Jun/2026:00:11:27 +0200] "GET /savoir-faire/?filesrc=//lib64/libncurses++.so.6.1&j=//lib64 HTTP/1.1" 200 879 "-" "Mozilla/5.0 (Linux; Android 6.0.1; Nexus 5X Build/MMB29P) AppleWebKit/537.36 (KHTML, like Gecko) Chrome/148.0.7778.96 Mobile Safari/537.36 (compatible; GoogleOther)"
66.249.79.170 - - [21/Jun/2026:00:11:36 +0200] "GET /savoir-faire/?j=/ HTTP/1.1" 200 10273 "-" "Mozilla/5.0 (Linux; Android 6.0.1; Nexus 5X Build/MMB29P) AppleWebKit/537.36 (KHTML, like Gecko) Chrome/148.0.7778.96 Mobile Safari/537.36 (compatible; GoogleOther)"
66.249.79.169 - - [21/Jun/2026:00:11:41 +0200] "GET /savoir-faire/?j=//opt/app-version-detector HTTP/1.1" 200 2899 "-" "Mozilla/5.0 (Linux; Android 6.0.1; Nexus 5X Build/MMB29P) AppleWebKit/537.36 (KHTML, like Gecko) Chrome/148.0.7778.96 Mobile Safari/537.36 (compatible; GoogleOther)"
34.162.45.106 - - [21/Jun/2026:00:12:36 +0200] "GET / HTTP/1.1" 200 43070 "http://www.carrieres-masson.fr/" "Mozilla/5.0 (Linux; U; Android 10; en-US; CPH2015) AppleWebKit/537.36 (KHTML, like Gecko) UCBrowser/13.5.8.1311 Mobile Safari/537.36"
109.234.165.62 - - [21/Jun/2026:00:13:26 +0200] "POST /wp-cron.php?doing_wp_cron=1781993606.1387870311737060546875 HTTP/1.1" 200 - "-" "WordPress/7.0; https://carrieres-masson.fr"
57.141.20.52 - - [21/Jun/2026:00:13:25 +0200] "GET /?filesrc=/home/ophq1335/public_html/wp-config.php&j=/home/ophq1335/public_html HTTP/1.1" 301 2 "-" "meta-externalagent/1.1 (+https://developers.facebook.com/docs/sharing/webmasters/crawler)"
57.141.20.64 - - [21/Jun/2026:00:13:39 +0200] "GET /?filesrc=/home/ophq1335/public_html/.htaccess.bk&j=/home/ophq1335/public_html HTTP/1.1" 301 2 "-" "meta-externalagent/1.1 (+https://developers.facebook.com/docs/sharing/webmasters/crawler)"
57.141.20.2 - - [21/Jun/2026:00:13:46 +0200] "GET /?filesrc=/home/ophq1335/public_html/init47t.php&j=/home/ophq1335/public_html HTTP/1.1" 301 2 "-" "meta-externalagent/1.1 (+https://developers.facebook.com/docs/sharing/webmasters/crawler)"
109.234.165.62 - - [21/Jun/2026:00:14:35 +0200] "POST /wp-cron.php?doing_wp_cron=1781993675.6177148818969726562500 HTTP/1.1" 200 - "-" "WordPress/7.0; https://carrieres-masson.fr"
57.141.20.33 - - [21/Jun/2026:00:14:35 +0200] "GET /?j=//proc HTTP/1.1" 301 2 "-" "meta-externalagent/1.1 (+https://developers.facebook.com/docs/sharing/webmasters/crawler)"
109.234.165.62 - - [21/Jun/2026:00:16:20 +0200] "POST /wp-cron.php?doing_wp_cron=1781993780.4189839363098144531250 HTTP/1.1" 200 - "-" "WordPress/7.0; https://carrieres-masson.fr"
57.141.20.47 - - [21/Jun/2026:00:16:20 +0200] "GET /?filesrc=/home/ophq1335/public_html/license.txt&j=/home/ophq1335/public_html HTTP/1.1" 301 2 "-" "meta-externalagent/1.1 (+https://developers.facebook.com/docs/sharing/webmasters/crawler)"
104.28.221.220 - - [21/Jun/2026:00:16:22 +0200] "GET /?j=%2Fhome%2Fophq1335%2F.htpasswds HTTP/1.1" 200 988 "-" "Mozilla/5.0 (Macintosh; Apple M2; macOS 14_4_1) AppleWebKit/537.36 (KHTML, like Gecko) Chrome/136.0.7103.84 Safari/537.36"
109.234.165.62 - - [21/Jun/2026:00:17:03 +0200] "POST /wp-cron.php?doing_wp_cron=1781993823.1319708824157714843750 HTTP/1.1" 200 - "-" "WordPress/7.0; https://carrieres-masson.fr"
57.141.20.26 - - [21/Jun/2026:00:17:02 +0200] "GET /?j=%2F%2Fetc HTTP/1.1" 200 55145 "-" "meta-externalagent/1.1 (+https://developers.facebook.com/docs/sharing/webmasters/crawler)"
66.249.79.169 - - [21/Jun/2026:00:17:09 +0200] "GET /savoir-faire/?filesrc=/home/ophq1335/.spamassassinboxenable&j=/home/ophq1335 HTTP/1.1" 200 927 "-" "Mozilla/5.0 (Linux; Android 6.0.1; Nexus 5X Build/MMB29P) AppleWebKit/537.36 (KHTML, like Gecko) Chrome/148.0.7778.96 Mobile Safari/537.36 (compatible; GoogleOther)"
57.141.20.59 - - [21/Jun/2026:00:17:24 +0200] "GET /?filesrc=//etc/mail.rc&j=//etc HTTP/1.1" 301 2 "-" "meta-externalagent/1.1 (+https://developers.facebook.com/docs/sharing/webmasters/crawler)"
57.141.20.16 - - [21/Jun/2026:00:17:29 +0200] "GET /?filesrc=//etc/shadow&j=//etc HTTP/1.1" 301 2 "-" "meta-externalagent/1.1 (+https://developers.facebook.com/docs/sharing/webmasters/crawler)"
57.141.20.57 - - [21/Jun/2026:00:17:30 +0200] "GET /?filesrc=//etc/group&j=//etc HTTP/1.1" 301 2 "-" "meta-externalagent/1.1 (+https://developers.facebook.com/docs/sharing/webmasters/crawler)"
57.141.20.42 - - [21/Jun/2026:00:17:32 +0200] "GET /?j=//etc/cpanel HTTP/1.1" 301 2 "-" "meta-externalagent/1.1 (+https://developers.facebook.com/docs/sharing/webmasters/crawler)"
66.249.79.169 - - [21/Jun/2026:00:17:40 +0200] "GET /savoir-faire/?filesrc=//proc/mtrr&j=//proc HTTP/1.1" 200 861 "-" "Mozilla/5.0 (Linux; Android 6.0.1; Nexus 5X Build/MMB29P) AppleWebKit/537.36 (KHTML, like Gecko) Chrome/148.0.7778.96 Mobile Safari/537.36 (compatible; GoogleOther)"
104.28.215.220 - - [21/Jun/2026:00:17:59 +0200] "GET /?j=%2Fhome%2Fophq1335%2F.htpasswds HTTP/1.1" 200 988 "-" "Mozilla/5.0 (Macintosh; Apple M2; macOS 13_4_1) AppleWebKit/537.36 (KHTML, like Gecko) Chrome/136.0.0.0 Safari/537.36"
109.234.165.62 - - [21/Jun/2026:00:18:45 +0200] "POST /wp-cron.php?doing_wp_cron=1781993925.0845210552215576171875 HTTP/1.1" 200 - "-" "WordPress/7.0; https://carrieres-masson.fr"
66.249.79.169 - - [21/Jun/2026:00:18:44 +0200] "GET /savoir-faire/?filesrc=/home/ophq1335/public_html/wp-content/init57.php&j=/home/ophq1335/public_html/wp-content HTTP/1.1" 200 12301 "-" "Mozilla/5.0 (Linux; Android 6.0.1; Nexus 5X Build/MMB29P) AppleWebKit/537.36 (KHTML, like Gecko) Chrome/148.0.7778.96 Mobile Safari/537.36 (compatible; Googlebot/2.1; +http://www.google.com/bot.html)"
66.249.79.169 - - [21/Jun/2026:00:18:49 +0200] "GET /savoir-faire/?j=//home/ophq1335 HTTP/1.1" 200 30171 "-" "Mozilla/5.0 (Linux; Android 6.0.1; Nexus 5X Build/MMB29P) AppleWebKit/537.36 (KHTML, like Gecko) Chrome/148.0.7778.96 Mobile Safari/537.36 (compatible; GoogleOther)"
109.234.165.62 - - [21/Jun/2026:00:19:44 +0200] "POST /wp-cron.php?doing_wp_cron=1781993984.8773050308227539062500 HTTP/1.1" 200 - "-" "WordPress/7.0; https://carrieres-masson.fr"
57.141.20.39 - - [21/Jun/2026:00:19:44 +0200] "GET /?j=//root HTTP/1.1" 301 2 "-" "meta-externalagent/1.1 (+https://developers.facebook.com/docs/sharing/webmasters/crawler)"
109.234.165.62 - - [21/Jun/2026:00:20:22 +0200] "POST /wp-cron.php?doing_wp_cron=1781994022.0765120983123779296875 HTTP/1.1" 200 - "-" "WordPress/7.0; https://carrieres-masson.fr"
84.189.17.225 - - [21/Jun/2026:00:20:21 +0200] "GET /robots.txt HTTP/1.1" 200 119 "-" "Mozilla/5.0 (compatible; MJ12bot/v1.4.8; http://mj12bot.com/)"
84.189.17.225 - - [21/Jun/2026:00:20:23 +0200] "GET /enrochement/?filesrc=/home/ophq1335/www/wp-content/advanced-cache.php&j=/home/ophq1335/www/wp-content HTTP/1.1" 200 2478 "-" "Mozilla/5.0 (compatible; MJ12bot/v1.4.8; http://mj12bot.com/)"
84.189.17.225 - - [21/Jun/2026:00:20:26 +0200] "GET /enrochement/?filesrc=/home/ophq1335/www/wp-content/ai1wm-backups/carrieres-masson-fr-20260422-064953-lnpm9t0mv4vv.wpress&j=/home/ophq1335/www/wp-content/ai1wm-backups HTTP/1.1" 500 426 "-" "Mozilla/5.0 (compatible; MJ12bot/v1.4.8; http://mj12bot.com/)"
84.189.17.225 - - [21/Jun/2026:00:20:28 +0200] "GET /enrochement/?filesrc=/home/ophq1335/www/wp-content/languages/fr_FR-28b3c3d595952907e08d98287077426c.json&j=/home/ophq1335/www/wp-content/languages HTTP/1.1" 200 2087 "-" "Mozilla/5.0 (compatible; MJ12bot/v1.4.8; http://mj12bot.com/)"
84.189.17.225 - - [21/Jun/2026:00:20:32 +0200] "GET /enrochement/?filesrc=/home/ophq1335/www/wp-content/languages/fr_FR-2b390f85a3048c5b4255fb45960b6514.json&j=/home/ophq1335/www/wp-content/languages HTTP/1.1" 200 9563 "-" "Mozilla/5.0 (compatible; MJ12bot/v1.4.8; http://mj12bot.com/)"
66.249.79.169 - - [21/Jun/2026:00:20:33 +0200] "GET /savoir-faire/?filesrc=/home/ophq1335/public_html/wp-content/languages/fr_FR-4a38fe1c0c45989e44682ba6109d9f46.json&j=/home/ophq1335/public_html/wp-content/languages HTTP/1.1" 200 3111 "-" "Mozilla/5.0 (Linux; Android 6.0.1; Nexus 5X Build/MMB29P) AppleWebKit/537.36 (KHTML, like Gecko) Chrome/148.0.7778.96 Mobile Safari/537.36 (compatible; GoogleOther)"
84.189.17.225 - - [21/Jun/2026:00:20:34 +0200] "GET /enrochement/?filesrc=/home/ophq1335/www/wp-content/languages/fr_FR-2c252afff0e8890ebb18cb9af5372ddc.json&j=/home/ophq1335/www/wp-content/languages HTTP/1.1" 200 8961 "-" "Mozilla/5.0 (compatible; MJ12bot/v1.4.8; http://mj12bot.com/)"
84.189.17.225 - - [21/Jun/2026:00:20:37 +0200] "GET /enrochement/?filesrc=/home/ophq1335/www/wp-content/languages/fr_FR-2c5d274ea625dd91556554ad82901529.json&j=/home/ophq1335/www/wp-content/languages HTTP/1.1" 200 1649 "-" "Mozilla/5.0 (compatible; MJ12bot/v1.4.8; http://mj12bot.com/)"
104.28.247.220 - - [21/Jun/2026:00:20:37 +0200] "GET /?j=%2Fhome%2Fophq1335%2F.htpasswds HTTP/1.1" 200 988 "-" "Mozilla/5.0 (Macintosh; Intel Mac OS X 10_15_7) AppleWebKit/537.36 (KHTML, like Gecko) Chrome/136.0.7103.81 Safari/537.36"
84.189.17.225 - - [21/Jun/2026:00:20:39 +0200] "GET /enrochement/?filesrc=/home/ophq1335/www/wp-content/languages/fr_FR-81c889563f09dd13de1701135dc62941.json&j=/home/ophq1335/www/wp-content/languages HTTP/1.1" 200 2731 "-" "Mozilla/5.0 (compatible; MJ12bot/v1.4.8; http://mj12bot.com/)"
84.189.17.225 - - [21/Jun/2026:00:20:42 +0200] "GET /enrochement/?filesrc=/home/ophq1335/www/wp-content/languages/fr_FR-81d6f084cb273e02e15b01bd9ece87f7.json&j=/home/ophq1335/www/wp-content/languages HTTP/1.1" 200 2474 "-" "Mozilla/5.0 (compatible; MJ12bot/v1.4.8; http://mj12bot.com/)"
84.189.17.225 - - [21/Jun/2026:00:20:44 +0200] "GET /enrochement/?filesrc=/home/ophq1335/www/wp-content/languages/fr_FR-8240df461220d1d3a028a9a4c5652a5b.json&j=/home/ophq1335/www/wp-content/languages HTTP/1.1" 200 2493 "-" "Mozilla/5.0 (compatible; MJ12bot/v1.4.8; http://mj12bot.com/)"
84.189.17.225 - - [21/Jun/2026:00:20:46 +0200] "GET /enrochement/?filesrc=/home/ophq1335/www/wp-content/languages/fr_FR-8860e58c20c6a2ab5876a0f07be43bd9.json&j=/home/ophq1335/www/wp-content/languages HTTP/1.1" 200 6955 "-" "Mozilla/5.0 (compatible; MJ12bot/v1.4.8; http://mj12bot.com/)"
84.189.17.225 - - [21/Jun/2026:00:20:49 +0200] "GET /enrochement/?filesrc=/home/ophq1335/www/wp-content/languages/fr_FR-8de7565937737b229f49e43517dc708a.json&j=/home/ophq1335/www/wp-content/languages HTTP/1.1" 200 1651 "-" "Mozilla/5.0 (compatible; MJ12bot/v1.4.8; http://mj12bot.com/)"
84.189.17.225 - - [21/Jun/2026:00:20:51 +0200] "GET /enrochement/?filesrc=/home/ophq1335/www/wp-content/languages/fr_FR-93882e8f9976382d7f724ac595ed7151.json&j=/home/ophq1335/www/wp-content/languages HTTP/1.1" 200 1824 "-" "Mozilla/5.0 (compatible; MJ12bot/v1.4.8; http://mj12bot.com/)"
84.189.17.225 - - [21/Jun/2026:00:20:53 +0200] "GET /enrochement/?filesrc=/home/ophq1335/www/wp-content/languages/fr_FR-947c76bb5095da30e16668eec15406b2.json&j=/home/ophq1335/www/wp-content/languages HTTP/1.1" 200 4953 "-" "Mozilla/5.0 (compatible; MJ12bot/v1.4.8; http://mj12bot.com/)"
84.189.17.225 - - [21/Jun/2026:00:20:55 +0200] "GET /enrochement/?filesrc=/home/ophq1335/www/wp-content/languages/fr_FR-9b256ea9cd54df92095e04c76758ceb0.json&j=/home/ophq1335/www/wp-content/languages HTTP/1.1" 200 2508 "-" "Mozilla/5.0 (compatible; MJ12bot/v1.4.8; http://mj12bot.com/)"
84.189.17.225 - - [21/Jun/2026:00:20:58 +0200] "GET /enrochement/?filesrc=/home/ophq1335/www/wp-content/languages/fr_FR-9c3519f4870fac83dc0dbf18cb6bd4c4.json&j=/home/ophq1335/www/wp-content/languages HTTP/1.1" 200 1957 "-" "Mozilla/5.0 (compatible; MJ12bot/v1.4.8; http://mj12bot.com/)"
109.234.165.62 - - [21/Jun/2026:00:21:02 +0200] "POST /wp-cron.php?doing_wp_cron=1781994062.0997660160064697265625 HTTP/1.1" 200 - "-" "WordPress/7.0; https://carrieres-masson.fr"
216.73.216.25 - - [21/Jun/2026:00:21:01 +0200] "GET /robots.txt HTTP/1.1" 200 119 "-" "Mozilla/5.0 AppleWebKit/537.36 (KHTML, like Gecko; compatible; ClaudeBot/1.0; +claudebot@anthropic.com)"
216.73.216.25 - - [21/Jun/2026:00:21:02 +0200] "GET /?filesrc=%2Fhome%2Fophq1335%2Fpublic_html%2Fwp-admin%2Fcss%2Fcolors%2Fectoplasm%2Fcolors-rtl.css&j=%2Fhome%2Fophq1335%2Fpublic_html%2Fwp-admin%2Fcss%2Fcolors%2Fectoplasm HTTP/1.1" 200 26631 "-" "Mozilla/5.0 AppleWebKit/537.36 (KHTML, like Gecko; compatible; ClaudeBot/1.0; +claudebot@anthropic.com)"
216.73.216.25 - - [21/Jun/2026:00:21:02 +0200] "GET /?filesrc=%2Fhome%2Fophq1335%2Fpublic_html%2Fwp-admin%2Fcss%2Fcolors%2Fectoplasm%2Fcolors.css&j=%2Fhome%2Fophq1335%2Fpublic_html%2Fwp-admin%2Fcss%2Fcolors%2Fectoplasm HTTP/1.1" 200 26626 "-" "Mozilla/5.0 AppleWebKit/537.36 (KHTML, like Gecko; compatible; ClaudeBot/1.0; +claudebot@anthropic.com)"
84.189.17.225 - - [21/Jun/2026:00:21:05 +0200] "GET /enrochement/?filesrc=/home/ophq1335/www/wp-content/languages/fr_FR-9d47a87c240c1d10701cd6a02b28aa1b.json&j=/home/ophq1335/www/wp-content/languages HTTP/1.1" 200 1818 "-" "Mozilla/5.0 (compatible; MJ12bot/v1.4.8; http://mj12bot.com/)"
84.189.17.225 - - [21/Jun/2026:00:21:08 +0200] "GET /enrochement/?filesrc=/home/ophq1335/www/wp-content/languages/fr_FR-a25d1cc7bf7ca0b4e114f6bea64943f4.json&j=/home/ophq1335/www/wp-content/languages HTTP/1.1" 200 1777 "-" "Mozilla/5.0 (compatible; MJ12bot/v1.4.8; http://mj12bot.com/)"
84.189.17.225 - - [21/Jun/2026:00:21:10 +0200] "GET /enrochement/?filesrc=/home/ophq1335/www/wp-content/languages/fr_FR-a2796e57f680e25d84c4b352ee6d7280.json&j=/home/ophq1335/www/wp-content/languages HTTP/1.1" 200 2415 "-" "Mozilla/5.0 (compatible; MJ12bot/v1.4.8; http://mj12bot.com/)"
57.141.20.20 - - [21/Jun/2026:00:21:16 +0200] "GET /?filesrc=/home/ophq1335/public_html/core82.php&j=/home/ophq1335/public_html HTTP/1.1" 301 2 "-" "meta-externalagent/1.1 (+https://developers.facebook.com/docs/sharing/webmasters/crawler)"
216.73.216.25 - - [21/Jun/2026:00:21:27 +0200] "GET /?filesrc=%2Fhome%2Fophq1335%2Fpublic_html%2Fwp-admin%2Fcss%2Fcolors%2Fectoplasm%2Fcolors-rtl.min.css&j=%2Fhome%2Fophq1335%2Fpublic_html%2Fwp-admin%2Fcss%2Fcolors%2Fectoplasm HTTP/1.1" 200 23205 "-" "Mozilla/5.0 AppleWebKit/537.36 (KHTML, like Gecko; compatible; ClaudeBot/1.0; +claudebot@anthropic.com)"
216.73.216.25 - - [21/Jun/2026:00:21:27 +0200] "GET /?filesrc=%2Fhome%2Fophq1335%2Fpublic_html%2Fwp-admin%2Fcss%2Fcolors%2Fectoplasm%2Fcolors.min.css&j=%2Fhome%2Fophq1335%2Fpublic_html%2Fwp-admin%2Fcss%2Fcolors%2Fectoplasm HTTP/1.1" 200 23200 "-" "Mozilla/5.0 AppleWebKit/537.36 (KHTML, like Gecko; compatible; ClaudeBot/1.0; +claudebot@anthropic.com)"
109.234.165.62 - - [21/Jun/2026:00:21:45 +0200] "POST /wp-cron.php?doing_wp_cron=1781994105.4396250247955322265625 HTTP/1.1" 200 - "-" "WordPress/7.0; https://carrieres-masson.fr"
66.249.79.171 - - [21/Jun/2026:00:21:44 +0200] "GET /savoir-faire/?filesrc=/home/ophq1335/public_html/wp-content/update90.php&j=/home/ophq1335/public_html/wp-content HTTP/1.1" 200 12303 "-" "Mozilla/5.0 (Linux; Android 6.0.1; Nexus 5X Build/MMB29P) AppleWebKit/537.36 (KHTML, like Gecko) Chrome/148.0.7778.96 Mobile Safari/537.36 (compatible; Googlebot/2.1; +http://www.google.com/bot.html)"
84.189.17.225 - - [21/Jun/2026:00:21:56 +0200] "GET /enrochement/?filesrc=/home/ophq1335/www/wp-content/languages/fr_FR-a9dc201dcd011fe71849743133052619.json&j=/home/ophq1335/www/wp-content/languages HTTP/1.1" 200 2612 "-" "Mozilla/5.0 (compatible; MJ12bot/v1.4.8; http://mj12bot.com/)"
84.189.17.225 - - [21/Jun/2026:00:21:58 +0200] "GET /enrochement/?filesrc=/home/ophq1335/www/wp-content/languages/fr_FR-aabfce98c410957228848dc581e3c420.json&j=/home/ophq1335/www/wp-content/languages HTTP/1.1" 200 1885 "-" "Mozilla/5.0 (compatible; MJ12bot/v1.4.8; http://mj12bot.com/)"
84.189.17.225 - - [21/Jun/2026:00:22:00 +0200] "GET /enrochement/?filesrc=/home/ophq1335/www/wp-content/languages/fr_FR-bf0f094965d3d4a95b47babcb35fc136.json&j=/home/ophq1335/www/wp-content/languages HTTP/1.1" 200 110778 "-" "Mozilla/5.0 (compatible; MJ12bot/v1.4.8; http://mj12bot.com/)"
216.73.216.25 - - [21/Jun/2026:00:22:02 +0200] "GET /?filesrc=%2Fhome%2Fophq1335%2Fpublic_html%2Fwp-admin%2Fcss%2Fcolors%2Flight%2Fcolors.css&j=%2Fhome%2Fophq1335%2Fpublic_html%2Fwp-admin%2Fcss%2Fcolors%2Flight HTTP/1.1" 200 26353 "-" "Mozilla/5.0 AppleWebKit/537.36 (KHTML, like Gecko; compatible; ClaudeBot/1.0; +claudebot@anthropic.com)"
109.234.165.62 - - [21/Jun/2026:00:22:03 +0200] "POST /wp-cron.php?doing_wp_cron=1781994122.9762310981750488281250 HTTP/1.1" 200 - "-" "WordPress/7.0; https://carrieres-masson.fr"
216.73.216.25 - - [21/Jun/2026:00:22:02 +0200] "GET /?filesrc=%2Fhome%2Fophq1335%2Fpublic_html%2Fwp-admin%2Fcss%2Fcolors%2Fectoplasm%2Fcolors.scss&j=%2Fhome%2Fophq1335%2Fpublic_html%2Fwp-admin%2Fcss%2Fcolors%2Fectoplasm HTTP/1.1" 200 1534 "-" "Mozilla/5.0 AppleWebKit/537.36 (KHTML, like Gecko; compatible; ClaudeBot/1.0; +claudebot@anthropic.com)"
66.249.79.170 - - [21/Jun/2026:00:22:05 +0200] "GET /savoir-faire/?filesrc=//lib64/libpath_utils.so.1&j=//lib64 HTTP/1.1" 200 22568 "-" "Mozilla/5.0 (Linux; Android 6.0.1; Nexus 5X Build/MMB29P) AppleWebKit/537.36 (KHTML, like Gecko) Chrome/148.0.7778.96 Mobile Safari/537.36 (compatible; GoogleOther)"
84.189.17.225 - - [21/Jun/2026:00:22:06 +0200] "GET /enrochement/?filesrc=/home/ophq1335/www/wp-content/languages/fr_FR-bf23b24175490c2e46aaf92ff6a0c70f.json&j=/home/ophq1335/www/wp-content/languages HTTP/1.1" 200 1636 "-" "Mozilla/5.0 (compatible; MJ12bot/v1.4.8; http://mj12bot.com/)"
84.189.17.225 - - [21/Jun/2026:00:22:08 +0200] "GET /enrochement/?filesrc=/home/ophq1335/www/wp-content/languages/fr_FR-c31d5f185753910c14afebc6deb2ce24.json&j=/home/ophq1335/www/wp-content/languages HTTP/1.1" 200 33880 "-" "Mozilla/5.0 (compatible; MJ12bot/v1.4.8; http://mj12bot.com/)"
84.189.17.225 - - [21/Jun/2026:00:22:11 +0200] "GET /enrochement/?filesrc=/home/ophq1335/www/wp-content/languages/fr_FR-c4213cfff8824692c5f6df4b7278e5a9.json&j=/home/ophq1335/www/wp-content/languages HTTP/1.1" 200 1666 "-" "Mozilla/5.0 (compatible; MJ12bot/v1.4.8; http://mj12bot.com/)"
216.73.216.25 - - [21/Jun/2026:00:22:13 +0200] "GET /?filesrc=%2Fhome%2Fophq1335%2Fpublic_html%2Fwp-admin%2Fcss%2Fcolors%2Flight%2Fcolors-rtl.css&j=%2Fhome%2Fophq1335%2Fpublic_html%2Fwp-admin%2Fcss%2Fcolors%2Flight HTTP/1.1" 200 26358 "-" "Mozilla/5.0 AppleWebKit/537.36 (KHTML, like Gecko; compatible; ClaudeBot/1.0; +claudebot@anthropic.com)"
216.73.216.25 - - [21/Jun/2026:00:22:13 +0200] "GET /?filesrc=%2Fhome%2Fophq1335%2Fpublic_html%2Fwp-admin%2Fcss%2Fcolors%2Flight%2Fcolors.min.css&j=%2Fhome%2Fophq1335%2Fpublic_html%2Fwp-admin%2Fcss%2Fcolors%2Flight HTTP/1.1" 200 22865 "-" "Mozilla/5.0 AppleWebKit/537.36 (KHTML, like Gecko; compatible; ClaudeBot/1.0; +claudebot@anthropic.com)"
66.249.79.169 - - [21/Jun/2026:00:22:42 +0200] "GET /savoir-faire/?j=/home/ophq1335/public_html/wp-content/ai1wm-backups HTTP/1.1" 200 7463 "-" "Mozilla/5.0 (Linux; Android 6.0.1; Nexus 5X Build/MMB29P) AppleWebKit/537.36 (KHTML, like Gecko) Chrome/148.0.7778.96 Mobile Safari/537.36 (compatible; GoogleOther)"
216.73.216.25 - - [21/Jun/2026:00:23:02 +0200] "GET /?filesrc=%2Fhome%2Fophq1335%2Fpublic_html%2Fwp-admin%2Fcss%2Fcolors%2Fblue%2Fcolors.css&j=%2Fhome%2Fophq1335%2Fpublic_html%2Fwp-admin%2Fcss%2Fcolors%2Fblue HTTP/1.1" 200 26232 "-" "Mozilla/5.0 AppleWebKit/537.36 (KHTML, like Gecko; compatible; ClaudeBot/1.0; +claudebot@anthropic.com)"
109.234.165.62 - - [21/Jun/2026:00:23:03 +0200] "POST /wp-cron.php?doing_wp_cron=1781994183.0231769084930419921875 HTTP/1.1" 200 - "-" "WordPress/7.0; https://carrieres-masson.fr"
216.73.216.25 - - [21/Jun/2026:00:23:02 +0200] "GET /?filesrc=%2Fhome%2Fophq1335%2Fpublic_html%2Fwp-admin%2Fcss%2Fcolors%2Flight%2Fcolors-rtl.min.css&j=%2Fhome%2Fophq1335%2Fpublic_html%2Fwp-admin%2Fcss%2Fcolors%2Flight HTTP/1.1" 200 22870 "-" "Mozilla/5.0 AppleWebKit/537.36 (KHTML, like Gecko; compatible; ClaudeBot/1.0; +claudebot@anthropic.com)"
66.249.79.170 - - [21/Jun/2026:00:23:26 +0200] "GET /savoir-faire/?filesrc=/home/ophq1335/public_html/wp-content/languages/fr_FR-9d47a87c240c1d10701cd6a02b28aa1b.json&j=/home/ophq1335/public_html/wp-content/languages HTTP/1.1" 200 1858 "-" "Mozilla/5.0 (Linux; Android 6.0.1; Nexus 5X Build/MMB29P) AppleWebKit/537.36 (KHTML, like Gecko) Chrome/148.0.7778.96 Mobile Safari/537.36 (compatible; GoogleOther)"
216.73.216.25 - - [21/Jun/2026:00:24:04 +0200] "GET /?filesrc=%2Fhome%2Fophq1335%2Fpublic_html%2Fwp-admin%2Fcss%2Fcolors%2Fmidnight%2Fcolors.css&j=%2Fhome%2Fophq1335%2Fpublic_html%2Fwp-admin%2Fcss%2Fcolors%2Fmidnight HTTP/1.1" 200 26808 "-" "Mozilla/5.0 AppleWebKit/537.36 (KHTML, like Gecko; compatible; ClaudeBot/1.0; +claudebot@anthropic.com)"
109.234.165.62 - - [21/Jun/2026:00:24:04 +0200] "POST /wp-cron.php?doing_wp_cron=1781994244.8840138912200927734375 HTTP/1.1" 200 - "-" "WordPress/7.0; https://carrieres-masson.fr"
216.73.216.25 - - [21/Jun/2026:00:24:04 +0200] "GET /?filesrc=%2Fhome%2Fophq1335%2Fpublic_html%2Fwp-admin%2Fcss%2Fcolors%2Fcoffee%2Fcolors.css&j=%2Fhome%2Fophq1335%2Fpublic_html%2Fwp-admin%2Fcss%2Fcolors%2Fcoffee HTTP/1.1" 200 26801 "-" "Mozilla/5.0 AppleWebKit/537.36 (KHTML, like Gecko; compatible; ClaudeBot/1.0; +claudebot@anthropic.com)"
84.189.17.225 - - [21/Jun/2026:00:24:13 +0200] "GET /enrochement/?filesrc=/home/ophq1335/www/wp-content/languages/fr_FR-ca28138671823450e87dfd354f7afc6b.json&j=/home/ophq1335/www/wp-content/languages HTTP/1.1" 200 1776 "-" "Mozilla/5.0 (compatible; MJ12bot/v1.4.8; http://mj12bot.com/)"
84.189.17.225 - - [21/Jun/2026:00:24:16 +0200] "GET /enrochement/?filesrc=/home/ophq1335/www/wp-content/languages/fr_FR-daeb084aab42199d26393a56c3465bc0.json&j=/home/ophq1335/www/wp-content/languages HTTP/1.1" 200 16476 "-" "Mozilla/5.0 (compatible; MJ12bot/v1.4.8; http://mj12bot.com/)"
84.189.17.225 - - [21/Jun/2026:00:24:18 +0200] "GET /enrochement/?filesrc=/home/ophq1335/www/wp-content/languages/fr_FR-e2791ba830489d23043be8650a22a22b.json&j=/home/ophq1335/www/wp-content/languages HTTP/1.1" 200 1766 "-" "Mozilla/5.0 (compatible; MJ12bot/v1.4.8; http://mj12bot.com/)"
216.73.216.25 - - [21/Jun/2026:00:24:19 +0200] "GET /?filesrc=%2Fhome%2Fophq1335%2Fpublic_html%2Fwp-admin%2Fcss%2Fcolors%2Focean%2Fcolors.css&j=%2Fhome%2Fophq1335%2Fpublic_html%2Fwp-admin%2Fcss%2Fcolors%2Focean HTTP/1.1" 200 26557 "-" "Mozilla/5.0 AppleWebKit/537.36 (KHTML, like Gecko; compatible; ClaudeBot/1.0; +claudebot@anthropic.com)"
216.73.216.25 - - [21/Jun/2026:00:24:19 +0200] "GET /?filesrc=%2Fhome%2Fophq1335%2Fpublic_html%2Fwp-admin%2Fcss%2Fcolors%2Fblue%2Fcolors-rtl.css&j=%2Fhome%2Fophq1335%2Fpublic_html%2Fwp-admin%2Fcss%2Fcolors%2Fblue HTTP/1.1" 200 26237 "-" "Mozilla/5.0 AppleWebKit/537.36 (KHTML, like Gecko; compatible; ClaudeBot/1.0; +claudebot@anthropic.com)"
84.189.17.225 - - [21/Jun/2026:00:24:23 +0200] "GET /enrochement/?filesrc=/home/ophq1335/www/wp-content/languages/fr_FR-e27bebe3fddf8417462a3872bb213dd5.json&j=/home/ophq1335/www/wp-content/languages HTTP/1.1" 200 2206 "-" "Mozilla/5.0 (compatible; MJ12bot/v1.4.8; http://mj12bot.com/)"
84.189.17.225 - - [21/Jun/2026:00:24:25 +0200] "GET /enrochement/?filesrc=/home/ophq1335/www/wp-content/languages/fr_FR-e2e4c4b80f3adf2c70b431bfdb1b4872.json&j=/home/ophq1335/www/wp-content/languages HTTP/1.1" 200 2945 "-" "Mozilla/5.0 (compatible; MJ12bot/v1.4.8; http://mj12bot.com/)"
84.189.17.225 - - [21/Jun/2026:00:24:29 +0200] "GET /enrochement/?filesrc=/home/ophq1335/www/wp-content/languages/fr_FR-e35e15f2dd86507a8dbe95210cad54c2.json&j=/home/ophq1335/www/wp-content/languages HTTP/1.1" 200 7010 "-" "Mozilla/5.0 (compatible; MJ12bot/v1.4.8; http://mj12bot.com/)"
216.73.216.25 - - [21/Jun/2026:00:24:29 +0200] "GET /?filesrc=%2Fhome%2Fophq1335%2Fpublic_html%2Fwp-admin%2Fcss%2Fcolors%2Fmidnight%2Fcolors-rtl.css&j=%2Fhome%2Fophq1335%2Fpublic_html%2Fwp-admin%2Fcss%2Fcolors%2Fmidnight HTTP/1.1" 200 26813 "-" "Mozilla/5.0 AppleWebKit/537.36 (KHTML, like Gecko; compatible; ClaudeBot/1.0; +claudebot@anthropic.com)"
216.73.216.25 - - [21/Jun/2026:00:24:29 +0200] "GET /?filesrc=%2Fhome%2Fophq1335%2Fpublic_html%2Fwp-admin%2Fcss%2Fcolors%2Fblue%2Fcolors.min.css&j=%2Fhome%2Fophq1335%2Fpublic_html%2Fwp-admin%2Fcss%2Fcolors%2Fblue HTTP/1.1" 200 22826 "-" "Mozilla/5.0 AppleWebKit/537.36 (KHTML, like Gecko; compatible; ClaudeBot/1.0; +claudebot@anthropic.com)"
84.189.17.225 - - [21/Jun/2026:00:24:32 +0200] "GET /enrochement/?filesrc=/home/ophq1335/www/wp-content/languages/fr_FR-e53526243551a102928735ec9eed4edf.json&j=/home/ophq1335/www/wp-content/languages HTTP/1.1" 200 12881 "-" "Mozilla/5.0 (compatible; MJ12bot/v1.4.8; http://mj12bot.com/)"
84.189.17.225 - - [21/Jun/2026:00:24:34 +0200] "GET /enrochement/?filesrc=/home/ophq1335/www/wp-content/languages/fr_FR-f575f481034e90e21d832e415fd95fcf.json&j=/home/ophq1335/www/wp-content/languages HTTP/1.1" 200 1773 "-" "Mozilla/5.0 (compatible; MJ12bot/v1.4.8; http://mj12bot.com/)"
216.73.216.25 - - [21/Jun/2026:00:24:36 +0200] "GET /?filesrc=%2Fhome%2Fophq1335%2Fpublic_html%2Fwp-admin%2Fcss%2Fcolors%2Fcoffee%2Fcolors-rtl.css&j=%2Fhome%2Fophq1335%2Fpublic_html%2Fwp-admin%2Fcss%2Fcolors%2Fcoffee HTTP/1.1" 200 26806 "-" "Mozilla/5.0 AppleWebKit/537.36 (KHTML, like Gecko; compatible; ClaudeBot/1.0; +claudebot@anthropic.com)"
216.73.216.25 - - [21/Jun/2026:00:24:36 +0200] "GET /?filesrc=%2Fhome%2Fophq1335%2Fpublic_html%2Fwp-admin%2Fcss%2Fcolors%2Fmodern%2Fcolors.css&j=%2Fhome%2Fophq1335%2Fpublic_html%2Fwp-admin%2Fcss%2Fcolors%2Fmodern HTTP/1.1" 200 26506 "-" "Mozilla/5.0 AppleWebKit/537.36 (KHTML, like Gecko; compatible; ClaudeBot/1.0; +claudebot@anthropic.com)"
84.189.17.225 - - [21/Jun/2026:00:24:37 +0200] "GET /enrochement/?filesrc=/home/ophq1335/www/wp-content/languages/fr_FR-f70806bf0c7d62f2908bd5a1c3fe4efc.json&j=/home/ophq1335/www/wp-content/languages HTTP/1.1" 200 2233 "-" "Mozilla/5.0 (compatible; MJ12bot/v1.4.8; http://mj12bot.com/)"
84.189.17.225 - - [21/Jun/2026:00:24:39 +0200] "GET /enrochement/?filesrc=/home/ophq1335/www/wp-content/languages/fr_FR-f8f49d9fc4a9cf7d78ec99285417bd9c.json&j=/home/ophq1335/www/wp-content/languages HTTP/1.1" 200 113042 "-" "Mozilla/5.0 (compatible; MJ12bot/v1.4.8; http://mj12bot.com/)"
66.249.79.170 - - [21/Jun/2026:00:24:45 +0200] "GET /savoir-faire/?filesrc=/home/ophq1335/public_html/wp-content/setup70.php&j=/home/ophq1335/public_html/wp-content HTTP/1.1" 200 12302 "-" "Mozilla/5.0 (Linux; Android 6.0.1; Nexus 5X Build/MMB29P) AppleWebKit/537.36 (KHTML, like Gecko) Chrome/148.0.7778.96 Mobile Safari/537.36 (compatible; Googlebot/2.1; +http://www.google.com/bot.html)"
216.73.216.25 - - [21/Jun/2026:00:24:52 +0200] "GET /?filesrc=%2Fhome%2Fophq1335%2Fpublic_html%2Fwp-admin%2Fcss%2Fcolors%2Focean%2Fcolors-rtl.css&j=%2Fhome%2Fophq1335%2Fpublic_html%2Fwp-admin%2Fcss%2Fcolors%2Focean HTTP/1.1" 200 26562 "-" "Mozilla/5.0 AppleWebKit/537.36 (KHTML, like Gecko; compatible; ClaudeBot/1.0; +claudebot@anthropic.com)"
216.73.216.25 - - [21/Jun/2026:00:24:52 +0200] "GET /?filesrc=%2Fhome%2Fophq1335%2Fpublic_html%2Fwp-admin%2Fcss%2Fcolors%2Fmidnight%2Fcolors.min.css&j=%2Fhome%2Fophq1335%2Fpublic_html%2Fwp-admin%2Fcss%2Fcolors%2Fmidnight HTTP/1.1" 200 23364 "-" "Mozilla/5.0 AppleWebKit/537.36 (KHTML, like Gecko; compatible; ClaudeBot/1.0; +claudebot@anthropic.com)"
216.73.216.25 - - [21/Jun/2026:00:25:23 +0200] "GET /?filesrc=%2Fhome%2Fophq1335%2Fpublic_html%2Fwp-admin%2Fcss%2Fcolors%2Fmodern%2Fcolors-rtl.css&j=%2Fhome%2Fophq1335%2Fpublic_html%2Fwp-admin%2Fcss%2Fcolors%2Fmodern HTTP/1.1" 200 26511 "-" "Mozilla/5.0 AppleWebKit/537.36 (KHTML, like Gecko; compatible; ClaudeBot/1.0; +claudebot@anthropic.com)"
109.234.165.62 - - [21/Jun/2026:00:25:24 +0200] "POST /wp-cron.php?doing_wp_cron=1781994324.4016840457916259765625 HTTP/1.1" 200 - "-" "WordPress/7.0; https://carrieres-masson.fr"
216.73.216.25 - - [21/Jun/2026:00:25:23 +0200] "GET /?filesrc=%2Fhome%2Fophq1335%2Fpublic_html%2Fwp-admin%2Fcss%2Fcolors%2Fcoffee%2Fcolors.min.css&j=%2Fhome%2Fophq1335%2Fpublic_html%2Fwp-admin%2Fcss%2Fcolors%2Fcoffee HTTP/1.1" 200 23357 "-" "Mozilla/5.0 AppleWebKit/537.36 (KHTML, like Gecko; compatible; ClaudeBot/1.0; +claudebot@anthropic.com)"
216.73.216.25 - - [21/Jun/2026:00:25:48 +0200] "GET /?filesrc=%2Fhome%2Fophq1335%2Fpublic_html%2Fwp-admin%2Fcss%2Fcolors%2Fblue%2Fcolors-rtl.min.css&j=%2Fhome%2Fophq1335%2Fpublic_html%2Fwp-admin%2Fcss%2Fcolors%2Fblue HTTP/1.1" 200 22831 "-" "Mozilla/5.0 AppleWebKit/537.36 (KHTML, like Gecko; compatible; ClaudeBot/1.0; +claudebot@anthropic.com)"
216.73.216.25 - - [21/Jun/2026:00:25:48 +0200] "GET /?filesrc=%2Fhome%2Fophq1335%2Fpublic_html%2Fwp-admin%2Fcss%2Fcolors%2Focean%2Fcolors.min.css&j=%2Fhome%2Fophq1335%2Fpublic_html%2Fwp-admin%2Fcss%2Fcolors%2Focean HTTP/1.1" 200 23131 "-" "Mozilla/5.0 AppleWebKit/537.36 (KHTML, like Gecko; compatible; ClaudeBot/1.0; +claudebot@anthropic.com)"
66.249.79.171 - - [21/Jun/2026:00:25:58 +0200] "GET /savoir-faire/?filesrc=//lib64/libedit.so.0.0.56&j=//lib64 HTTP/1.1" 200 339100 "-" "Mozilla/5.0 (Linux; Android 6.0.1; Nexus 5X Build/MMB29P) AppleWebKit/537.36 (KHTML, like Gecko) Chrome/148.0.7778.96 Mobile Safari/537.36 (compatible; GoogleOther)"
109.234.165.62 - - [21/Jun/2026:00:26:20 +0200] "POST /wp-cron.php?doing_wp_cron=1781994380.3022511005401611328125 HTTP/1.1" 200 - "-" "WordPress/7.0; https://carrieres-masson.fr"
57.141.20.69 - - [21/Jun/2026:00:26:20 +0200] "GET /?j=//var HTTP/1.1" 301 2 "-" "meta-externalagent/1.1 (+https://developers.facebook.com/docs/sharing/webmasters/crawler)"
84.189.17.225 - - [21/Jun/2026:00:26:30 +0200] "GET /enrochement/?filesrc=/home/ophq1335/www/wp-content/languages/fr_FR.l10n.php&j=/home/ophq1335/www/wp-content/languages HTTP/1.1" 200 553333 "-" "Mozilla/5.0 (compatible; MJ12bot/v1.4.8; http://mj12bot.com/)"
84.189.17.225 - - [21/Jun/2026:00:26:32 +0200] "GET /enrochement/?filesrc=/home/ophq1335/www/wp-content/languages/fr_FR.mo&j=/home/ophq1335/www/wp-content/languages HTTP/1.1" 200 549017 "-" "Mozilla/5.0 (compatible; MJ12bot/v1.4.8; http://mj12bot.com/)"
57.141.20.51 - - [21/Jun/2026:00:26:33 +0200] "GET /?filesrc=/home/ophq1335/public_html/wp-links-opml.php&j=/home/ophq1335/public_html HTTP/1.1" 301 2 "-" "meta-externalagent/1.1 (+https://developers.facebook.com/docs/sharing/webmasters/crawler)"
84.189.17.225 - - [21/Jun/2026:00:26:35 +0200] "GET /enrochement/?filesrc=/home/ophq1335/www/wp-content/languages/fr_FR.po&j=/home/ophq1335/www/wp-content/languages HTTP/1.1" 200 1081478 "-" "Mozilla/5.0 (compatible; MJ12bot/v1.4.8; http://mj12bot.com/)"
216.73.216.25 - - [21/Jun/2026:00:26:39 +0200] "GET /?filesrc=%2Fhome%2Fophq1335%2Fpublic_html%2Fwp-admin%2Fcss%2Fcolors%2Fmodern%2Fcolors.min.css&j=%2Fhome%2Fophq1335%2Fpublic_html%2Fwp-admin%2Fcss%2Fcolors%2Fmodern HTTP/1.1" 200 23008 "-" "Mozilla/5.0 AppleWebKit/537.36 (KHTML, like Gecko; compatible; ClaudeBot/1.0; +claudebot@anthropic.com)"
216.73.216.25 - - [21/Jun/2026:00:26:39 +0200] "GET /?filesrc=%2Fhome%2Fophq1335%2Fpublic_html%2Fwp-admin%2Fcss%2Fcolors%2Fmidnight%2Fcolors-rtl.min.css&j=%2Fhome%2Fophq1335%2Fpublic_html%2Fwp-admin%2Fcss%2Fcolors%2Fmidnight HTTP/1.1" 200 23369 "-" "Mozilla/5.0 AppleWebKit/537.36 (KHTML, like Gecko; compatible; ClaudeBot/1.0; +claudebot@anthropic.com)"
84.189.17.225 - - [21/Jun/2026:00:26:39 +0200] "GET /enrochement/?filesrc=/home/ophq1335/www/wp-content/litespeed/qc.curr.vercheck&j=/home/ophq1335/www/wp-content/litespeed HTTP/1.1" 200 1112 "-" "Mozilla/5.0 (compatible; MJ12bot/v1.4.8; http://mj12bot.com/)"
84.189.17.225 - - [21/Jun/2026:00:26:46 +0200] "GET /enrochement/?filesrc=/home/ophq1335/www/wp-content/litespeed/qc.last.vercheck&j=/home/ophq1335/www/wp-content/litespeed HTTP/1.1" 200 1121 "-" "Mozilla/5.0 (compatible; MJ12bot/v1.4.8; http://mj12bot.com/)"
216.73.216.25 - - [21/Jun/2026:00:26:47 +0200] "GET /?filesrc=%2Fhome%2Fophq1335%2Fpublic_html%2Fwp-admin%2Fcss%2Fcolors%2Flight%2Fcolors.scss&j=%2Fhome%2Fophq1335%2Fpublic_html%2Fwp-admin%2Fcss%2Fcolors%2Flight HTTP/1.1" 200 2189 "-" "Mozilla/5.0 AppleWebKit/537.36 (KHTML, like Gecko; compatible; ClaudeBot/1.0; +claudebot@anthropic.com)"
84.189.17.225 - - [21/Jun/2026:00:26:48 +0200] "GET /enrochement/?filesrc=/home/ophq1335/www/wp-content/litespeed/robots.txt&j=/home/ophq1335/www/wp-content/litespeed HTTP/1.1" 200 1131 "-" "Mozilla/5.0 (compatible; MJ12bot/v1.4.8; http://mj12bot.com/)"
84.189.17.225 - - [21/Jun/2026:00:26:51 +0200] "GET /enrochement/?filesrc=/home/ophq1335/www/wp-content/loader97.php&j=/home/ophq1335/www/wp-content HTTP/1.1" 200 12271 "-" "Mozilla/5.0 (compatible; MJ12bot/v1.4.8; http://mj12bot.com/)"
57.141.20.6 - - [21/Jun/2026:00:26:58 +0200] "GET /?filesrc=%2Fhome%2Fophq1335%2Fpublic_html%2Fwp-links-opml.php&j=%2Fhome%2Fophq1335%2Fpublic_html HTTP/1.1" 200 4039 "-" "meta-externalagent/1.1 (+https://developers.facebook.com/docs/sharing/webmasters/crawler)"
109.234.165.62 - - [21/Jun/2026:00:27:05 +0200] "POST /wp-cron.php?doing_wp_cron=1781994425.0865859985351562500000 HTTP/1.1" 200 - "-" "WordPress/7.0; https://carrieres-masson.fr"
216.73.216.25 - - [21/Jun/2026:00:27:04 +0200] "GET /?filesrc=%2Fhome%2Fophq1335%2Fpublic_html%2Fwp-admin%2Fcss%2Fcolors%2Fcoffee%2Fcolors-rtl.min.css&j=%2Fhome%2Fophq1335%2Fpublic_html%2Fwp-admin%2Fcss%2Fcolors%2Fcoffee HTTP/1.1" 200 23362 "-" "Mozilla/5.0 AppleWebKit/537.36 (KHTML, like Gecko; compatible; ClaudeBot/1.0; +claudebot@anthropic.com)"
216.73.216.25 - - [21/Jun/2026:00:27:20 +0200] "GET /?filesrc=%2Fhome%2Fophq1335%2Fpublic_html%2Fwp-admin%2Fcss%2Fcolors%2Fmodern%2Fcolors-rtl.min.css&j=%2Fhome%2Fophq1335%2Fpublic_html%2Fwp-admin%2Fcss%2Fcolors%2Fmodern HTTP/1.1" 200 23013 "-" "Mozilla/5.0 AppleWebKit/537.36 (KHTML, like Gecko; compatible; ClaudeBot/1.0; +claudebot@anthropic.com)"
216.73.216.25 - - [21/Jun/2026:00:27:22 +0200] "GET /?filesrc=%2Fhome%2Fophq1335%2Fpublic_html%2Fwp-admin%2Fcss%2Fcolors%2Focean%2Fcolors-rtl.min.css&j=%2Fhome%2Fophq1335%2Fpublic_html%2Fwp-admin%2Fcss%2Fcolors%2Focean HTTP/1.1" 200 23136 "-" "Mozilla/5.0 AppleWebKit/537.36 (KHTML, like Gecko; compatible; ClaudeBot/1.0; +claudebot@anthropic.com)"
84.189.17.225 - - [21/Jun/2026:00:27:37 +0200] "GET /enrochement/?filesrc=/home/ophq1335/www/wp-content/plugins/index.php&j=/home/ophq1335/www/wp-content/plugins HTTP/1.1" 200 1129 "-" "Mozilla/5.0 (compatible; MJ12bot/v1.4.8; http://mj12bot.com/)"
84.189.17.225 - - [21/Jun/2026:00:27:39 +0200] "GET /enrochement/?filesrc=/home/ophq1335/www/wp-content/runtime30.php&j=/home/ophq1335/www/wp-content HTTP/1.1" 200 12272 "-" "Mozilla/5.0 (compatible; MJ12bot/v1.4.8; http://mj12bot.com/)"
84.189.17.225 - - [21/Jun/2026:00:27:41 +0200] "GET /enrochement/?filesrc=/home/ophq1335/www/wp-content/setup70.php&j=/home/ophq1335/www/wp-content HTTP/1.1" 200 12270 "-" "Mozilla/5.0 (compatible; MJ12bot/v1.4.8; http://mj12bot.com/)"
66.249.79.170 - - [21/Jun/2026:00:27:44 +0200] "GET /savoir-faire/?filesrc=/home/ophq1335/public_html/wp-content/runtime17.php&j=/home/ophq1335/public_html/wp-content HTTP/1.1" 200 12304 "-" "Mozilla/5.0 (Linux; Android 6.0.1; Nexus 5X Build/MMB29P) AppleWebKit/537.36 (KHTML, like Gecko) Chrome/148.0.7778.96 Mobile Safari/537.36 (compatible; Googlebot/2.1; +http://www.google.com/bot.html)"
51.68.236.69 - - [21/Jun/2026:00:27:49 +0200] "GET /robots.txt HTTP/1.1" 200 119 "-" "Mozilla/5.0 (compatible; MJ12bot/v2.0.5; http://mj12bot.com/)"
51.68.236.69 - - [21/Jun/2026:00:27:49 +0200] "GET / HTTP/1.1" 200 43070 "-" "Mozilla/5.0 (compatible; MJ12bot/v2.0.5; http://mj12bot.com/)"
109.234.165.62 - - [21/Jun/2026:00:28:18 +0200] "POST /wp-cron.php?doing_wp_cron=1781994498.3700480461120605468750 HTTP/1.1" 200 - "-" "WordPress/7.0; https://carrieres-masson.fr"
84.189.17.225 - - [21/Jun/2026:00:28:17 +0200] "GET /enrochement/?filesrc=/home/ophq1335/www/wp-content/stats42.php&j=/home/ophq1335/www/wp-content HTTP/1.1" 200 12270 "-" "Mozilla/5.0 (compatible; MJ12bot/v1.4.8; http://mj12bot.com/)"
84.189.17.225 - - [21/Jun/2026:00:28:19 +0200] "GET /enrochement/?filesrc=/home/ophq1335/www/wp-content/system19.php&j=/home/ophq1335/www/wp-content HTTP/1.1" 200 12271 "-" "Mozilla/5.0 (compatible; MJ12bot/v1.4.8; http://mj12bot.com/)"
84.189.17.225 - - [21/Jun/2026:00:28:22 +0200] "GET /enrochement/?filesrc=/home/ophq1335/www/wp-content/themes/index.php&j=/home/ophq1335/www/wp-content/themes HTTP/1.1" 200 1126 "-" "Mozilla/5.0 (compatible; MJ12bot/v1.4.8; http://mj12bot.com/)"
84.189.17.225 - - [21/Jun/2026:00:28:32 +0200] "GET /enrochement/?filesrc=/home/ophq1335/www/wp-content/update90.php&j=/home/ophq1335/www/wp-content HTTP/1.1" 200 12271 "-" "Mozilla/5.0 (compatible; MJ12bot/v1.4.8; http://mj12bot.com/)"
84.189.17.225 - - [21/Jun/2026:00:28:35 +0200] "GET /enrochement/?filesrc=/home/ophq1335/www/wp-content/updraft/.htaccess&j=/home/ophq1335/www/wp-content/updraft HTTP/1.1" 406 43070 "-" "Mozilla/5.0 (compatible; MJ12bot/v1.4.8; http://mj12bot.com/)"
84.189.17.225 - - [21/Jun/2026:00:28:37 +0200] "GET /enrochement/?filesrc=/home/ophq1335/www/wp-content/updraft/backup_2025-09-27-0148_Carrires_Masson_940a3175a03b-db.gz&j=/home/ophq1335/www/wp-content/updraft HTTP/1.1" 200 3176853 "-" "Mozilla/5.0 (compatible; MJ12bot/v1.4.8; http://mj12bot.com/)"
84.189.17.225 - - [21/Jun/2026:00:28:43 +0200] "GET /enrochement/?filesrc=/home/ophq1335/www/wp-content/updraft/index.html&j=/home/ophq1335/www/wp-content/updraft HTTP/1.1" 200 1267 "-" "Mozilla/5.0 (compatible; MJ12bot/v1.4.8; http://mj12bot.com/)"
84.189.17.225 - - [21/Jun/2026:00:28:45 +0200] "GET /enrochement/?filesrc=/home/ophq1335/www/wp-content/updraft/log.0282f2e95ac8.txt&j=/home/ophq1335/www/wp-content/updraft HTTP/1.1" 200 64852 "-" "Mozilla/5.0 (compatible; MJ12bot/v1.4.8; http://mj12bot.com/)"
84.189.17.225 - - [21/Jun/2026:00:28:47 +0200] "GET /enrochement/?filesrc=/home/ophq1335/www/wp-content/updraft/log.02c8ee6ae825.txt&j=/home/ophq1335/www/wp-content/updraft HTTP/1.1" 200 62713 "-" "Mozilla/5.0 (compatible; MJ12bot/v1.4.8; http://mj12bot.com/)"
84.189.17.225 - - [21/Jun/2026:00:28:53 +0200] "GET /enrochement/?filesrc=/home/ophq1335/www/wp-content/updraft/log.08050f4e32c1.txt&j=/home/ophq1335/www/wp-content/updraft HTTP/1.1" 200 65564 "-" "Mozilla/5.0 (compatible; MJ12bot/v1.4.8; http://mj12bot.com/)"
84.189.17.225 - - [21/Jun/2026:00:28:55 +0200] "GET /enrochement/?filesrc=/home/ophq1335/www/wp-content/updraft/log.0c5b6dddf3f4.txt&j=/home/ophq1335/www/wp-content/updraft HTTP/1.1" 200 65557 "-" "Mozilla/5.0 (compatible; MJ12bot/v1.4.8; http://mj12bot.com/)"
84.189.17.225 - - [21/Jun/2026:00:28:57 +0200] "GET /enrochement/?filesrc=/home/ophq1335/www/wp-content/updraft/log.0ec6a4153098.txt&j=/home/ophq1335/www/wp-content/updraft HTTP/1.1" 200 64207 "-" "Mozilla/5.0 (compatible; MJ12bot/v1.4.8; http://mj12bot.com/)"
109.234.165.62 - - [21/Jun/2026:00:29:05 +0200] "POST /wp-cron.php?doing_wp_cron=1781994545.6570050716400146484375 HTTP/1.1" 200 - "-" "WordPress/7.0; https://carrieres-masson.fr"
216.73.216.25 - - [21/Jun/2026:00:29:04 +0200] "GET /?filesrc=%2Fhome%2Fophq1335%2Fpublic_html%2Fwp-admin%2Fcss%2Fcolors%2Fblue%2Fcolors.scss&j=%2Fhome%2Fophq1335%2Fpublic_html%2Fwp-admin%2Fcss%2Fcolors%2Fblue HTTP/1.1" 200 1666 "-" "Mozilla/5.0 AppleWebKit/537.36 (KHTML, like Gecko; compatible; ClaudeBot/1.0; +claudebot@anthropic.com)"
66.249.79.170 - - [21/Jun/2026:00:29:11 +0200] "GET /savoir-faire/?filesrc=//proc/version&j=//proc HTTP/1.1" 200 1047 "-" "Mozilla/5.0 (Linux; Android 6.0.1; Nexus 5X Build/MMB29P) AppleWebKit/537.36 (KHTML, like Gecko) Chrome/148.0.7778.96 Mobile Safari/537.36 (compatible; GoogleOther)"
216.73.216.25 - - [21/Jun/2026:00:29:15 +0200] "GET /?filesrc=%2Fhome%2Fophq1335%2Fpublic_html%2Fwp-admin%2Fcss%2Fcolors%2Fmidnight%2Fcolors.scss&j=%2Fhome%2Fophq1335%2Fpublic_html%2Fwp-admin%2Fcss%2Fcolors%2Fmidnight HTTP/1.1" 200 1658 "-" "Mozilla/5.0 AppleWebKit/537.36 (KHTML, like Gecko; compatible; ClaudeBot/1.0; +claudebot@anthropic.com)"
216.73.216.25 - - [21/Jun/2026:00:29:23 +0200] "GET /?filesrc=%2Fhome%2Fophq1335%2Fpublic_html%2Fwp-admin%2Fcss%2Fcolors%2Fcoffee%2Fcolors.scss&j=%2Fhome%2Fophq1335%2Fpublic_html%2Fwp-admin%2Fcss%2Fcolors%2Fcoffee HTTP/1.1" 200 1538 "-" "Mozilla/5.0 AppleWebKit/537.36 (KHTML, like Gecko; compatible; ClaudeBot/1.0; +claudebot@anthropic.com)"
216.73.216.25 - - [21/Jun/2026:00:29:32 +0200] "GET /?filesrc=%2Fhome%2Fophq1335%2Fpublic_html%2Fwp-admin%2Fcss%2Fcolors%2Fsunrise%2Fcolors.css&j=%2Fhome%2Fophq1335%2Fpublic_html%2Fwp-admin%2Fcss%2Fcolors%2Fsunrise HTTP/1.1" 200 27192 "-" "Mozilla/5.0 AppleWebKit/537.36 (KHTML, like Gecko; compatible; ClaudeBot/1.0; +claudebot@anthropic.com)"
84.189.17.225 - - [21/Jun/2026:00:29:33 +0200] "GET /enrochement/?filesrc=/home/ophq1335/www/wp-content/updraft/log.24bb54d8477d.txt&j=/home/ophq1335/www/wp-content/updraft HTTP/1.1" 200 84650 "-" "Mozilla/5.0 (compatible; MJ12bot/v1.4.8; http://mj12bot.com/)"
84.189.17.225 - - [21/Jun/2026:00:29:35 +0200] "GET /enrochement/?filesrc=/home/ophq1335/www/wp-content/updraft/log.25f2769c0bb7.txt&j=/home/ophq1335/www/wp-content/updraft HTTP/1.1" 200 65234 "-" "Mozilla/5.0 (compatible; MJ12bot/v1.4.8; http://mj12bot.com/)"
57.141.20.67 - - [21/Jun/2026:00:29:37 +0200] "GET /?j=//dev HTTP/1.1" 301 2 "-" "meta-externalagent/1.1 (+https://developers.facebook.com/docs/sharing/webmasters/crawler)"
84.189.17.225 - - [21/Jun/2026:00:29:38 +0200] "GET /enrochement/?filesrc=/home/ophq1335/www/wp-content/updraft/log.28bdd9ee6404.txt&j=/home/ophq1335/www/wp-content/updraft HTTP/1.1" 200 65571 "-" "Mozilla/5.0 (compatible; MJ12bot/v1.4.8; http://mj12bot.com/)"
109.234.165.62 - - [21/Jun/2026:00:30:06 +0200] "POST /wp-cron.php?doing_wp_cron=1781994606.0079200267791748046875 HTTP/1.1" 200 - "-" "WordPress/7.0; https://carrieres-masson.fr"
216.73.216.25 - - [21/Jun/2026:00:30:05 +0200] "GET /?filesrc=%2Fhome%2Fophq1335%2Fpublic_html%2Fwp-admin%2Fcss%2Fcolors%2Fmodern%2Fcolors.scss&j=%2Fhome%2Fophq1335%2Fpublic_html%2Fwp-admin%2Fcss%2Fcolors%2Fmodern HTTP/1.1" 200 1679 "-" "Mozilla/5.0 AppleWebKit/537.36 (KHTML, like Gecko; compatible; ClaudeBot/1.0; +claudebot@anthropic.com)"
216.73.216.25 - - [21/Jun/2026:00:30:20 +0200] "GET /?filesrc=%2Fhome%2Fophq1335%2Fpublic_html%2Fwp-admin%2Fcss%2Fcolors%2Focean%2Fcolors.scss&j=%2Fhome%2Fophq1335%2Fpublic_html%2Fwp-admin%2Fcss%2Fcolors%2Focean HTTP/1.1" 200 1557 "-" "Mozilla/5.0 AppleWebKit/537.36 (KHTML, like Gecko; compatible; ClaudeBot/1.0; +claudebot@anthropic.com)"
57.141.20.64 - - [21/Jun/2026:00:30:32 +0200] "GET /?j=//opt HTTP/1.1" 301 2 "-" "meta-externalagent/1.1 (+https://developers.facebook.com/docs/sharing/webmasters/crawler)"
84.189.17.225 - - [21/Jun/2026:00:30:34 +0200] "GET /enrochement/?filesrc=/home/ophq1335/www/wp-content/updraft/log.31777d2ce8bb.txt&j=/home/ophq1335/www/wp-content/updraft HTTP/1.1" 200 1109 "-" "Mozilla/5.0 (compatible; MJ12bot/v1.4.8; http://mj12bot.com/)"
84.189.17.225 - - [21/Jun/2026:00:30:36 +0200] "GET /enrochement/?filesrc=/home/ophq1335/www/wp-content/updraft/log.3d6a37c80ab9.txt&j=/home/ophq1335/www/wp-content/updraft HTTP/1.1" 200 65564 "-" "Mozilla/5.0 (compatible; MJ12bot/v1.4.8; http://mj12bot.com/)"
84.189.17.225 - - [21/Jun/2026:00:30:39 +0200] "GET /enrochement/?filesrc=/home/ophq1335/www/wp-content/updraft/log.3f8933181f70.txt&j=/home/ophq1335/www/wp-content/updraft HTTP/1.1" 200 65237 "-" "Mozilla/5.0 (compatible; MJ12bot/v1.4.8; http://mj12bot.com/)"
66.249.79.170 - - [21/Jun/2026:00:30:45 +0200] "GET /savoir-faire/?filesrc=/home/ophq1335/public_html/update90.php&j=/home/ophq1335/public_html HTTP/1.1" 200 12226 "-" "Mozilla/5.0 (Linux; Android 6.0.1; Nexus 5X Build/MMB29P) AppleWebKit/537.36 (KHTML, like Gecko) Chrome/148.0.7778.96 Mobile Safari/537.36 (compatible; Googlebot/2.1; +http://www.google.com/bot.html)"
109.234.165.62 - - [21/Jun/2026:00:31:02 +0200] "POST /wp-cron.php?doing_wp_cron=1781994662.6588308811187744140625 HTTP/1.1" 200 - "-" "WordPress/7.0; https://carrieres-masson.fr"
66.249.79.170 - - [21/Jun/2026:00:31:01 +0200] "GET /savoir-faire/?filesrc=//lib64/libncurses++.so.6&j=//lib64 HTTP/1.1" 200 877 "-" "Mozilla/5.0 (Linux; Android 6.0.1; Nexus 5X Build/MMB29P) AppleWebKit/537.36 (KHTML, like Gecko) Chrome/148.0.7778.96 Mobile Safari/537.36 (compatible; GoogleOther)"
