216.73.216.25 - - [21/Jun/2026:02:39:13 +0200] "GET /?filesrc=%2Fhome%2Fophq1335%2Fcarrieres-masson.fr%2Fwp-includes%2Fimages%2Fw-logo-blue.png&j=%2Fhome%2Fophq1335%2Fcarrieres-masson.fr%2Fwp-includes%2Fimages HTTP/1.1" 200 6783 "-" "Mozilla/5.0 AppleWebKit/537.36 (KHTML, like Gecko; compatible; ClaudeBot/1.0; +claudebot@anthropic.com)"
216.73.216.25 - - [21/Jun/2026:02:39:13 +0200] "GET /?filesrc=%2Fhome%2Fophq1335%2Fcarrieres-masson.fr%2Fwp-includes%2Fimages%2Fwpicons-2x.png&j=%2Fhome%2Fophq1335%2Fcarrieres-masson.fr%2Fwp-includes%2Fimages HTTP/1.1" 200 28865 "-" "Mozilla/5.0 AppleWebKit/537.36 (KHTML, like Gecko; compatible; ClaudeBot/1.0; +claudebot@anthropic.com)"
216.73.216.25 - - [21/Jun/2026:02:39:14 +0200] "GET /?filesrc=%2Fhome%2Fophq1335%2Fcarrieres-masson.fr%2Fwp-admin%2Fimages%2Fabout-header-freedoms.svg&j=%2Fhome%2Fophq1335%2Fcarrieres-masson.fr%2Fwp-admin%2Fimages HTTP/1.1" 200 10649 "-" "Mozilla/5.0 AppleWebKit/537.36 (KHTML, like Gecko; compatible; ClaudeBot/1.0; +claudebot@anthropic.com)"
216.73.216.25 - - [21/Jun/2026:02:39:14 +0200] "GET /?filesrc=%2Fhome%2Fophq1335%2Fcarrieres-masson.fr%2Fwp-admin%2Fimages%2Fpost-formats-vs.png&j=%2Fhome%2Fophq1335%2Fcarrieres-masson.fr%2Fwp-admin%2Fimages HTTP/1.1" 200 5900 "-" "Mozilla/5.0 AppleWebKit/537.36 (KHTML, like Gecko; compatible; ClaudeBot/1.0; +claudebot@anthropic.com)"
216.73.216.25 - - [21/Jun/2026:02:39:14 +0200] "GET /?filesrc=%2Fhome%2Fophq1335%2Fcarrieres-masson.fr%2Fwp-admin%2Fimages%2Fmedia-button.png&j=%2Fhome%2Fophq1335%2Fcarrieres-masson.fr%2Fwp-admin%2Fimages HTTP/1.1" 200 1750 "-" "Mozilla/5.0 AppleWebKit/537.36 (KHTML, like Gecko; compatible; ClaudeBot/1.0; +claudebot@anthropic.com)"
216.73.216.25 - - [21/Jun/2026:02:39:15 +0200] "GET /?filesrc=%2Fhome%2Fophq1335%2Fcarrieres-masson.fr%2Fwp-admin%2Fimages%2Fmedia-button-video.gif&j=%2Fhome%2Fophq1335%2Fcarrieres-masson.fr%2Fwp-admin%2Fimages HTTP/1.1" 200 1416 "-" "Mozilla/5.0 AppleWebKit/537.36 (KHTML, like Gecko; compatible; ClaudeBot/1.0; +claudebot@anthropic.com)"
216.73.216.25 - - [21/Jun/2026:02:39:15 +0200] "GET /?filesrc=%2Fhome%2Fophq1335%2Fcarrieres-masson.fr%2Fwp-admin%2Fimages%2Fxit-2x.gif&j=%2Fhome%2Fophq1335%2Fcarrieres-masson.fr%2Fwp-admin%2Fimages HTTP/1.1" 200 2550 "-" "Mozilla/5.0 AppleWebKit/537.36 (KHTML, like Gecko; compatible; ClaudeBot/1.0; +claudebot@anthropic.com)"
216.73.216.25 - - [21/Jun/2026:02:39:15 +0200] "GET /?filesrc=%2Fhome%2Fophq1335%2Fcarrieres-masson.fr%2Fwp-admin%2Fimages%2Ffreedom-1.svg&j=%2Fhome%2Fophq1335%2Fcarrieres-masson.fr%2Fwp-admin%2Fimages HTTP/1.1" 200 3904 "-" "Mozilla/5.0 AppleWebKit/537.36 (KHTML, like Gecko; compatible; ClaudeBot/1.0; +claudebot@anthropic.com)"
216.73.216.25 - - [21/Jun/2026:02:39:48 +0200] "GET /?filesrc=%2Fhome%2Fophq1335%2Fcarrieres-masson.fr%2Fwp-admin%2Fimages%2Fyes.png&j=%2Fhome%2Fophq1335%2Fcarrieres-masson.fr%2Fwp-admin%2Fimages HTTP/1.1" 200 2164 "-" "Mozilla/5.0 AppleWebKit/537.36 (KHTML, like Gecko; compatible; ClaudeBot/1.0; +claudebot@anthropic.com)"
216.73.216.25 - - [21/Jun/2026:02:39:48 +0200] "GET /?filesrc=%2Fhome%2Fophq1335%2Fcarrieres-masson.fr%2Fwp-includes%2Fimages%2Fw-logo-blue-white-bg.png&j=%2Fhome%2Fophq1335%2Fcarrieres-masson.fr%2Fwp-includes%2Fimages HTTP/1.1" 200 8759 "-" "Mozilla/5.0 AppleWebKit/537.36 (KHTML, like Gecko; compatible; ClaudeBot/1.0; +claudebot@anthropic.com)"
216.73.216.25 - - [21/Jun/2026:02:39:48 +0200] "GET /?filesrc=%2Fhome%2Fophq1335%2Fcarrieres-masson.fr%2Fwp-admin%2Fimages%2Fwheel.png&j=%2Fhome%2Fophq1335%2Fcarrieres-masson.fr%2Fwp-admin%2Fimages HTTP/1.1" 200 12379 "-" "Mozilla/5.0 AppleWebKit/537.36 (KHTML, like Gecko; compatible; ClaudeBot/1.0; +claudebot@anthropic.com)"
216.73.216.25 - - [21/Jun/2026:02:39:49 +0200] "GET /?filesrc=%2Fhome%2Fophq1335%2Fcarrieres-masson.fr%2Fwp-includes%2Fimages%2Fuploader-icons-2x.png&j=%2Fhome%2Fophq1335%2Fcarrieres-masson.fr%2Fwp-includes%2Fimages HTTP/1.1" 200 7822 "-" "Mozilla/5.0 AppleWebKit/537.36 (KHTML, like Gecko; compatible; ClaudeBot/1.0; +claudebot@anthropic.com)"
216.73.216.25 - - [21/Jun/2026:02:39:49 +0200] "GET /?filesrc=%2Fhome%2Fophq1335%2Fcarrieres-masson.fr%2Fwp-admin%2Fimages%2Fmask.png&j=%2Fhome%2Fophq1335%2Fcarrieres-masson.fr%2Fwp-admin%2Fimages HTTP/1.1" 200 4855 "-" "Mozilla/5.0 AppleWebKit/537.36 (KHTML, like Gecko; compatible; ClaudeBot/1.0; +claudebot@anthropic.com)"
216.73.216.25 - - [21/Jun/2026:02:39:49 +0200] "GET /?filesrc=%2Fhome%2Fophq1335%2Fcarrieres-masson.fr%2Fwp-admin%2Fimages%2Fmarker.png&j=%2Fhome%2Fophq1335%2Fcarrieres-masson.fr%2Fwp-admin%2Fimages HTTP/1.1" 200 1804 "-" "Mozilla/5.0 AppleWebKit/537.36 (KHTML, like Gecko; compatible; ClaudeBot/1.0; +claudebot@anthropic.com)"
216.73.216.25 - - [21/Jun/2026:02:39:50 +0200] "GET /?filesrc=%2Fhome%2Fophq1335%2Fcarrieres-masson.fr%2Fwp-admin%2Fimages%2Fpost-formats32.png&j=%2Fhome%2Fophq1335%2Fcarrieres-masson.fr%2Fwp-admin%2Fimages HTTP/1.1" 200 10953 "-" "Mozilla/5.0 AppleWebKit/537.36 (KHTML, like Gecko; compatible; ClaudeBot/1.0; +claudebot@anthropic.com)"
216.73.216.25 - - [21/Jun/2026:02:39:50 +0200] "GET /?filesrc=%2Fhome%2Fophq1335%2Fcarrieres-masson.fr%2Fwp-admin%2Fimages%2Flist.png&j=%2Fhome%2Fophq1335%2Fcarrieres-masson.fr%2Fwp-admin%2Fimages HTTP/1.1" 200 3227 "-" "Mozilla/5.0 AppleWebKit/537.36 (KHTML, like Gecko; compatible; ClaudeBot/1.0; +claudebot@anthropic.com)"
216.73.216.25 - - [21/Jun/2026:02:39:50 +0200] "GET /?filesrc=%2Fhome%2Fophq1335%2Fcarrieres-masson.fr%2Fwp-admin%2Fimages%2Fno.png&j=%2Fhome%2Fophq1335%2Fcarrieres-masson.fr%2Fwp-admin%2Fimages HTTP/1.1" 200 2467 "-" "Mozilla/5.0 AppleWebKit/537.36 (KHTML, like Gecko; compatible; ClaudeBot/1.0; +claudebot@anthropic.com)"
216.73.216.25 - - [21/Jun/2026:02:39:51 +0200] "GET /?filesrc=%2Fhome%2Fophq1335%2Fcarrieres-masson.fr%2Fwp-admin%2Fimages%2Fpost-formats.png&j=%2Fhome%2Fophq1335%2Fcarrieres-masson.fr%2Fwp-admin%2Fimages HTTP/1.1" 200 5022 "-" "Mozilla/5.0 AppleWebKit/537.36 (KHTML, like Gecko; compatible; ClaudeBot/1.0; +claudebot@anthropic.com)"
216.73.216.25 - - [21/Jun/2026:02:39:51 +0200] "GET /?filesrc=%2Fhome%2Fophq1335%2Fcarrieres-masson.fr%2Fwp-includes%2Fimages%2Fuploader-icons.png&j=%2Fhome%2Fophq1335%2Fcarrieres-masson.fr%2Fwp-includes%2Fimages HTTP/1.1" 200 4040 "-" "Mozilla/5.0 AppleWebKit/537.36 (KHTML, like Gecko; compatible; ClaudeBot/1.0; +claudebot@anthropic.com)"
216.73.216.25 - - [21/Jun/2026:02:39:51 +0200] "GET /?filesrc=%2Fhome%2Fophq1335%2Fcarrieres-masson.fr%2Fwp-admin%2Fimages%2Fse.png&j=%2Fhome%2Fophq1335%2Fcarrieres-masson.fr%2Fwp-admin%2Fimages HTTP/1.1" 200 1338 "-" "Mozilla/5.0 AppleWebKit/537.36 (KHTML, like Gecko; compatible; ClaudeBot/1.0; +claudebot@anthropic.com)"
216.73.216.25 - - [21/Jun/2026:02:39:55 +0200] "GET /?filesrc=%2Fhome%2Fophq1335%2Fcarrieres-masson.fr%2Fwp-admin%2Fimages%2Ficons32-vs.png&j=%2Fhome%2Fophq1335%2Fcarrieres-masson.fr%2Fwp-admin%2Fimages HTTP/1.1" 200 16310 "-" "Mozilla/5.0 AppleWebKit/537.36 (KHTML, like Gecko; compatible; ClaudeBot/1.0; +claudebot@anthropic.com)"
216.73.216.25 - - [21/Jun/2026:02:39:55 +0200] "GET /?filesrc=%2Fhome%2Fophq1335%2Fcarrieres-masson.fr%2Fwp-admin%2Fimages%2Fw-logo-blue.png&j=%2Fhome%2Fophq1335%2Fcarrieres-masson.fr%2Fwp-admin%2Fimages HTTP/1.1" 200 6771 "-" "Mozilla/5.0 AppleWebKit/537.36 (KHTML, like Gecko; compatible; ClaudeBot/1.0; +claudebot@anthropic.com)"
216.73.216.25 - - [21/Jun/2026:02:39:55 +0200] "GET /?filesrc=%2Fhome%2Fophq1335%2Fcarrieres-masson.fr%2Fwp-admin%2Fimages%2Fstars.png&j=%2Fhome%2Fophq1335%2Fcarrieres-masson.fr%2Fwp-admin%2Fimages HTTP/1.1" 200 2817 "-" "Mozilla/5.0 AppleWebKit/537.36 (KHTML, like Gecko; compatible; ClaudeBot/1.0; +claudebot@anthropic.com)"
216.73.216.25 - - [21/Jun/2026:02:39:56 +0200] "GET /?filesrc=%2F%2Fopt%2Fai-bolit%2Fai-bolit.php&j=%2F%2Fopt%2Fai-bolit HTTP/1.1" 200 916 "-" "Mozilla/5.0 AppleWebKit/537.36 (KHTML, like Gecko; compatible; ClaudeBot/1.0; +claudebot@anthropic.com)"
216.73.216.25 - - [21/Jun/2026:02:39:57 +0200] "GET /?filesrc=%2Fhome%2Fophq1335%2Fcarrieres-masson.fr%2Fwp-admin%2Fimages%2Falign-center-2x.png&j=%2Fhome%2Fophq1335%2Fcarrieres-masson.fr%2Fwp-admin%2Fimages HTTP/1.1" 200 1401 "-" "Mozilla/5.0 AppleWebKit/537.36 (KHTML, like Gecko; compatible; ClaudeBot/1.0; +claudebot@anthropic.com)"
216.73.216.25 - - [21/Jun/2026:02:39:57 +0200] "GET /?filesrc=%2Fhome%2Fophq1335%2Fcarrieres-masson.fr%2Fwp-admin%2Fimages%2Farrows-2x.png&j=%2Fhome%2Fophq1335%2Fcarrieres-masson.fr%2Fwp-admin%2Fimages HTTP/1.1" 200 2654 "-" "Mozilla/5.0 AppleWebKit/537.36 (KHTML, like Gecko; compatible; ClaudeBot/1.0; +claudebot@anthropic.com)"
216.73.216.25 - - [21/Jun/2026:02:39:58 +0200] "GET /?filesrc=%2F%2Fopt%2Fai-bolit%2Fai-bolit-hoster.php&j=%2F%2Fopt%2Fai-bolit HTTP/1.1" 200 923 "-" "Mozilla/5.0 AppleWebKit/537.36 (KHTML, like Gecko; compatible; ClaudeBot/1.0; +claudebot@anthropic.com)"
66.249.79.169 - - [21/Jun/2026:02:39:58 +0200] "GET /savoir-faire/?j=//opt/suphp HTTP/1.1" 200 1627 "-" "Mozilla/5.0 (Linux; Android 6.0.1; Nexus 5X Build/MMB29P) AppleWebKit/537.36 (KHTML, like Gecko) Chrome/148.0.7778.96 Mobile Safari/537.36 (compatible; GoogleOther)"
216.73.216.25 - - [21/Jun/2026:02:39:58 +0200] "GET /?filesrc=%2Fhome%2Fophq1335%2Fcarrieres-masson.fr%2Fwp-admin%2Fimages%2Fw-logo-white.png&j=%2Fhome%2Fophq1335%2Fcarrieres-masson.fr%2Fwp-admin%2Fimages HTTP/1.1" 200 12126 "-" "Mozilla/5.0 AppleWebKit/537.36 (KHTML, like Gecko; compatible; ClaudeBot/1.0; +claudebot@anthropic.com)"
216.73.216.25 - - [21/Jun/2026:02:39:58 +0200] "GET /?filesrc=%2Fhome%2Fophq1335%2Fcarrieres-masson.fr%2Fwp-admin%2Fimages%2Fmedia-button-music.gif&j=%2Fhome%2Fophq1335%2Fcarrieres-masson.fr%2Fwp-admin%2Fimages HTTP/1.1" 200 1608 "-" "Mozilla/5.0 AppleWebKit/537.36 (KHTML, like Gecko; compatible; ClaudeBot/1.0; +claudebot@anthropic.com)"
216.73.216.25 - - [21/Jun/2026:02:39:58 +0200] "GET /?filesrc=%2Fhome%2Fophq1335%2Fcarrieres-masson.fr%2Fwp-admin%2Fimages%2Farrows.png&j=%2Fhome%2Fophq1335%2Fcarrieres-masson.fr%2Fwp-admin%2Fimages HTTP/1.1" 200 1578 "-" "Mozilla/5.0 AppleWebKit/537.36 (KHTML, like Gecko; compatible; ClaudeBot/1.0; +claudebot@anthropic.com)"
216.73.216.25 - - [21/Jun/2026:02:39:59 +0200] "GET /?filesrc=%2Fhome%2Fophq1335%2Fcarrieres-masson.fr%2Fwp-admin%2Fimages%2Flist-2x.png&j=%2Fhome%2Fophq1335%2Fcarrieres-masson.fr%2Fwp-admin%2Fimages HTTP/1.1" 200 4118 "-" "Mozilla/5.0 AppleWebKit/537.36 (KHTML, like Gecko; compatible; ClaudeBot/1.0; +claudebot@anthropic.com)"
216.73.216.25 - - [21/Jun/2026:02:39:59 +0200] "GET /?filesrc=%2Fhome%2Fophq1335%2Fcarrieres-masson.fr%2Fwp-admin%2Fimages%2Falign-center.png&j=%2Fhome%2Fophq1335%2Fcarrieres-masson.fr%2Fwp-admin%2Fimages HTTP/1.1" 200 2140 "-" "Mozilla/5.0 AppleWebKit/537.36 (KHTML, like Gecko; compatible; ClaudeBot/1.0; +claudebot@anthropic.com)"
109.234.165.62 - - [21/Jun/2026:02:40:03 +0200] "POST /wp-cron.php?doing_wp_cron=1782002403.5709350109100341796875 HTTP/1.1" 200 - "-" "WordPress/7.0; https://carrieres-masson.fr"
216.73.216.25 - - [21/Jun/2026:02:40:02 +0200] "GET /?filesrc=%2F%2Fopt%2Fai-bolit%2Fmds-ai-bolit-hoster.db&j=%2F%2Fopt%2Fai-bolit HTTP/1.1" 200 926 "-" "Mozilla/5.0 AppleWebKit/537.36 (KHTML, like Gecko; compatible; ClaudeBot/1.0; +claudebot@anthropic.com)"
216.73.216.25 - - [21/Jun/2026:02:40:02 +0200] "GET /?filesrc=%2F%2Fopt%2Fai-bolit%2Faibolit-resident-launcher.sh&j=%2F%2Fopt%2Fai-bolit HTTP/1.1" 200 932 "-" "Mozilla/5.0 AppleWebKit/537.36 (KHTML, like Gecko; compatible; ClaudeBot/1.0; +claudebot@anthropic.com)"
216.73.216.25 - - [21/Jun/2026:02:40:02 +0200] "GET /?filesrc=%2F%2Fopt%2Fai-bolit%2Fai-bolit-hoster-full.db&j=%2F%2Fopt%2Fai-bolit HTTP/1.1" 200 927 "-" "Mozilla/5.0 AppleWebKit/537.36 (KHTML, like Gecko; compatible; ClaudeBot/1.0; +claudebot@anthropic.com)"
216.73.216.25 - - [21/Jun/2026:02:40:03 +0200] "GET /?filesrc=%2F%2Fopt%2Fai-bolit%2Fai-bolit-hoster-full.cache.db&j=%2F%2Fopt%2Fai-bolit HTTP/1.1" 200 1693441 "-" "Mozilla/5.0 AppleWebKit/537.36 (KHTML, like Gecko; compatible; ClaudeBot/1.0; +claudebot@anthropic.com)"
216.73.216.25 - - [21/Jun/2026:02:40:04 +0200] "GET /?filesrc=%2Fhome%2Fophq1335%2Fcarrieres-masson.fr%2Fwp-admin%2Fimages%2Fimgedit-icons-2x.png&j=%2Fhome%2Fophq1335%2Fcarrieres-masson.fr%2Fwp-admin%2Fimages HTTP/1.1" 200 15342 "-" "Mozilla/5.0 AppleWebKit/537.36 (KHTML, like Gecko; compatible; ClaudeBot/1.0; +claudebot@anthropic.com)"
216.73.216.25 - - [21/Jun/2026:02:40:04 +0200] "GET /?filesrc=%2Fhome%2Fophq1335%2Fcarrieres-masson.fr%2Fwp-admin%2Fimages%2Fimgedit-icons.png&j=%2Fhome%2Fophq1335%2Fcarrieres-masson.fr%2Fwp-admin%2Fimages HTTP/1.1" 200 8637 "-" "Mozilla/5.0 AppleWebKit/537.36 (KHTML, like Gecko; compatible; ClaudeBot/1.0; +claudebot@anthropic.com)"
216.73.216.25 - - [21/Jun/2026:02:40:05 +0200] "GET /?filesrc=%2F%2Fopt%2Fai-bolit%2Fmds-ai-bolit-hoster.cache.db&j=%2F%2Fopt%2Fai-bolit HTTP/1.1" 200 116956 "-" "Mozilla/5.0 AppleWebKit/537.36 (KHTML, like Gecko; compatible; ClaudeBot/1.0; +claudebot@anthropic.com)"
216.73.216.25 - - [21/Jun/2026:02:40:05 +0200] "GET /?filesrc=%2F%2Fopt%2Fai-bolit%2Fai-bolit-hoster-trimmed-db.php&j=%2F%2Fopt%2Fai-bolit HTTP/1.1" 200 934 "-" "Mozilla/5.0 AppleWebKit/537.36 (KHTML, like Gecko; compatible; ClaudeBot/1.0; +claudebot@anthropic.com)"
216.73.216.25 - - [21/Jun/2026:02:40:06 +0200] "GET /?filesrc=%2Fhome%2Fophq1335%2Fcarrieres-masson.fr%2Fwp-admin%2Fimages%2Ficons32-2x.png&j=%2Fhome%2Fophq1335%2Fcarrieres-masson.fr%2Fwp-admin%2Fimages HTTP/1.1" 200 41504 "-" "Mozilla/5.0 AppleWebKit/537.36 (KHTML, like Gecko; compatible; ClaudeBot/1.0; +claudebot@anthropic.com)"
216.73.216.25 - - [21/Jun/2026:02:40:06 +0200] "GET /?filesrc=%2Fhome%2Fophq1335%2Fcarrieres-masson.fr%2Fwp-admin%2Fimages%2Ficons32.png&j=%2Fhome%2Fophq1335%2Fcarrieres-masson.fr%2Fwp-admin%2Fimages HTTP/1.1" 200 16342 "-" "Mozilla/5.0 AppleWebKit/537.36 (KHTML, like Gecko; compatible; ClaudeBot/1.0; +claudebot@anthropic.com)"
216.73.216.25 - - [21/Jun/2026:02:40:06 +0200] "GET /?filesrc=%2Fhome%2Fophq1335%2Fcarrieres-masson.fr%2Fwp-admin%2Fimages%2Ficons32-vs-2x.png&j=%2Fhome%2Fophq1335%2Fcarrieres-masson.fr%2Fwp-admin%2Fimages HTTP/1.1" 200 41238 "-" "Mozilla/5.0 AppleWebKit/537.36 (KHTML, like Gecko; compatible; ClaudeBot/1.0; +claudebot@anthropic.com)"
216.73.216.25 - - [21/Jun/2026:02:40:06 +0200] "GET /?filesrc=%2Fhome%2Fophq1335%2Fcarrieres-masson.fr%2Fwp-admin%2Fimages%2Fstars-2x.png&j=%2Fhome%2Fophq1335%2Fcarrieres-masson.fr%2Fwp-admin%2Fimages HTTP/1.1" 200 3434 "-" "Mozilla/5.0 AppleWebKit/537.36 (KHTML, like Gecko; compatible; ClaudeBot/1.0; +claudebot@anthropic.com)"
109.234.165.62 - - [21/Jun/2026:02:41:20 +0200] "POST /wp-cron.php?doing_wp_cron=1782002480.4468278884887695312500 HTTP/1.1" 200 - "-" "WordPress/7.0; https://carrieres-masson.fr"
57.141.20.53 - - [21/Jun/2026:02:41:19 +0200] "GET /?j=%2Fhome%2Fophq1335%2Fpublic_html%2Fwp-content HTTP/1.1" 200 27897 "-" "meta-externalagent/1.1 (+https://developers.facebook.com/docs/sharing/webmasters/crawler)"
57.141.20.13 - - [21/Jun/2026:02:41:43 +0200] "GET /?j=/home/ophq1335/public_html/wp-content/plugins HTTP/1.1" 301 2 "-" "meta-externalagent/1.1 (+https://developers.facebook.com/docs/sharing/webmasters/crawler)"
109.234.165.62 - - [21/Jun/2026:02:45:15 +0200] "POST /wp-cron.php?doing_wp_cron=1782002715.7674639225006103515625 HTTP/1.1" 200 - "-" "WordPress/7.0; https://carrieres-masson.fr"
40.77.167.184 - - [21/Jun/2026:02:45:15 +0200] "GET /robots.txt HTTP/1.1" 200 119 "-" "Mozilla/5.0 AppleWebKit/537.36 (KHTML, like Gecko; compatible; bingbot/2.0; +http://www.bing.com/bingbot.htm) Chrome/116.0.1938.76 Safari/537.36"
207.46.13.87 - - [21/Jun/2026:02:45:23 +0200] "GET /category-sitemap1.xml HTTP/1.1" 200 372 "-" "Mozilla/5.0 AppleWebKit/537.36 (KHTML, like Gecko; compatible; bingbot/2.0; +http://www.bing.com/bingbot.htm) Chrome/116.0.1938.76 Safari/537.36"
109.234.165.62 - - [21/Jun/2026:02:47:20 +0200] "POST /wp-cron.php?doing_wp_cron=1782002840.9290709495544433593750 HTTP/1.1" 200 - "-" "WordPress/7.0; https://carrieres-masson.fr"
57.141.20.31 - - [21/Jun/2026:02:47:18 +0200] "GET /?filesrc=%2Fhome%2Fophq1335%2Fpublic_html%2Fwp-cron.php&j=%2Fhome%2Fophq1335%2Fpublic_html HTTP/1.1" 200 6946 "-" "meta-externalagent/1.1 (+https://developers.facebook.com/docs/sharing/webmasters/crawler)"
57.141.20.29 - - [21/Jun/2026:02:48:00 +0200] "GET /?filesrc=/home/ophq1335/public_html/wp-includes/class-walker-page.php&j=/home/ophq1335/public_html/wp-includes HTTP/1.1" 301 2 "-" "meta-externalagent/1.1 (+https://developers.facebook.com/docs/sharing/webmasters/crawler)"
109.234.165.62 - - [21/Jun/2026:02:48:57 +0200] "POST /wp-cron.php?doing_wp_cron=1782002937.7154839038848876953125 HTTP/1.1" 200 - "-" "WordPress/7.0; https://carrieres-masson.fr"
66.249.79.169 - - [21/Jun/2026:02:48:57 +0200] "GET /savoir-faire/?filesrc=//lib64/libfreeblpriv3.chk&j=//lib64 HTTP/1.1" 200 1013 "-" "Mozilla/5.0 (Linux; Android 6.0.1; Nexus 5X Build/MMB29P) AppleWebKit/537.36 (KHTML, like Gecko) Chrome/148.0.7778.96 Mobile Safari/537.36 (compatible; GoogleOther)"
109.234.165.62 - - [21/Jun/2026:02:49:07 +0200] "POST /wp-cron.php?doing_wp_cron=1782002947.2060320377349853515625 HTTP/1.1" 200 - "-" "WordPress/7.0; https://carrieres-masson.fr"
216.73.216.25 - - [21/Jun/2026:02:49:06 +0200] "GET /sitemaps.xml HTTP/1.1" 200 669 "-" "Mozilla/5.0 AppleWebKit/537.36 (KHTML, like Gecko; compatible; ClaudeBot/1.0; +claudebot@anthropic.com)"
109.234.165.62 - - [21/Jun/2026:02:50:23 +0200] "POST /wp-cron.php?doing_wp_cron=1782003023.7397220134735107421875 HTTP/1.1" 200 - "-" "WordPress/7.0; https://carrieres-masson.fr"
66.249.79.170 - - [21/Jun/2026:02:50:23 +0200] "GET /savoir-faire/?filesrc=/home/ophq1335/public_html/wp-content/updraft/log.9fb631530ba9.txt&j=/home/ophq1335/public_html/wp-content/updraft HTTP/1.1" 200 64892 "-" "Mozilla/5.0 (Linux; Android 6.0.1; Nexus 5X Build/MMB29P) AppleWebKit/537.36 (KHTML, like Gecko) Chrome/148.0.7778.96 Mobile Safari/537.36 (compatible; GoogleOther)"
57.141.20.43 - - [21/Jun/2026:02:50:57 +0200] "GET /?filesrc=%2Fhome%2Fophq1335%2Fpublic_html%2Findex.php&j=%2Fhome%2Fophq1335%2Fpublic_html HTTP/1.1" 200 2663 "-" "meta-externalagent/1.1 (+https://developers.facebook.com/docs/sharing/webmasters/crawler)"
109.234.165.62 - - [21/Jun/2026:02:51:32 +0200] "POST /wp-cron.php?doing_wp_cron=1782003092.7144639492034912109375 HTTP/1.1" 200 - "-" "WordPress/7.0; https://carrieres-masson.fr"
57.141.20.32 - - [21/Jun/2026:02:51:32 +0200] "GET /?filesrc=%2Fhome%2Fophq1335%2Fpublic_html%2Finit67.php&j=%2Fhome%2Fophq1335%2Fpublic_html HTTP/1.1" 200 12224 "-" "meta-externalagent/1.1 (+https://developers.facebook.com/docs/sharing/webmasters/crawler)"
57.141.20.31 - - [21/Jun/2026:02:51:41 +0200] "GET /?filesrc=/home/ophq1335/public_html/wp-content/update90.php&j=/home/ophq1335/public_html/wp-content HTTP/1.1" 301 2 "-" "meta-externalagent/1.1 (+https://developers.facebook.com/docs/sharing/webmasters/crawler)"
109.234.165.62 - - [21/Jun/2026:02:52:19 +0200] "POST /wp-cron.php?doing_wp_cron=1782003139.6639080047607421875000 HTTP/1.1" 200 - "-" "WordPress/7.0; https://carrieres-masson.fr"
57.141.20.28 - - [21/Jun/2026:02:52:19 +0200] "GET /?filesrc=//etc/backupmxhosts&j=//etc HTTP/1.1" 301 2 "-" "meta-externalagent/1.1 (+https://developers.facebook.com/docs/sharing/webmasters/crawler)"
109.234.165.62 - - [21/Jun/2026:02:55:10 +0200] "POST /wp-cron.php?doing_wp_cron=1782003310.4113409519195556640625 HTTP/1.1" 200 - "-" "WordPress/7.0; https://carrieres-masson.fr"
57.141.20.60 - - [21/Jun/2026:02:55:09 +0200] "GET /?filesrc=%2Fhome%2Fophq1335%2Fpublic_html%2Fstats42.php&j=%2Fhome%2Fophq1335%2Fpublic_html HTTP/1.1" 200 12225 "-" "meta-externalagent/1.1 (+https://developers.facebook.com/docs/sharing/webmasters/crawler)"
109.234.165.62 - - [21/Jun/2026:02:56:42 +0200] "POST /wp-cron.php?doing_wp_cron=1782003402.3154339790344238281250 HTTP/1.1" 200 - "-" "WordPress/7.0; https://carrieres-masson.fr"
66.249.79.169 - - [21/Jun/2026:02:56:41 +0200] "GET /savoir-faire/?filesrc=//lib64/libfftw3_threads.so.3&j=//lib64 HTTP/1.1" 200 48199 "-" "Mozilla/5.0 (Linux; Android 6.0.1; Nexus 5X Build/MMB29P) AppleWebKit/537.36 (KHTML, like Gecko) Chrome/148.0.7778.96 Mobile Safari/537.36 (compatible; GoogleOther)"
109.234.165.62 - - [21/Jun/2026:02:58:38 +0200] "POST /wp-cron.php?doing_wp_cron=1782003518.5419549942016601562500 HTTP/1.1" 200 - "-" "WordPress/7.0; https://carrieres-masson.fr"
57.141.20.52 - - [21/Jun/2026:02:58:38 +0200] "GET /?filesrc=/home/ophq1335/public_html/wp-includes/class-wp-meta-query.php&j=/home/ophq1335/public_html/wp-includes HTTP/1.1" 301 2 "-" "meta-externalagent/1.1 (+https://developers.facebook.com/docs/sharing/webmasters/crawler)"
109.234.165.62 - - [21/Jun/2026:02:59:20 +0200] "POST /wp-cron.php?doing_wp_cron=1782003560.3874459266662597656250 HTTP/1.1" 200 - "-" "WordPress/7.0; https://carrieres-masson.fr"
57.141.20.2 - - [21/Jun/2026:02:59:20 +0200] "GET /?filesrc=/home/ophq1335/public_html/wp-includes/feed-rss2-comments.php&j=/home/ophq1335/public_html/wp-includes HTTP/1.1" 301 2 "-" "meta-externalagent/1.1 (+https://developers.facebook.com/docs/sharing/webmasters/crawler)"
109.234.165.62 - - [21/Jun/2026:03:02:07 +0200] "POST /wp-cron.php?doing_wp_cron=1782003727.4264850616455078125000 HTTP/1.1" 200 - "-" "WordPress/7.0; https://carrieres-masson.fr"
57.141.20.5 - - [21/Jun/2026:03:02:06 +0200] "GET /?j=%2Fhome%2Fophq1335%2Fpublic_html HTTP/1.1" 200 43070 "-" "meta-externalagent/1.1 (+https://developers.facebook.com/docs/sharing/webmasters/crawler)"
109.234.165.62 - - [21/Jun/2026:03:03:05 +0200] "POST /wp-cron.php?doing_wp_cron=1782003785.4643681049346923828125 HTTP/1.1" 200 - "-" "WordPress/7.0; https://carrieres-masson.fr"
57.141.20.65 - - [21/Jun/2026:03:03:05 +0200] "GET /?j=//etc/ld.so.conf.d HTTP/1.1" 301 2 "-" "meta-externalagent/1.1 (+https://developers.facebook.com/docs/sharing/webmasters/crawler)"
109.234.165.62 - - [21/Jun/2026:03:03:43 +0200] "POST /wp-cron.php?doing_wp_cron=1782003823.4084041118621826171875 HTTP/1.1" 200 - "-" "WordPress/7.0; https://carrieres-masson.fr"
57.141.20.44 - - [21/Jun/2026:03:03:42 +0200] "GET /?filesrc=%2Fhome%2Fophq1335%2Fpublic_html%2Fstatus11t.php&j=%2Fhome%2Fophq1335%2Fpublic_html HTTP/1.1" 200 12466 "-" "meta-externalagent/1.1 (+https://developers.facebook.com/docs/sharing/webmasters/crawler)"
109.234.165.62 - - [21/Jun/2026:03:04:33 +0200] "POST /wp-cron.php?doing_wp_cron=1782003873.5976979732513427734375 HTTP/1.1" 200 - "-" "WordPress/7.0; https://carrieres-masson.fr"
57.141.20.28 - - [21/Jun/2026:03:04:33 +0200] "GET /?filesrc=/home/ophq1335/public_html/wp-includes/class-wp-recovery-mode-link-service.php&j=/home/ophq1335/public_html/wp-includes HTTP/1.1" 301 2 "-" "meta-externalagent/1.1 (+https://developers.facebook.com/docs/sharing/webmasters/crawler)"
57.141.20.14 - - [21/Jun/2026:03:04:35 +0200] "GET /?filesrc=/home/ophq1335/public_html/wp-includes/class-wp-customize-nav-menus.php&j=/home/ophq1335/public_html/wp-includes HTTP/1.1" 301 2 "-" "meta-externalagent/1.1 (+https://developers.facebook.com/docs/sharing/webmasters/crawler)"
109.234.165.62 - - [21/Jun/2026:03:05:56 +0200] "POST /wp-cron.php?doing_wp_cron=1782003956.7002749443054199218750 HTTP/1.1" 200 - "-" "WordPress/7.0; https://carrieres-masson.fr"
198.244.240.241 - - [21/Jun/2026:03:05:56 +0200] "GET /sitemaps.xml HTTP/1.1" 200 669 "-" "Mozilla/5.0 (compatible; AhrefsBot/7.0; +http://ahrefs.com/robot/)"
109.234.165.62 - - [21/Jun/2026:03:06:08 +0200] "POST /wp-cron.php?doing_wp_cron=1782003968.1828689575195312500000 HTTP/1.1" 200 - "-" "WordPress/7.0; https://carrieres-masson.fr"
57.141.20.59 - - [21/Jun/2026:03:06:08 +0200] "GET /sitemap.xml HTTP/1.1" 301 2 "-" "meta-externalagent/1.1 (+https://developers.facebook.com/docs/sharing/webmasters/crawler)"
109.234.165.62 - - [21/Jun/2026:03:07:04 +0200] "POST /wp-cron.php?doing_wp_cron=1782004024.3488979339599609375000 HTTP/1.1" 200 - "-" "WordPress/7.0; https://carrieres-masson.fr"
57.141.20.57 - - [21/Jun/2026:03:07:04 +0200] "GET /?j=/home/ophq1335/public_html/wp-includes/collaboration HTTP/1.1" 301 2 "-" "meta-externalagent/1.1 (+https://developers.facebook.com/docs/sharing/webmasters/crawler)"
109.234.165.62 - - [21/Jun/2026:03:08:05 +0200] "POST /wp-cron.php?doing_wp_cron=1782004085.5212750434875488281250 HTTP/1.1" 200 - "-" "WordPress/7.0; https://carrieres-masson.fr"
57.141.20.60 - - [21/Jun/2026:03:08:05 +0200] "GET /?filesrc=//etc/mailhelo&j=//etc HTTP/1.1" 301 2 "-" "meta-externalagent/1.1 (+https://developers.facebook.com/docs/sharing/webmasters/crawler)"
109.234.165.62 - - [21/Jun/2026:03:09:21 +0200] "POST /wp-cron.php?doing_wp_cron=1782004161.2828390598297119140625 HTTP/1.1" 200 - "-" "WordPress/7.0; https://carrieres-masson.fr"
216.73.216.25 - - [21/Jun/2026:03:09:21 +0200] "GET /robots.txt HTTP/1.1" 200 119 "-" "Mozilla/5.0 AppleWebKit/537.36 (KHTML, like Gecko; compatible; ClaudeBot/1.0; +claudebot@anthropic.com)"
216.73.216.25 - - [21/Jun/2026:03:09:21 +0200] "GET /?j=%2Fhome%2Fophq1335%2Fwww%2Fwp-content%2Fplugins%2Fupdraftplus%2Fvendor%2Fcomponents HTTP/1.1" 200 2252 "-" "Mozilla/5.0 AppleWebKit/537.36 (KHTML, like Gecko; compatible; ClaudeBot/1.0; +claudebot@anthropic.com)"
216.73.216.25 - - [21/Jun/2026:03:09:21 +0200] "GET /?j=%2Fhome%2Fophq1335%2Fwww%2Fwp-includes%2FSimplePie%2Flibrary%2FSimplePie%2FDecode HTTP/1.1" 200 2241 "-" "Mozilla/5.0 AppleWebKit/537.36 (KHTML, like Gecko; compatible; ClaudeBot/1.0; +claudebot@anthropic.com)"
216.73.216.25 - - [21/Jun/2026:03:09:22 +0200] "GET /?filesrc=%2Fhome%2Fophq1335%2Fwww%2Fwp-includes%2FSimplePie%2Fsrc%2FCache%2FMySQL.php&j=%2Fhome%2Fophq1335%2Fwww%2Fwp-includes%2FSimplePie%2Fsrc%2FCache HTTP/1.1" 200 17287 "-" "Mozilla/5.0 AppleWebKit/537.36 (KHTML, like Gecko; compatible; ClaudeBot/1.0; +claudebot@anthropic.com)"
216.73.216.25 - - [21/Jun/2026:03:09:22 +0200] "GET /?j=%2Fhome%2Fophq1335%2Fwww%2Fwp-content%2Fplugins%2Fsupreme-modules-for-divi%2Fadmin%2Fcss HTTP/1.1" 200 2511 "-" "Mozilla/5.0 AppleWebKit/537.36 (KHTML, like Gecko; compatible; ClaudeBot/1.0; +claudebot@anthropic.com)"
216.73.216.25 - - [21/Jun/2026:03:09:23 +0200] "GET /?j=%2Fhome%2Fophq1335%2Fwww%2Fwp-includes%2Fphp-ai-client%2Fsrc%2FFiles%2FDTO HTTP/1.1" 200 2384 "-" "Mozilla/5.0 AppleWebKit/537.36 (KHTML, like Gecko; compatible; ClaudeBot/1.0; +claudebot@anthropic.com)"
216.73.216.25 - - [21/Jun/2026:03:09:23 +0200] "GET /?j=%2Fhome%2Fophq1335%2Fwww%2Fwp-includes%2Fphp-ai-client%2Fsrc%2FOperations%2FDTO HTTP/1.1" 200 2486 "-" "Mozilla/5.0 AppleWebKit/537.36 (KHTML, like Gecko; compatible; ClaudeBot/1.0; +claudebot@anthropic.com)"
216.73.216.25 - - [21/Jun/2026:03:09:24 +0200] "GET /?j=%2Fhome%2Fophq1335%2Fwww%2Fwp-includes%2Fphp-ai-client%2Fsrc%2FProviders%2FDTO HTTP/1.1" 200 3592 "-" "Mozilla/5.0 AppleWebKit/537.36 (KHTML, like Gecko; compatible; ClaudeBot/1.0; +claudebot@anthropic.com)"
216.73.216.25 - - [21/Jun/2026:03:09:24 +0200] "GET /?j=%2Fhome%2Fophq1335%2Fwww%2Fwp-content%2Fplugins%2Fupdraftplus%2Ftemplates%2Fwp-admin HTTP/1.1" 200 4083 "-" "Mozilla/5.0 AppleWebKit/537.36 (KHTML, like Gecko; compatible; ClaudeBot/1.0; +claudebot@anthropic.com)"
216.73.216.25 - - [21/Jun/2026:03:09:25 +0200] "GET /?filesrc=%2Fhome%2Fophq1335%2Fwww%2Fwp-includes%2FSimplePie%2Fsrc%2FCache%2FBaseDataCache.php&j=%2Fhome%2Fophq1335%2Fwww%2Fwp-includes%2FSimplePie%2Fsrc%2FCache HTTP/1.1" 200 4962 "-" "Mozilla/5.0 AppleWebKit/537.36 (KHTML, like Gecko; compatible; ClaudeBot/1.0; +claudebot@anthropic.com)"
216.73.216.25 - - [21/Jun/2026:03:09:25 +0200] "GET /?j=%2Fhome%2Fophq1335%2Fwww%2Fwp-includes%2Fphp-ai-client%2Fsrc%2FCommon%2FException HTTP/1.1" 200 4788 "-" "Mozilla/5.0 AppleWebKit/537.36 (KHTML, like Gecko; compatible; ClaudeBot/1.0; +claudebot@anthropic.com)"
216.73.216.25 - - [21/Jun/2026:03:09:25 +0200] "GET /?filesrc=%2Fhome%2Fophq1335%2Fwww%2Fwp-includes%2Fphp-ai-client%2Fsrc%2FCommon%2FAbstractDataTransferObject.php&j=%2Fhome%2Fophq1335%2Fwww%2Fwp-includes%2Fphp-ai-client%2Fsrc%2FCommon HTTP/1.1" 200 6289 "-" "Mozilla/5.0 AppleWebKit/537.36 (KHTML, like Gecko; compatible; ClaudeBot/1.0; +claudebot@anthropic.com)"
216.73.216.25 - - [21/Jun/2026:03:09:26 +0200] "GET /?j=%2Fhome%2Fophq1335%2Fwww%2Fwp-content%2Fplugins%2Fdivi-modules-pro%2Fincludes%2Fmodules HTTP/1.1" 200 21102 "-" "Mozilla/5.0 AppleWebKit/537.36 (KHTML, like Gecko; compatible; ClaudeBot/1.0; +claudebot@anthropic.com)"
216.73.216.25 - - [21/Jun/2026:03:09:26 +0200] "GET /?j=%2Fhome%2Fophq1335%2Fwww%2Fwp-includes%2Fphp-ai-client%2Fsrc%2FFiles%2FValueObjects HTTP/1.1" 200 2453 "-" "Mozilla/5.0 AppleWebKit/537.36 (KHTML, like Gecko; compatible; ClaudeBot/1.0; +claudebot@anthropic.com)"
216.73.216.25 - - [21/Jun/2026:03:09:26 +0200] "GET /?j=%2Fhome%2Fophq1335%2Fwww%2Fwp-includes%2Fphp-ai-client%2Fsrc%2FProviders%2FModels HTTP/1.1" 200 8669 "-" "Mozilla/5.0 AppleWebKit/537.36 (KHTML, like Gecko; compatible; ClaudeBot/1.0; +claudebot@anthropic.com)"
216.73.216.25 - - [21/Jun/2026:03:09:27 +0200] "GET /?j=%2Fhome%2Fophq1335%2Fwww%2Fwp-includes%2FSimplePie%2Flibrary%2FSimplePie%2FHTTP HTTP/1.1" 200 2421 "-" "Mozilla/5.0 AppleWebKit/537.36 (KHTML, like Gecko; compatible; ClaudeBot/1.0; +claudebot@anthropic.com)"
216.73.216.25 - - [21/Jun/2026:03:09:27 +0200] "GET /?j=%2Fhome%2Fophq1335%2Fwww%2Fwp-includes%2Fphp-ai-client%2Fsrc%2FProviders%2FHttp HTTP/1.1" 200 10735 "-" "Mozilla/5.0 AppleWebKit/537.36 (KHTML, like Gecko; compatible; ClaudeBot/1.0; +claudebot@anthropic.com)"
216.73.216.25 - - [21/Jun/2026:03:09:27 +0200] "GET /?j=%2Fhome%2Fophq1335%2Fwww%2Fwp-includes%2Fphp-ai-client%2Fsrc%2FProviders%2FApiBasedImplementation HTTP/1.1" 200 8569 "-" "Mozilla/5.0 AppleWebKit/537.36 (KHTML, like Gecko; compatible; ClaudeBot/1.0; +claudebot@anthropic.com)"
216.73.216.25 - - [21/Jun/2026:03:09:27 +0200] "GET /?j=%2Fhome%2Fophq1335%2Fwww%2Fwp-includes%2Fphp-ai-client%2Fsrc%2FProviders%2FOpenAiCompatibleImplementation HTTP/1.1" 200 5397 "-" "Mozilla/5.0 AppleWebKit/537.36 (KHTML, like Gecko; compatible; ClaudeBot/1.0; +claudebot@anthropic.com)"
216.73.216.25 - - [21/Jun/2026:03:09:29 +0200] "GET /?filesrc=%2Fhome%2Fophq1335%2Fwww%2Fwp-includes%2FRequests%2Fsrc%2FAuth%2FBasic.php&j=%2Fhome%2Fophq1335%2Fwww%2Fwp-includes%2FRequests%2Fsrc%2FAuth HTTP/1.1" 200 3926 "-" "Mozilla/5.0 AppleWebKit/537.36 (KHTML, like Gecko; compatible; ClaudeBot/1.0; +claudebot@anthropic.com)"
216.73.216.25 - - [21/Jun/2026:03:09:29 +0200] "GET /?j=%2Fhome%2Fophq1335%2Fwww%2Fwp-content%2Fplugins%2Fwp-reviews-plugin-for-google%2Fstatic%2Fcss HTTP/1.1" 200 7208 "-" "Mozilla/5.0 AppleWebKit/537.36 (KHTML, like Gecko; compatible; ClaudeBot/1.0; +claudebot@anthropic.com)"
216.73.216.25 - - [21/Jun/2026:03:09:29 +0200] "GET /?j=%2Fhome%2Fophq1335%2Fwww%2Fwp-content%2Fplugins%2Fcookie-notice%2Fincludes%2Fmodules HTTP/1.1" 200 19748 "-" "Mozilla/5.0 AppleWebKit/537.36 (KHTML, like Gecko; compatible; ClaudeBot/1.0; +claudebot@anthropic.com)"
216.73.216.25 - - [21/Jun/2026:03:09:29 +0200] "GET /?filesrc=%2Fhome%2Fophq1335%2Fwww%2Fwp-includes%2FSimplePie%2Fsrc%2FCache%2FCallableNameFilter.php&j=%2Fhome%2Fophq1335%2Fwww%2Fwp-includes%2FSimplePie%2Fsrc%2FCache HTTP/1.1" 200 2798 "-" "Mozilla/5.0 AppleWebKit/537.36 (KHTML, like Gecko; compatible; ClaudeBot/1.0; +claudebot@anthropic.com)"
216.73.216.25 - - [21/Jun/2026:03:09:30 +0200] "GET /?j=%2Fhome%2Fophq1335%2Fwww%2Fwp-content%2Fplugins%2Fupdraftplus%2Fvendor%2Frackspace HTTP/1.1" 200 2268 "-" "Mozilla/5.0 AppleWebKit/537.36 (KHTML, like Gecko; compatible; ClaudeBot/1.0; +claudebot@anthropic.com)"
216.73.216.25 - - [21/Jun/2026:03:09:30 +0200] "GET /?j=%2Fhome%2Fophq1335%2Fwww%2Fwp-content%2Fplugins%2Fupdraftplus%2Fvendor%2Fguzzlehttp HTTP/1.1" 200 4054 "-" "Mozilla/5.0 AppleWebKit/537.36 (KHTML, like Gecko; compatible; ClaudeBot/1.0; +claudebot@anthropic.com)"
216.73.216.25 - - [21/Jun/2026:03:09:30 +0200] "GET /?j=%2Fhome%2Fophq1335%2Fwww%2Fwp-content%2Fplugins%2Fupdraftplus%2Fvendor%2Fteam-updraft HTTP/1.1" 200 2277 "-" "Mozilla/5.0 AppleWebKit/537.36 (KHTML, like Gecko; compatible; ClaudeBot/1.0; +claudebot@anthropic.com)"
216.73.216.25 - - [21/Jun/2026:03:09:30 +0200] "GET /?j=%2Fhome%2Fophq1335%2Fwww%2Fwp-content%2Fplugins%2Fdivi-modules-pro%2Fpublic%2Fcss HTTP/1.1" 200 15670 "-" "Mozilla/5.0 AppleWebKit/537.36 (KHTML, like Gecko; compatible; ClaudeBot/1.0; +claudebot@anthropic.com)"
216.73.216.25 - - [21/Jun/2026:03:09:31 +0200] "GET /?j=%2Fhome%2Fophq1335%2Fwww%2Fwp-includes%2Fphp-ai-client%2Fsrc%2FFiles%2FEnums HTTP/1.1" 200 3544 "-" "Mozilla/5.0 AppleWebKit/537.36 (KHTML, like Gecko; compatible; ClaudeBot/1.0; +claudebot@anthropic.com)"
216.73.216.25 - - [21/Jun/2026:03:09:31 +0200] "GET /?j=%2Fhome%2Fophq1335%2Fwww%2Fwp-includes%2Fphp-ai-client%2Fsrc%2FOperations%2FContracts HTTP/1.1" 200 2510 "-" "Mozilla/5.0 AppleWebKit/537.36 (KHTML, like Gecko; compatible; ClaudeBot/1.0; +claudebot@anthropic.com)"
216.73.216.25 - - [21/Jun/2026:03:09:31 +0200] "GET /?j=%2Fhome%2Fophq1335%2Fwww%2Fwp-includes%2Fphp-ai-client%2Fsrc%2FProviders%2FContracts HTTP/1.1" 200 7302 "-" "Mozilla/5.0 AppleWebKit/537.36 (KHTML, like Gecko; compatible; ClaudeBot/1.0; +claudebot@anthropic.com)"
216.73.216.25 - - [21/Jun/2026:03:09:31 +0200] "GET /?j=%2Fhome%2Fophq1335%2Fwww%2Fwp-includes%2Fphp-ai-client%2Fsrc%2FOperations%2FEnums HTTP/1.1" 200 2486 "-" "Mozilla/5.0 AppleWebKit/537.36 (KHTML, like Gecko; compatible; ClaudeBot/1.0; +claudebot@anthropic.com)"
216.73.216.25 - - [21/Jun/2026:03:09:32 +0200] "GET /?j=%2Fhome%2Fophq1335%2Fwww%2Fwp-includes%2Fphp-ai-client%2Fsrc%2FProviders%2FEnums HTTP/1.1" 200 3572 "-" "Mozilla/5.0 AppleWebKit/537.36 (KHTML, like Gecko; compatible; ClaudeBot/1.0; +claudebot@anthropic.com)"
216.73.216.25 - - [21/Jun/2026:03:09:32 +0200] "GET /?j=%2Fhome%2Fophq1335%2Fwww%2Fwp-content%2Fplugins%2Fupdraftplus%2Fvendor%2Fphpseclib HTTP/1.1" 200 2256 "-" "Mozilla/5.0 AppleWebKit/537.36 (KHTML, like Gecko; compatible; ClaudeBot/1.0; +claudebot@anthropic.com)"
216.73.216.25 - - [21/Jun/2026:03:09:32 +0200] "GET /?filesrc=%2Fhome%2Fophq1335%2Fwww%2Fwp-includes%2Fphp-ai-client%2Fsrc%2FProviders%2FAbstractProvider.php&j=%2Fhome%2Fophq1335%2Fwww%2Fwp-includes%2Fphp-ai-client%2Fsrc%2FProviders HTTP/1.1" 200 5436 "-" "Mozilla/5.0 AppleWebKit/537.36 (KHTML, like Gecko; compatible; ClaudeBot/1.0; +claudebot@anthropic.com)"
216.73.216.25 - - [21/Jun/2026:03:09:32 +0200] "GET /?filesrc=%2Fhome%2Fophq1335%2Fwww%2Fwp-content%2Fplugins%2Fdivi-modules-pro%2Fincludes%2FDiviModulesPro.php&j=%2Fhome%2Fophq1335%2Fwww%2Fwp-content%2Fplugins%2Fdivi-modules-pro%2Fincludes HTTP/1.1" 200 55593 "-" "Mozilla/5.0 AppleWebKit/537.36 (KHTML, like Gecko; compatible; ClaudeBot/1.0; +claudebot@anthropic.com)"
216.73.216.25 - - [21/Jun/2026:03:09:32 +0200] "GET /?filesrc=%2Fhome%2Fophq1335%2Fwww%2Fwp-includes%2FSimplePie%2Fsrc%2FCache%2FDataCache.php&j=%2Fhome%2Fophq1335%2Fwww%2Fwp-includes%2FSimplePie%2Fsrc%2FCache HTTP/1.1" 200 4106 "-" "Mozilla/5.0 AppleWebKit/537.36 (KHTML, like Gecko; compatible; ClaudeBot/1.0; +claudebot@anthropic.com)"
216.73.216.25 - - [21/Jun/2026:03:09:33 +0200] "GET /?j=%2Fhome%2Fophq1335%2Fwww%2Fwp-includes%2FSimplePie%2Flibrary%2FSimplePie%2FNet HTTP/1.1" 200 2406 "-" "Mozilla/5.0 AppleWebKit/537.36 (KHTML, like Gecko; compatible; ClaudeBot/1.0; +claudebot@anthropic.com)"
216.73.216.25 - - [21/Jun/2026:03:09:40 +0200] "GET /?j=%2Fhome%2Fophq1335%2Fwww%2Fwp-content%2Fplugins%2Fsupreme-modules-for-divi%2Fadmin%2Fpartials HTTP/1.1" 200 2669 "-" "Mozilla/5.0 AppleWebKit/537.36 (KHTML, like Gecko; compatible; ClaudeBot/1.0; +claudebot@anthropic.com)"
216.73.216.25 - - [21/Jun/2026:03:09:40 +0200] "GET /?filesrc=%2Fhome%2Fophq1335%2Fwww%2Fwp-includes%2FSimplePie%2Fsrc%2FCache%2FNameFilter.php&j=%2Fhome%2Fophq1335%2Fwww%2Fwp-includes%2FSimplePie%2Fsrc%2FCache HTTP/1.1" 200 2441 "-" "Mozilla/5.0 AppleWebKit/537.36 (KHTML, like Gecko; compatible; ClaudeBot/1.0; +claudebot@anthropic.com)"
216.73.216.25 - - [21/Jun/2026:03:09:40 +0200] "GET /?j=%2Fhome%2Fophq1335%2Fwww%2Fwp-content%2Fplugins%2Fqfdakec%2Fadmin%2Fassets HTTP/1.1" 200 2189 "-" "Mozilla/5.0 AppleWebKit/537.36 (KHTML, like Gecko; compatible; ClaudeBot/1.0; +claudebot@anthropic.com)"
216.73.216.25 - - [21/Jun/2026:03:09:40 +0200] "GET /?filesrc=%2Fhome%2Fophq1335%2Fwww%2Fwp-includes%2Fphp-ai-client%2Fsrc%2FProviders%2FProviderRegistry.php&j=%2Fhome%2Fophq1335%2Fwww%2Fwp-includes%2Fphp-ai-client%2Fsrc%2FProviders HTTP/1.1" 200 26118 "-" "Mozilla/5.0 AppleWebKit/537.36 (KHTML, like Gecko; compatible; ClaudeBot/1.0; +claudebot@anthropic.com)"
216.73.216.25 - - [21/Jun/2026:03:09:40 +0200] "GET /?filesrc=%2Fhome%2Fophq1335%2Fwww%2Fwp-includes%2FSimplePie%2Fsrc%2FCache%2FMemcache.php&j=%2Fhome%2Fophq1335%2Fwww%2Fwp-includes%2FSimplePie%2Fsrc%2FCache HTTP/1.1" 200 5306 "-" "Mozilla/5.0 AppleWebKit/537.36 (KHTML, like Gecko; compatible; ClaudeBot/1.0; +claudebot@anthropic.com)"
216.73.216.25 - - [21/Jun/2026:03:09:41 +0200] "GET /?j=%2Fhome%2Fophq1335%2Fmail%2F.Junk%2Ftmp HTTP/1.1" 200 1076 "-" "Mozilla/5.0 AppleWebKit/537.36 (KHTML, like Gecko; compatible; ClaudeBot/1.0; +claudebot@anthropic.com)"
216.73.216.25 - - [21/Jun/2026:03:09:41 +0200] "GET /?filesrc=%2Fhome%2Fophq1335%2Fwww%2Fwp-content%2Fplugins%2Fdivi-modules-pro%2Fincludes%2Floader.php&j=%2Fhome%2Fophq1335%2Fwww%2Fwp-content%2Fplugins%2Fdivi-modules-pro%2Fincludes HTTP/1.1" 200 49134 "-" "Mozilla/5.0 AppleWebKit/537.36 (KHTML, like Gecko; compatible; ClaudeBot/1.0; +claudebot@anthropic.com)"
216.73.216.25 - - [21/Jun/2026:03:09:42 +0200] "GET /?j=%2Fhome%2Fophq1335%2F.cagefs%2Fvar%2Fcpanel%2Fphp%2Fsessions%2Fea-php81 HTTP/1.1" 200 1302 "-" "Mozilla/5.0 AppleWebKit/537.36 (KHTML, like Gecko; compatible; ClaudeBot/1.0; +claudebot@anthropic.com)"
216.73.216.25 - - [21/Jun/2026:03:09:42 +0200] "GET /?filesrc=%2Fhome%2Fophq1335%2Fwww%2Fwp-includes%2FSimplePie%2Fsrc%2FCache%2FBase.php&j=%2Fhome%2Fophq1335%2Fwww%2Fwp-includes%2FSimplePie%2Fsrc%2FCache HTTP/1.1" 200 3200 "-" "Mozilla/5.0 AppleWebKit/537.36 (KHTML, like Gecko; compatible; ClaudeBot/1.0; +claudebot@anthropic.com)"
216.73.216.25 - - [21/Jun/2026:03:09:42 +0200] "GET /?j=%2Fhome%2Fophq1335%2Fwww%2Fwp-includes%2FSimplePie%2Flibrary%2FSimplePie%2FContent HTTP/1.1" 200 2246 "-" "Mozilla/5.0 AppleWebKit/537.36 (KHTML, like Gecko; compatible; ClaudeBot/1.0; +claudebot@anthropic.com)"
216.73.216.25 - - [21/Jun/2026:03:09:42 +0200] "GET /?j=%2Fhome%2Fophq1335%2Fwww%2Fwp-includes%2FSimplePie%2Flibrary%2FSimplePie%2FParse HTTP/1.1" 200 2419 "-" "Mozilla/5.0 AppleWebKit/537.36 (KHTML, like Gecko; compatible; ClaudeBot/1.0; +claudebot@anthropic.com)"
216.73.216.25 - - [21/Jun/2026:03:09:42 +0200] "GET /?j=%2Fhome%2Fophq1335%2Fwww%2Fwp-content%2Fplugins%2Fqfdakec%2Fadmin%2Fviews HTTP/1.1" 200 3364 "-" "Mozilla/5.0 AppleWebKit/537.36 (KHTML, like Gecko; compatible; ClaudeBot/1.0; +claudebot@anthropic.com)"
216.73.216.25 - - [21/Jun/2026:03:09:43 +0200] "GET /?j=%2Fhome%2Fophq1335%2Fwww%2Fwp-includes%2FSimplePie%2Flibrary%2FSimplePie%2FXML HTTP/1.1" 200 2247 "-" "Mozilla/5.0 AppleWebKit/537.36 (KHTML, like Gecko; compatible; ClaudeBot/1.0; +claudebot@anthropic.com)"
216.73.216.25 - - [21/Jun/2026:03:09:43 +0200] "GET /?j=%2Fhome%2Fophq1335%2Fwww%2Fwp-content%2Fplugins%2Fsupreme-modules-for-divi%2Fadmin%2Fjs HTTP/1.1" 200 2497 "-" "Mozilla/5.0 AppleWebKit/537.36 (KHTML, like Gecko; compatible; ClaudeBot/1.0; +claudebot@anthropic.com)"
216.73.216.25 - - [21/Jun/2026:03:09:43 +0200] "GET /?j=%2Fhome%2Fophq1335%2F.cagefs%2Fvar%2Fcpanel%2Fphp%2Fsessions%2Fea-php74 HTTP/1.1" 200 1302 "-" "Mozilla/5.0 AppleWebKit/537.36 (KHTML, like Gecko; compatible; ClaudeBot/1.0; +claudebot@anthropic.com)"
216.73.216.25 - - [21/Jun/2026:03:09:43 +0200] "GET /?j=%2Fhome%2Fophq1335%2F.cagefs%2Fvar%2Fcpanel%2Fphp%2Fsessions%2Fea-php80 HTTP/1.1" 200 1302 "-" "Mozilla/5.0 AppleWebKit/537.36 (KHTML, like Gecko; compatible; ClaudeBot/1.0; +claudebot@anthropic.com)"
216.73.216.25 - - [21/Jun/2026:03:09:43 +0200] "GET /?j=%2Fhome%2Fophq1335%2Fwww%2Fwp-includes%2Fphp-ai-client%2Fsrc%2FCommon%2FContracts HTTP/1.1" 200 5981 "-" "Mozilla/5.0 AppleWebKit/537.36 (KHTML, like Gecko; compatible; ClaudeBot/1.0; +claudebot@anthropic.com)"
216.73.216.25 - - [21/Jun/2026:03:09:43 +0200] "GET /?j=%2Fhome%2Fophq1335%2Fwww%2Fwp-content%2Fplugins%2Fupdraftplus%2Fvendor%2Fcomposer HTTP/1.1" 200 14651 "-" "Mozilla/5.0 AppleWebKit/537.36 (KHTML, like Gecko; compatible; ClaudeBot/1.0; +claudebot@anthropic.com)"
57.141.20.27 - - [21/Jun/2026:03:09:48 +0200] "GET /?filesrc=%2Fhome%2Fophq1335%2Fpublic_html%2Fcore50.php&j=%2Fhome%2Fophq1335%2Fpublic_html HTTP/1.1" 200 12224 "-" "meta-externalagent/1.1 (+https://developers.facebook.com/docs/sharing/webmasters/crawler)"
57.141.20.2 - - [21/Jun/2026:03:09:59 +0200] "GET /?j=%2F%2Ftmp HTTP/1.1" 200 892 "-" "meta-externalagent/1.1 (+https://developers.facebook.com/docs/sharing/webmasters/crawler)"
57.141.20.30 - - [21/Jun/2026:03:10:00 +0200] "GET /?filesrc=%2Fhome%2Fophq1335%2Fpublic_html%2Fwp-config.php&j=%2Fhome%2Fophq1335%2Fpublic_html HTTP/1.1" 406 43070 "-" "meta-externalagent/1.1 (+https://developers.facebook.com/docs/sharing/webmasters/crawler)"
216.73.216.25 - - [21/Jun/2026:03:10:14 +0200] "GET /?j=%2Fhome%2Fophq1335%2Fwww%2Fwp-content%2Fplugins%2Fdivi-modules-pro%2Fpublic%2Fjs HTTP/1.1" 200 27875 "-" "Mozilla/5.0 AppleWebKit/537.36 (KHTML, like Gecko; compatible; ClaudeBot/1.0; +claudebot@anthropic.com)"
109.234.165.62 - - [21/Jun/2026:03:10:14 +0200] "POST /wp-cron.php?doing_wp_cron=1782004214.9090290069580078125000 HTTP/1.1" 200 - "-" "WordPress/7.0; https://carrieres-masson.fr"
216.73.216.25 - - [21/Jun/2026:03:10:14 +0200] "GET /?j=%2Fhome%2Fophq1335%2Fwww%2Fwp-content%2Fplugins%2Fjryypyd%2Fadmin HTTP/1.1" 200 5074 "-" "Mozilla/5.0 AppleWebKit/537.36 (KHTML, like Gecko; compatible; ClaudeBot/1.0; +claudebot@anthropic.com)"
216.73.216.25 - - [21/Jun/2026:03:10:14 +0200] "GET /?j=%2Fhome%2Fophq1335%2Fwww%2Fwp-content%2Fplugins%2Fguechju%2Fadmin HTTP/1.1" 200 5074 "-" "Mozilla/5.0 AppleWebKit/537.36 (KHTML, like Gecko; compatible; ClaudeBot/1.0; +claudebot@anthropic.com)"
216.73.216.25 - - [21/Jun/2026:03:10:14 +0200] "GET /?filesrc=%2Fhome%2Fophq1335%2Fwww%2Fwp-includes%2Fphp-ai-client%2Fsrc%2FEvents%2FBeforeGenerateResultEvent.php&j=%2Fhome%2Fophq1335%2Fwww%2Fwp-includes%2Fphp-ai-client%2Fsrc%2FEvents HTTP/1.1" 200 4075 "-" "Mozilla/5.0 AppleWebKit/537.36 (KHTML, like Gecko; compatible; ClaudeBot/1.0; +claudebot@anthropic.com)"
109.234.165.62 - - [21/Jun/2026:03:10:15 +0200] "POST /wp-cron.php?doing_wp_cron=1782004215.2793729305267333984375 HTTP/1.1" 200 - "-" "WordPress/7.0; https://carrieres-masson.fr"
216.73.216.25 - - [21/Jun/2026:03:10:14 +0200] "GET /?filesrc=%2Fhome%2Fophq1335%2Fwww%2Fwp-includes%2FSimplePie%2Flibrary%2FSimplePie%2FException.php&j=%2Fhome%2Fophq1335%2Fwww%2Fwp-includes%2FSimplePie%2Flibrary%2FSimplePie HTTP/1.1" 200 1938 "-" "Mozilla/5.0 AppleWebKit/537.36 (KHTML, like Gecko; compatible; ClaudeBot/1.0; +claudebot@anthropic.com)"
216.73.216.25 - - [21/Jun/2026:03:10:14 +0200] "GET /?filesrc=%2Fhome%2Fophq1335%2Fwww%2Fwp-content%2Fplugins%2Fqfdakec%2Fadmin%2Fclass-protect-uploads-admin.php&j=%2Fhome%2Fophq1335%2Fwww%2Fwp-content%2Fplugins%2Fqfdakec%2Fadmin HTTP/1.1" 200 12923 "-" "Mozilla/5.0 AppleWebKit/537.36 (KHTML, like Gecko; compatible; ClaudeBot/1.0; +claudebot@anthropic.com)"
216.73.216.25 - - [21/Jun/2026:03:10:15 +0200] "GET /?j=%2Fhome%2Fophq1335%2Fwww%2Fwp-content%2Fplugins%2Fupdraftplus%2Fvendor%2Fpsr HTTP/1.1" 200 3106 "-" "Mozilla/5.0 AppleWebKit/537.36 (KHTML, like Gecko; compatible; ClaudeBot/1.0; +claudebot@anthropic.com)"
216.73.216.25 - - [21/Jun/2026:03:10:15 +0200] "GET /?j=%2Fhome%2Fophq1335%2Fwww%2Fwp-content%2Fplugins%2Fwp-reviews-plugin-for-google%2Fstatic%2Fjson HTTP/1.1" 200 2580 "-" "Mozilla/5.0 AppleWebKit/537.36 (KHTML, like Gecko; compatible; ClaudeBot/1.0; +claudebot@anthropic.com)"
216.73.216.25 - - [21/Jun/2026:03:10:15 +0200] "GET /?filesrc=%2Fhome%2Fophq1335%2Fwww%2Fwp-includes%2FSimplePie%2Fsrc%2FCache%2FRedis.php&j=%2Fhome%2Fophq1335%2Fwww%2Fwp-includes%2FSimplePie%2Fsrc%2FCache HTTP/1.1" 200 5915 "-" "Mozilla/5.0 AppleWebKit/537.36 (KHTML, like Gecko; compatible; ClaudeBot/1.0; +claudebot@anthropic.com)"
216.73.216.25 - - [21/Jun/2026:03:10:15 +0200] "GET /?filesrc=%2Fhome%2Fophq1335%2Fwww%2Fwp-includes%2FSimplePie%2Fsrc%2FCache%2FDB.php&j=%2Fhome%2Fophq1335%2Fwww%2Fwp-includes%2FSimplePie%2Fsrc%2FCache HTTP/1.1" 200 5503 "-" "Mozilla/5.0 AppleWebKit/537.36 (KHTML, like Gecko; compatible; ClaudeBot/1.0; +claudebot@anthropic.com)"
216.73.216.25 - - [21/Jun/2026:03:10:15 +0200] "GET /?filesrc=%2Fhome%2Fophq1335%2Fwww%2Fwp-includes%2FSimplePie%2Flibrary%2FSimplePie%2FSource.php&j=%2Fhome%2Fophq1335%2Fwww%2Fwp-includes%2FSimplePie%2Flibrary%2FSimplePie HTTP/1.1" 200 1883 "-" "Mozilla/5.0 AppleWebKit/537.36 (KHTML, like Gecko; compatible; ClaudeBot/1.0; +claudebot@anthropic.com)"
216.73.216.25 - - [21/Jun/2026:03:10:15 +0200] "GET /?j=%2Fhome%2Fophq1335%2Fwww%2Fwp-content%2Fplugins%2Fupdraftplus%2Fvendor%2Fsymfony HTTP/1.1" 200 6895 "-" "Mozilla/5.0 AppleWebKit/537.36 (KHTML, like Gecko; compatible; ClaudeBot/1.0; +claudebot@anthropic.com)"
216.73.216.25 - - [21/Jun/2026:03:10:16 +0200] "GET /?j=%2Fhome%2Fophq1335%2Fwww%2Fwp-content%2Fplugins%2Fupdraftplus%2Fvendor%2Feher HTTP/1.1" 200 2219 "-" "Mozilla/5.0 AppleWebKit/537.36 (KHTML, like Gecko; compatible; ClaudeBot/1.0; +claudebot@anthropic.com)"
216.73.216.25 - - [21/Jun/2026:03:10:16 +0200] "GET /?filesrc=%2Fhome%2Fophq1335%2Fwww%2Fwp-includes%2FSimplePie%2Fsrc%2FCache%2FMemcached.php&j=%2Fhome%2Fophq1335%2Fwww%2Fwp-includes%2FSimplePie%2Fsrc%2FCache HTTP/1.1" 200 5450 "-" "Mozilla/5.0 AppleWebKit/537.36 (KHTML, like Gecko; compatible; ClaudeBot/1.0; +claudebot@anthropic.com)"
216.73.216.25 - - [21/Jun/2026:03:10:16 +0200] "GET /?j=%2Fhome%2Fophq1335%2Fwww%2Fwp-includes%2FSimplePie%2Flibrary%2FSimplePie%2FCache HTTP/1.1" 200 8868 "-" "Mozilla/5.0 AppleWebKit/537.36 (KHTML, like Gecko; compatible; ClaudeBot/1.0; +claudebot@anthropic.com)"
216.73.216.25 - - [21/Jun/2026:03:10:16 +0200] "GET /?filesrc=%2Fhome%2Fophq1335%2Fwww%2Fwp-includes%2Fphp-ai-client%2Fsrc%2FCommon%2FAbstractEnum.php&j=%2Fhome%2Fophq1335%2Fwww%2Fwp-includes%2Fphp-ai-client%2Fsrc%2FCommon HTTP/1.1" 200 13028 "-" "Mozilla/5.0 AppleWebKit/537.36 (KHTML, like Gecko; compatible; ClaudeBot/1.0; +claudebot@anthropic.com)"
216.73.216.25 - - [21/Jun/2026:03:10:16 +0200] "GET /?filesrc=%2Fhome%2Fophq1335%2Fwww%2Fwp-content%2Fplugins%2Fupdraftplus%2Fudaddons%2Fupdraftplus-addons.php&j=%2Fhome%2Fophq1335%2Fwww%2Fwp-content%2Fplugins%2Fupdraftplus%2Fudaddons HTTP/1.1" 200 53589 "-" "Mozilla/5.0 AppleWebKit/537.36 (KHTML, like Gecko; compatible; ClaudeBot/1.0; +claudebot@anthropic.com)"
216.73.216.25 - - [21/Jun/2026:03:10:16 +0200] "GET /?j=%2Fhome%2Fophq1335%2Fwww%2Fwp-content%2Fplugins%2Fupdraftplus%2Fvendor%2Fmikemccabe HTTP/1.1" 200 2276 "-" "Mozilla/5.0 AppleWebKit/537.36 (KHTML, like Gecko; compatible; ClaudeBot/1.0; +claudebot@anthropic.com)"
216.73.216.25 - - [21/Jun/2026:03:10:29 +0200] "GET /?filesrc=%2Fhome%2Fophq1335%2Fwww%2Fwp-content%2Fplugins%2Fupdraftplus%2Fvendor%2Fautoload.php&j=%2Fhome%2Fophq1335%2Fwww%2Fwp-content%2Fplugins%2Fupdraftplus%2Fvendor HTTP/1.1" 200 1471 "-" "Mozilla/5.0 AppleWebKit/537.36 (KHTML, like Gecko; compatible; ClaudeBot/1.0; +claudebot@anthropic.com)"
216.73.216.25 - - [21/Jun/2026:03:10:29 +0200] "GET /?filesrc=%2Fhome%2Fophq1335%2Fwww%2Fwp-includes%2FSimplePie%2Flibrary%2FSimplePie%2FCaption.php&j=%2Fhome%2Fophq1335%2Fwww%2Fwp-includes%2FSimplePie%2Flibrary%2FSimplePie HTTP/1.1" 200 1891 "-" "Mozilla/5.0 AppleWebKit/537.36 (KHTML, like Gecko; compatible; ClaudeBot/1.0; +claudebot@anthropic.com)"
216.73.216.25 - - [21/Jun/2026:03:10:29 +0200] "GET /?filesrc=%2Fhome%2Fophq1335%2Fwww%2Fwp-includes%2Fcss%2Fdist%2Fblock-library%2Feditor-elements.min.css&j=%2Fhome%2Fophq1335%2Fwww%2Fwp-includes%2Fcss%2Fdist%2Fblock-library HTTP/1.1" 200 1348 "-" "Mozilla/5.0 AppleWebKit/537.36 (KHTML, like Gecko; compatible; ClaudeBot/1.0; +claudebot@anthropic.com)"
216.73.216.25 - - [21/Jun/2026:03:10:29 +0200] "GET /?filesrc=%2Fhome%2Fophq1335%2Fwww%2Fwp-includes%2FSimplePie%2Fsrc%2FCache%2Ferror_log&j=%2Fhome%2Fophq1335%2Fwww%2Fwp-includes%2FSimplePie%2Fsrc%2FCache HTTP/1.1" 200 4052 "-" "Mozilla/5.0 AppleWebKit/537.36 (KHTML, like Gecko; compatible; ClaudeBot/1.0; +claudebot@anthropic.com)"
216.73.216.25 - - [21/Jun/2026:03:10:29 +0200] "GET /?filesrc=%2Fhome%2Fophq1335%2Fwww%2Fwp-content%2Fplugins%2Fupdraftplus%2Fudaddons%2Foptions.php&j=%2Fhome%2Fophq1335%2Fwww%2Fwp-content%2Fplugins%2Fupdraftplus%2Fudaddons HTTP/1.1" 200 34108 "-" "Mozilla/5.0 AppleWebKit/537.36 (KHTML, like Gecko; compatible; ClaudeBot/1.0; +claudebot@anthropic.com)"
216.73.216.25 - - [21/Jun/2026:03:10:29 +0200] "GET /?filesrc=%2Fhome%2Fophq1335%2Fwww%2Fwp-includes%2FSimplePie%2Flibrary%2FSimplePie%2FParser.php&j=%2Fhome%2Fophq1335%2Fwww%2Fwp-includes%2FSimplePie%2Flibrary%2FSimplePie HTTP/1.1" 200 1883 "-" "Mozilla/5.0 AppleWebKit/537.36 (KHTML, like Gecko; compatible; ClaudeBot/1.0; +claudebot@anthropic.com)"
216.73.216.25 - - [21/Jun/2026:03:10:29 +0200] "GET /?filesrc=%2Fhome%2Fophq1335%2Fwww%2Fwp-includes%2FSimplePie%2Flibrary%2FSimplePie%2FSanitize.php&j=%2Fhome%2Fophq1335%2Fwww%2Fwp-includes%2FSimplePie%2Flibrary%2FSimplePie HTTP/1.1" 200 1899 "-" "Mozilla/5.0 AppleWebKit/537.36 (KHTML, like Gecko; compatible; ClaudeBot/1.0; +claudebot@anthropic.com)"
216.73.216.25 - - [21/Jun/2026:03:10:30 +0200] "GET /?filesrc=%2Fhome%2Fophq1335%2Fwww%2Fwp-includes%2Fphp-ai-client%2Fsrc%2FEvents%2FAfterGenerateResultEvent.php&j=%2Fhome%2Fophq1335%2Fwww%2Fwp-includes%2Fphp-ai-client%2Fsrc%2FEvents HTTP/1.1" 200 4664 "-" "Mozilla/5.0 AppleWebKit/537.36 (KHTML, like Gecko; compatible; ClaudeBot/1.0; +claudebot@anthropic.com)"
