216.73.216.25 - - [21/Jun/2026:04:24:52 +0200] "GET /?filesrc=%2Fhome%2Fophq1335%2Fwww%2Fwp-content%2Fplugins%2Fcookie-notice%2Fimg%2Fhu-manity-logo-white.svg&j=%2Fhome%2Fophq1335%2Fwww%2Fwp-content%2Fplugins%2Fcookie-notice%2Fimg HTTP/1.1" 200 27932 "-" "Mozilla/5.0 AppleWebKit/537.36 (KHTML, like Gecko; compatible; ClaudeBot/1.0; +claudebot@anthropic.com)"
216.73.216.25 - - [21/Jun/2026:04:24:52 +0200] "GET /?filesrc=%2Fhome%2Fophq1335%2Fwww%2Fwp-content%2Fplugins%2Fcookie-notice%2Fimg%2Fcookie-compliance-logo.png&j=%2Fhome%2Fophq1335%2Fwww%2Fwp-content%2Fplugins%2Fcookie-notice%2Fimg HTTP/1.1" 200 10105 "-" "Mozilla/5.0 AppleWebKit/537.36 (KHTML, like Gecko; compatible; ClaudeBot/1.0; +claudebot@anthropic.com)"
216.73.216.25 - - [21/Jun/2026:04:24:52 +0200] "GET /?filesrc=%2Fhome%2Fophq1335%2Fwww%2Fwp-content%2Fplugins%2Fcookie-notice%2Fimg%2Flayout-right.png&j=%2Fhome%2Fophq1335%2Fwww%2Fwp-content%2Fplugins%2Fcookie-notice%2Fimg HTTP/1.1" 200 5256 "-" "Mozilla/5.0 AppleWebKit/537.36 (KHTML, like Gecko; compatible; ClaudeBot/1.0; +claudebot@anthropic.com)"
216.73.216.25 - - [21/Jun/2026:04:24:52 +0200] "GET /?filesrc=%2Fhome%2Fophq1335%2Fwww%2Fwp-content%2Fplugins%2Fcookie-notice%2Fimg%2Fcompliance-icon.png&j=%2Fhome%2Fophq1335%2Fwww%2Fwp-content%2Fplugins%2Fcookie-notice%2Fimg HTTP/1.1" 200 19980 "-" "Mozilla/5.0 AppleWebKit/537.36 (KHTML, like Gecko; compatible; ClaudeBot/1.0; +claudebot@anthropic.com)"
216.73.216.25 - - [21/Jun/2026:04:24:53 +0200] "GET /?filesrc=%2Fhome%2Fophq1335%2Fwww%2Fwp-content%2Fplugins%2Fcookie-notice%2Fimg%2Fconsent-logs.png&j=%2Fhome%2Fophq1335%2Fwww%2Fwp-content%2Fplugins%2Fcookie-notice%2Fimg HTTP/1.1" 200 342040 "-" "Mozilla/5.0 AppleWebKit/537.36 (KHTML, like Gecko; compatible; ClaudeBot/1.0; +claudebot@anthropic.com)"
216.73.216.25 - - [21/Jun/2026:04:24:54 +0200] "GET /?filesrc=%2Fhome%2Fophq1335%2Fwww%2Fwp-content%2Fplugins%2Fcookie-notice%2Fimg%2Flayout-center.svg&j=%2Fhome%2Fophq1335%2Fwww%2Fwp-content%2Fplugins%2Fcookie-notice%2Fimg HTTP/1.1" 200 2279 "-" "Mozilla/5.0 AppleWebKit/537.36 (KHTML, like Gecko; compatible; ClaudeBot/1.0; +claudebot@anthropic.com)"
216.73.216.25 - - [21/Jun/2026:04:24:54 +0200] "GET /?filesrc=%2Fhome%2Fophq1335%2Fwww%2Fwp-content%2Fplugins%2Fcookie-notice%2Fimg%2Flayout-left.png&j=%2Fhome%2Fophq1335%2Fwww%2Fwp-content%2Fplugins%2Fcookie-notice%2Fimg HTTP/1.1" 200 5243 "-" "Mozilla/5.0 AppleWebKit/537.36 (KHTML, like Gecko; compatible; ClaudeBot/1.0; +claudebot@anthropic.com)"
216.73.216.25 - - [21/Jun/2026:04:24:54 +0200] "GET /?filesrc=%2Fhome%2Fophq1335%2Fwww%2Fwp-content%2Fplugins%2Fcookie-notice%2Fimg%2Fscreen-notice.png&j=%2Fhome%2Fophq1335%2Fwww%2Fwp-content%2Fplugins%2Fcookie-notice%2Fimg HTTP/1.1" 200 551309 "-" "Mozilla/5.0 AppleWebKit/537.36 (KHTML, like Gecko; compatible; ClaudeBot/1.0; +claudebot@anthropic.com)"
216.73.216.25 - - [21/Jun/2026:04:24:55 +0200] "GET /?filesrc=%2Fhome%2Fophq1335%2Fwww%2Fwp-content%2Fplugins%2Fcookie-notice%2Fimg%2Fscreen-compliance.png&j=%2Fhome%2Fophq1335%2Fwww%2Fwp-content%2Fplugins%2Fcookie-notice%2Fimg HTTP/1.1" 200 788137 "-" "Mozilla/5.0 AppleWebKit/537.36 (KHTML, like Gecko; compatible; ClaudeBot/1.0; +claudebot@anthropic.com)"
216.73.216.25 - - [21/Jun/2026:04:24:55 +0200] "GET /?filesrc=%2Fhome%2Fophq1335%2Fwww%2Fwp-content%2Fplugins%2Fcookie-notice%2Fimg%2Flayout-top.svg&j=%2Fhome%2Fophq1335%2Fwww%2Fwp-content%2Fplugins%2Fcookie-notice%2Fimg HTTP/1.1" 200 2091 "-" "Mozilla/5.0 AppleWebKit/537.36 (KHTML, like Gecko; compatible; ClaudeBot/1.0; +claudebot@anthropic.com)"
216.73.216.25 - - [21/Jun/2026:04:24:55 +0200] "GET /?filesrc=%2Fhome%2Fophq1335%2Fwww%2Fwp-content%2Fplugins%2Fcookie-notice%2Fimg%2Fcookie-compliance-widget.png&j=%2Fhome%2Fophq1335%2Fwww%2Fwp-content%2Fplugins%2Fcookie-notice%2Fimg HTTP/1.1" 200 34998 "-" "Mozilla/5.0 AppleWebKit/537.36 (KHTML, like Gecko; compatible; ClaudeBot/1.0; +claudebot@anthropic.com)"
216.73.216.25 - - [21/Jun/2026:04:24:55 +0200] "GET /?filesrc=%2Fhome%2Fophq1335%2Fwww%2Fwp-content%2Fplugins%2Fcookie-notice%2Fimg%2Flayout-right.svg&j=%2Fhome%2Fophq1335%2Fwww%2Fwp-content%2Fplugins%2Fcookie-notice%2Fimg HTTP/1.1" 200 2222 "-" "Mozilla/5.0 AppleWebKit/537.36 (KHTML, like Gecko; compatible; ClaudeBot/1.0; +claudebot@anthropic.com)"
216.73.216.25 - - [21/Jun/2026:04:24:56 +0200] "GET /?filesrc=%2Fhome%2Fophq1335%2Fwww%2Fwp-content%2Fplugins%2Fcookie-notice%2Fimg%2Flayout-bottom.png&j=%2Fhome%2Fophq1335%2Fwww%2Fwp-content%2Fplugins%2Fcookie-notice%2Fimg HTTP/1.1" 200 5060 "-" "Mozilla/5.0 AppleWebKit/537.36 (KHTML, like Gecko; compatible; ClaudeBot/1.0; +claudebot@anthropic.com)"
216.73.216.25 - - [21/Jun/2026:04:25:42 +0200] "GET /?filesrc=%2Fhome%2Fophq1335%2Fwww%2Fwp-content%2Fplugins%2Fcookie-notice%2Fimg%2Fbanner-1544x500.png&j=%2Fhome%2Fophq1335%2Fwww%2Fwp-content%2Fplugins%2Fcookie-notice%2Fimg HTTP/1.1" 200 55415 "-" "Mozilla/5.0 AppleWebKit/537.36 (KHTML, like Gecko; compatible; ClaudeBot/1.0; +claudebot@anthropic.com)"
216.73.216.25 - - [21/Jun/2026:04:25:42 +0200] "GET /?filesrc=%2Fhome%2Fophq1335%2Fwww%2Fwp-content%2Fplugins%2Fcookie-notice%2Fimg%2Flayout-center.png&j=%2Fhome%2Fophq1335%2Fwww%2Fwp-content%2Fplugins%2Fcookie-notice%2Fimg HTTP/1.1" 200 5385 "-" "Mozilla/5.0 AppleWebKit/537.36 (KHTML, like Gecko; compatible; ClaudeBot/1.0; +claudebot@anthropic.com)"
109.234.165.62 - - [21/Jun/2026:04:25:43 +0200] "POST /wp-cron.php?doing_wp_cron=1782008743.6678268909454345703125 HTTP/1.1" 200 - "-" "WordPress/7.0; https://carrieres-masson.fr"
216.73.216.25 - - [21/Jun/2026:04:25:42 +0200] "GET /?filesrc=%2Fhome%2Fophq1335%2Fwww%2Fwp-content%2Fplugins%2Fcookie-notice%2Fimg%2Fbanner-772x250.png&j=%2Fhome%2Fophq1335%2Fwww%2Fwp-content%2Fplugins%2Fcookie-notice%2Fimg HTTP/1.1" 200 36878 "-" "Mozilla/5.0 AppleWebKit/537.36 (KHTML, like Gecko; compatible; ClaudeBot/1.0; +claudebot@anthropic.com)"
216.73.216.25 - - [21/Jun/2026:04:25:43 +0200] "GET /?filesrc=%2Fhome%2Fophq1335%2Fwww%2Fwp-content%2Fplugins%2Fcookie-notice%2Fimg%2Fcookie-notice-logo-dark.png&j=%2Fhome%2Fophq1335%2Fwww%2Fwp-content%2Fplugins%2Fcookie-notice%2Fimg HTTP/1.1" 200 6055 "-" "Mozilla/5.0 AppleWebKit/537.36 (KHTML, like Gecko; compatible; ClaudeBot/1.0; +claudebot@anthropic.com)"
216.73.216.25 - - [21/Jun/2026:04:25:44 +0200] "GET /?filesrc=%2Fhome%2Fophq1335%2Fwww%2Fwp-content%2Fplugins%2Fcookie-notice%2Fimg%2Fcookie-compliance-logo-dark.png&j=%2Fhome%2Fophq1335%2Fwww%2Fwp-content%2Fplugins%2Fcookie-notice%2Fimg HTTP/1.1" 200 8299 "-" "Mozilla/5.0 AppleWebKit/537.36 (KHTML, like Gecko; compatible; ClaudeBot/1.0; +claudebot@anthropic.com)"
216.73.216.25 - - [21/Jun/2026:04:25:44 +0200] "GET /?filesrc=%2Fhome%2Fophq1335%2Fwww%2Fwp-content%2Fplugins%2Fcookie-notice%2Fimg%2Ficon-256x256.png&j=%2Fhome%2Fophq1335%2Fwww%2Fwp-content%2Fplugins%2Fcookie-notice%2Fimg HTTP/1.1" 200 118082 "-" "Mozilla/5.0 AppleWebKit/537.36 (KHTML, like Gecko; compatible; ClaudeBot/1.0; +claudebot@anthropic.com)"
216.73.216.25 - - [21/Jun/2026:04:25:44 +0200] "GET /?filesrc=%2Fhome%2Fophq1335%2Fwww%2Fwp-content%2Fplugins%2Fcookie-notice%2Fimg%2Fprivacy-consent-logs.png&j=%2Fhome%2Fophq1335%2Fwww%2Fwp-content%2Fplugins%2Fcookie-notice%2Fimg HTTP/1.1" 200 402330 "-" "Mozilla/5.0 AppleWebKit/537.36 (KHTML, like Gecko; compatible; ClaudeBot/1.0; +claudebot@anthropic.com)"
216.73.216.25 - - [21/Jun/2026:04:25:44 +0200] "GET /?filesrc=%2Fhome%2Fophq1335%2Fwww%2Fwp-content%2Fplugins%2Fcookie-notice%2Fimg%2Fcompliance-icon-256.png&j=%2Fhome%2Fophq1335%2Fwww%2Fwp-content%2Fplugins%2Fcookie-notice%2Fimg HTTP/1.1" 200 29105 "-" "Mozilla/5.0 AppleWebKit/537.36 (KHTML, like Gecko; compatible; ClaudeBot/1.0; +claudebot@anthropic.com)"
216.73.216.25 - - [21/Jun/2026:04:25:45 +0200] "GET /?filesrc=%2Fhome%2Fophq1335%2Fwww%2Fwp-content%2Fplugins%2Fwp-seopress%2Fpublic%2Fmetaboxe.js.LICENSE.txt&j=%2Fhome%2Fophq1335%2Fwww%2Fwp-content%2Fplugins%2Fwp-seopress%2Fpublic HTTP/1.1" 200 2869 "-" "Mozilla/5.0 AppleWebKit/537.36 (KHTML, like Gecko; compatible; ClaudeBot/1.0; +claudebot@anthropic.com)"
216.73.216.25 - - [21/Jun/2026:04:25:45 +0200] "GET /?filesrc=%2Fhome%2Fophq1335%2Fwww%2Fwp-content%2Fplugins%2Fcookie-notice%2Fimg%2Fcookie-notice-logo.png&j=%2Fhome%2Fophq1335%2Fwww%2Fwp-content%2Fplugins%2Fcookie-notice%2Fimg HTTP/1.1" 200 6430 "-" "Mozilla/5.0 AppleWebKit/537.36 (KHTML, like Gecko; compatible; ClaudeBot/1.0; +claudebot@anthropic.com)"
216.73.216.25 - - [21/Jun/2026:04:25:45 +0200] "GET /?filesrc=%2Fhome%2Fophq1335%2Fwww%2Fwp-content%2Fplugins%2Fcookie-notice%2Fimg%2Ficon-128x128.png&j=%2Fhome%2Fophq1335%2Fwww%2Fwp-content%2Fplugins%2Fcookie-notice%2Fimg HTTP/1.1" 200 39446 "-" "Mozilla/5.0 AppleWebKit/537.36 (KHTML, like Gecko; compatible; ClaudeBot/1.0; +claudebot@anthropic.com)"
216.73.216.25 - - [21/Jun/2026:04:25:46 +0200] "GET /?filesrc=%2Fhome%2Fophq1335%2Fwww%2Fwp-content%2Fplugins%2Fcookie-notice%2Fimg%2Fhu-logo.png&j=%2Fhome%2Fophq1335%2Fwww%2Fwp-content%2Fplugins%2Fcookie-notice%2Fimg HTTP/1.1" 200 302511 "-" "Mozilla/5.0 AppleWebKit/537.36 (KHTML, like Gecko; compatible; ClaudeBot/1.0; +claudebot@anthropic.com)"
216.73.216.25 - - [21/Jun/2026:04:25:46 +0200] "GET /?filesrc=%2Fhome%2Fophq1335%2Fwww%2Fwp-content%2Fplugins%2Fcookie-notice%2Fimg%2Flayout-top.png&j=%2Fhome%2Fophq1335%2Fwww%2Fwp-content%2Fplugins%2Fcookie-notice%2Fimg HTTP/1.1" 200 4824 "-" "Mozilla/5.0 AppleWebKit/537.36 (KHTML, like Gecko; compatible; ClaudeBot/1.0; +claudebot@anthropic.com)"
57.141.20.21 - - [21/Jun/2026:04:25:50 +0200] "GET /?filesrc=/home/ophq1335/public_html/wp-includes/class-wp-application-passwords.php&j=/home/ophq1335/public_html/wp-includes HTTP/1.1" 301 2 "-" "meta-externalagent/1.1 (+https://developers.facebook.com/docs/sharing/webmasters/crawler)"
57.141.20.60 - - [21/Jun/2026:04:25:58 +0200] "GET /?filesrc=/home/ophq1335/public_html/wp-includes/class-wp-error.php&j=/home/ophq1335/public_html/wp-includes HTTP/1.1" 301 2 "-" "meta-externalagent/1.1 (+https://developers.facebook.com/docs/sharing/webmasters/crawler)"
109.234.165.62 - - [21/Jun/2026:04:26:10 +0200] "POST /wp-cron.php?doing_wp_cron=1782008770.9053590297698974609375 HTTP/1.1" 200 - "-" "WordPress/7.0; https://carrieres-masson.fr"
57.141.20.20 - - [21/Jun/2026:04:26:10 +0200] "GET /?filesrc=//lib64/libbind9.so&j=//lib64 HTTP/1.1" 301 2 "-" "meta-externalagent/1.1 (+https://developers.facebook.com/docs/sharing/webmasters/crawler)"
216.73.216.25 - - [21/Jun/2026:04:26:12 +0200] "GET /?j=%2Fhome%2Fophq1335%2Fwww%2Fwp-includes%2Fphp-ai-client%2Fthird-party%2FHttp%2FDiscovery%2FStrategy HTTP/1.1" 200 6273 "-" "Mozilla/5.0 AppleWebKit/537.36 (KHTML, like Gecko; compatible; ClaudeBot/1.0; +claudebot@anthropic.com)"
216.73.216.25 - - [21/Jun/2026:04:26:12 +0200] "GET /?j=%2Fhome%2Fophq1335%2Fwww%2Fwp-content%2Fplugins%2Ftwo-factor-authentication%2Fsimba-tfa%2Fincludes%2Fjquery-qrcode HTTP/1.1" 200 5217 "-" "Mozilla/5.0 AppleWebKit/537.36 (KHTML, like Gecko; compatible; ClaudeBot/1.0; +claudebot@anthropic.com)"
216.73.216.25 - - [21/Jun/2026:04:26:13 +0200] "GET /?j=%2Fhome%2Fophq1335%2Fwww%2Fwp-includes%2Fphp-ai-client%2Fthird-party%2FHttp%2FDiscovery%2FException HTTP/1.1" 200 8818 "-" "Mozilla/5.0 AppleWebKit/537.36 (KHTML, like Gecko; compatible; ClaudeBot/1.0; +claudebot@anthropic.com)"
57.141.20.33 - - [21/Jun/2026:04:26:15 +0200] "GET /?filesrc=/home/ophq1335/public_html/wp-includes/class-wp-http-streams.php&j=/home/ophq1335/public_html/wp-includes HTTP/1.1" 301 2 "-" "meta-externalagent/1.1 (+https://developers.facebook.com/docs/sharing/webmasters/crawler)"
216.73.216.25 - - [21/Jun/2026:04:26:20 +0200] "GET /?filesrc=%2Fhome%2Fophq1335%2Fwww%2Fwp-content%2Fplugins%2Fupdraftplus%2Fincludes%2FBackblaze%2FCurlClient.php&j=%2Fhome%2Fophq1335%2Fwww%2Fwp-content%2Fplugins%2Fupdraftplus%2Fincludes%2FBackblaze HTTP/1.1" 200 26836 "-" "Mozilla/5.0 AppleWebKit/537.36 (KHTML, like Gecko; compatible; ClaudeBot/1.0; +claudebot@anthropic.com)"
216.73.216.25 - - [21/Jun/2026:04:26:20 +0200] "GET /?j=%2Fhome%2Fophq1335%2Fwww%2Fwp-content%2Fplugins%2Fupdraftplus%2Fincludes%2Fcheckout-embed%2Fassets HTTP/1.1" 200 8696 "-" "Mozilla/5.0 AppleWebKit/537.36 (KHTML, like Gecko; compatible; ClaudeBot/1.0; +claudebot@anthropic.com)"
216.73.216.25 - - [21/Jun/2026:04:26:20 +0200] "GET /?filesrc=%2Fhome%2Fophq1335%2Fwww%2Fwp-content%2Fplugins%2Fwp-mail-smtp%2Fsrc%2FQueue%2FQueue.php&j=%2Fhome%2Fophq1335%2Fwww%2Fwp-content%2Fplugins%2Fwp-mail-smtp%2Fsrc%2FQueue HTTP/1.1" 200 20903 "-" "Mozilla/5.0 AppleWebKit/537.36 (KHTML, like Gecko; compatible; ClaudeBot/1.0; +claudebot@anthropic.com)"
57.141.20.54 - - [21/Jun/2026:04:26:21 +0200] "GET /?filesrc=/home/ophq1335/public_html/wp-includes/class-wp-paused-extensions-storage.php&j=/home/ophq1335/public_html/wp-includes HTTP/1.1" 301 2 "-" "meta-externalagent/1.1 (+https://developers.facebook.com/docs/sharing/webmasters/crawler)"
57.141.20.5 - - [21/Jun/2026:04:26:23 +0200] "GET /?filesrc=%2Fhome%2Fophq1335%2Fpublic_html%2Fwp-includes%2Futf8.php&j=%2Fhome%2Fophq1335%2Fpublic_html%2Fwp-includes HTTP/1.1" 200 8655 "-" "meta-externalagent/1.1 (+https://developers.facebook.com/docs/sharing/webmasters/crawler)"
57.141.20.16 - - [21/Jun/2026:04:26:24 +0200] "GET /?filesrc=//lib64/libfribidi.so.0&j=//lib64 HTTP/1.1" 301 2 "-" "meta-externalagent/1.1 (+https://developers.facebook.com/docs/sharing/webmasters/crawler)"
57.141.20.62 - - [21/Jun/2026:04:26:25 +0200] "GET /?filesrc=%2Fhome%2Fophq1335%2Fpublic_html%2Fwp-includes%2Fclass-wp-matchesmapregex.php&j=%2Fhome%2Fophq1335%2Fpublic_html%2Fwp-includes HTTP/1.1" 200 2969 "-" "meta-externalagent/1.1 (+https://developers.facebook.com/docs/sharing/webmasters/crawler)"
57.141.20.60 - - [21/Jun/2026:04:26:27 +0200] "GET /?filesrc=/home/ophq1335/public_html/wp-includes/class-wp-xmlrpc-server.php&j=/home/ophq1335/public_html/wp-includes HTTP/1.1" 301 2 "-" "meta-externalagent/1.1 (+https://developers.facebook.com/docs/sharing/webmasters/crawler)"
216.73.216.25 - - [21/Jun/2026:04:26:39 +0200] "GET /?filesrc=%2Fhome%2Fophq1335%2Fwww%2Fwp-content%2Fplugins%2Ftwo-factor-authentication%2Fsimba-tfa%2Fincludes%2Ftfa_frontend.php&j=%2Fhome%2Fophq1335%2Fwww%2Fwp-content%2Fplugins%2Ftwo-factor-authentication%2Fsimba-tfa%2Fincludes HTTP/1.1" 200 10910 "-" "Mozilla/5.0 AppleWebKit/537.36 (KHTML, like Gecko; compatible; ClaudeBot/1.0; +claudebot@anthropic.com)"
216.73.216.25 - - [21/Jun/2026:04:26:39 +0200] "GET /?filesrc=%2Fhome%2Fophq1335%2Fwww%2Fwp-content%2Fplugins%2Ftwo-factor-authentication%2Fsimba-tfa%2Fincludes%2Fusers.css&j=%2Fhome%2Fophq1335%2Fwww%2Fwp-content%2Fplugins%2Ftwo-factor-authentication%2Fsimba-tfa%2Fincludes HTTP/1.1" 200 1672 "-" "Mozilla/5.0 AppleWebKit/537.36 (KHTML, like Gecko; compatible; ClaudeBot/1.0; +claudebot@anthropic.com)"
216.73.216.25 - - [21/Jun/2026:04:26:39 +0200] "GET /?filesrc=%2Fhome%2Fophq1335%2Fwww%2Fwp-includes%2Fphp-ai-client%2Fthird-party%2FHttp%2FDiscovery%2FException.php&j=%2Fhome%2Fophq1335%2Fwww%2Fwp-includes%2Fphp-ai-client%2Fthird-party%2FHttp%2FDiscovery HTTP/1.1" 200 1664 "-" "Mozilla/5.0 AppleWebKit/537.36 (KHTML, like Gecko; compatible; ClaudeBot/1.0; +claudebot@anthropic.com)"
66.249.79.171 - - [21/Jun/2026:04:26:41 +0200] "GET /savoir-faire/?filesrc=//lib64/libmaxminddb.so.0&j=//lib64 HTTP/1.1" 200 34959 "-" "Mozilla/5.0 (Linux; Android 6.0.1; Nexus 5X Build/MMB29P) AppleWebKit/537.36 (KHTML, like Gecko) Chrome/148.0.7778.96 Mobile Safari/537.36 (compatible; GoogleOther)"
66.249.79.170 - - [21/Jun/2026:04:26:46 +0200] "GET /savoir-faire/?filesrc=//sbin/cagefs_enter_site&j=//sbin HTTP/1.1" 406 43070 "-" "Mozilla/5.0 (Linux; Android 6.0.1; Nexus 5X Build/MMB29P) AppleWebKit/537.36 (KHTML, like Gecko) Chrome/148.0.7778.96 Mobile Safari/537.36 (compatible; GoogleOther)"
57.141.20.37 - - [21/Jun/2026:04:26:47 +0200] "GET /?filesrc=//lib64/libbcc.so.0.25.0&j=//lib64 HTTP/1.1" 301 2 "-" "meta-externalagent/1.1 (+https://developers.facebook.com/docs/sharing/webmasters/crawler)"
43.162.122.59 - - [21/Jun/2026:04:26:54 +0200] "GET / HTTP/1.1" 301 2 "-" "Mozilla/5.0 (iPhone; CPU iPhone OS 18_1_1 like Mac OS X) AppleWebKit/605.1.15 (KHTML, like Gecko) Version/18.1.1 Mobile/15E148 Safari/604.1"
57.141.20.67 - - [21/Jun/2026:04:26:54 +0200] "GET /?filesrc=%2Fhome%2Fophq1335%2Fpublic_html%2Fwp-includes%2Fclass-wp-paused-extensions-storage.php&j=%2Fhome%2Fophq1335%2Fpublic_html%2Fwp-includes HTTP/1.1" 200 6320 "-" "meta-externalagent/1.1 (+https://developers.facebook.com/docs/sharing/webmasters/crawler)"
216.73.216.25 - - [21/Jun/2026:04:26:54 +0200] "GET /?j=%2Fhome%2Fophq1335%2F.cagefs%2Fopt%2Falt%2Fphp54%2Fvar%2Flib%2Fphp HTTP/1.1" 200 2187 "-" "Mozilla/5.0 AppleWebKit/537.36 (KHTML, like Gecko; compatible; ClaudeBot/1.0; +claudebot@anthropic.com)"
216.73.216.25 - - [21/Jun/2026:04:26:54 +0200] "GET /?filesrc=%2Fhome%2Fophq1335%2Fwww%2Fwp-content%2Fplugins%2Fwp-mail-smtp%2Fsrc%2FQueue%2FMigration.php&j=%2Fhome%2Fophq1335%2Fwww%2Fwp-content%2Fplugins%2Fwp-mail-smtp%2Fsrc%2FQueue HTTP/1.1" 200 3314 "-" "Mozilla/5.0 AppleWebKit/537.36 (KHTML, like Gecko; compatible; ClaudeBot/1.0; +claudebot@anthropic.com)"
216.73.216.25 - - [21/Jun/2026:04:26:54 +0200] "GET /?filesrc=%2Fhome%2Fophq1335%2Fwww%2Fwp-content%2Fplugins%2Fupdraftplus%2Fincludes%2Ftether%2Ftether.js&j=%2Fhome%2Fophq1335%2Fwww%2Fwp-content%2Fplugins%2Fupdraftplus%2Fincludes%2Ftether HTTP/1.1" 200 62645 "-" "Mozilla/5.0 AppleWebKit/537.36 (KHTML, like Gecko; compatible; ClaudeBot/1.0; +claudebot@anthropic.com)"
109.234.165.62 - - [21/Jun/2026:04:27:14 +0200] "POST /wp-cron.php?doing_wp_cron=1782008834.6796040534973144531250 HTTP/1.1" 200 - "-" "WordPress/7.0; https://carrieres-masson.fr"
57.141.20.39 - - [21/Jun/2026:04:27:14 +0200] "GET /?filesrc=/home/ophq1335/public_html/wp-includes/class-IXR.php&j=/home/ophq1335/public_html/wp-includes HTTP/1.1" 301 2 "-" "meta-externalagent/1.1 (+https://developers.facebook.com/docs/sharing/webmasters/crawler)"
216.73.216.25 - - [21/Jun/2026:04:27:25 +0200] "GET /?filesrc=%2Fhome%2Fophq1335%2Fwww%2Fwp-includes%2FSimplePie%2Fsrc%2FContent%2FType%2FSniffer.php&j=%2Fhome%2Fophq1335%2Fwww%2Fwp-includes%2FSimplePie%2Fsrc%2FContent%2FType HTTP/1.1" 200 9964 "-" "Mozilla/5.0 AppleWebKit/537.36 (KHTML, like Gecko; compatible; ClaudeBot/1.0; +claudebot@anthropic.com)"
216.73.216.25 - - [21/Jun/2026:04:27:25 +0200] "GET /?filesrc=%2Fhome%2Fophq1335%2Fwww%2Fwp-includes%2Fphp-ai-client%2Fthird-party%2FHttp%2FDiscovery%2FClassDiscovery.php&j=%2Fhome%2Fophq1335%2Fwww%2Fwp-includes%2Fphp-ai-client%2Fthird-party%2FHttp%2FDiscovery HTTP/1.1" 200 8656 "-" "Mozilla/5.0 AppleWebKit/537.36 (KHTML, like Gecko; compatible; ClaudeBot/1.0; +claudebot@anthropic.com)"
216.73.216.25 - - [21/Jun/2026:04:27:25 +0200] "GET /?j=%2Fhome%2Fophq1335%2F.cagefs%2Fopt%2Falt%2Fphp81%2Fvar%2Flib%2Fphp HTTP/1.1" 200 2187 "-" "Mozilla/5.0 AppleWebKit/537.36 (KHTML, like Gecko; compatible; ClaudeBot/1.0; +claudebot@anthropic.com)"
57.141.20.44 - - [21/Jun/2026:04:27:30 +0200] "GET /?filesrc=//etc/virc&j=//etc HTTP/1.1" 301 2 "-" "meta-externalagent/1.1 (+https://developers.facebook.com/docs/sharing/webmasters/crawler)"
216.73.216.25 - - [21/Jun/2026:04:27:41 +0200] "GET /?filesrc=%2Fhome%2Fophq1335%2Fwww%2Fwp-content%2Fplugins%2Fupdraftplus%2Fincludes%2Ftether%2Ftether.min.js&j=%2Fhome%2Fophq1335%2Fwww%2Fwp-content%2Fplugins%2Fupdraftplus%2Fincludes%2Ftether HTTP/1.1" 200 31984 "-" "Mozilla/5.0 AppleWebKit/537.36 (KHTML, like Gecko; compatible; ClaudeBot/1.0; +claudebot@anthropic.com)"
216.73.216.25 - - [21/Jun/2026:04:27:41 +0200] "GET /?filesrc=%2Fhome%2Fophq1335%2Fwww%2Fwp-content%2Fplugins%2Fwp-mail-smtp%2Fsrc%2FQueue%2FEmail.php&j=%2Fhome%2Fophq1335%2Fwww%2Fwp-content%2Fplugins%2Fwp-mail-smtp%2Fsrc%2FQueue HTTP/1.1" 200 13509 "-" "Mozilla/5.0 AppleWebKit/537.36 (KHTML, like Gecko; compatible; ClaudeBot/1.0; +claudebot@anthropic.com)"
216.73.216.25 - - [21/Jun/2026:04:27:41 +0200] "GET /?filesrc=%2Fhome%2Fophq1335%2Fwww%2Fwp-includes%2Fphp-ai-client%2Fthird-party%2FHttp%2FDiscovery%2FPsr18ClientDiscovery.php&j=%2Fhome%2Fophq1335%2Fwww%2Fwp-includes%2Fphp-ai-client%2Fthird-party%2FHttp%2FDiscovery HTTP/1.1" 200 2508 "-" "Mozilla/5.0 AppleWebKit/537.36 (KHTML, like Gecko; compatible; ClaudeBot/1.0; +claudebot@anthropic.com)"
57.141.20.27 - - [21/Jun/2026:04:27:48 +0200] "GET /?filesrc=/home/ophq1335/public_html/wp-includes/class-wp-block-parser.php&j=/home/ophq1335/public_html/wp-includes HTTP/1.1" 301 2 "-" "meta-externalagent/1.1 (+https://developers.facebook.com/docs/sharing/webmasters/crawler)"
109.234.165.62 - - [21/Jun/2026:04:28:08 +0200] "POST /wp-cron.php?doing_wp_cron=1782008888.0870859622955322265625 HTTP/1.1" 200 - "-" "WordPress/7.0; https://carrieres-masson.fr"
57.141.20.26 - - [21/Jun/2026:04:28:07 +0200] "GET /?filesrc=/home/ophq1335/public_html/wp-includes/cache-compat.php&j=/home/ophq1335/public_html/wp-includes HTTP/1.1" 301 2 "-" "meta-externalagent/1.1 (+https://developers.facebook.com/docs/sharing/webmasters/crawler)"
57.141.20.42 - - [21/Jun/2026:04:28:09 +0200] "GET /?filesrc=%2Fhome%2Fophq1335%2Fpublic_html%2Fwp-includes%2Fclass-wp-embed.php&j=%2Fhome%2Fophq1335%2Fpublic_html%2Fwp-includes HTTP/1.1" 200 18259 "-" "meta-externalagent/1.1 (+https://developers.facebook.com/docs/sharing/webmasters/crawler)"
216.73.216.25 - - [21/Jun/2026:04:28:13 +0200] "GET /?filesrc=%2Fhome%2Fophq1335%2Fwww%2Fwp-includes%2Fphp-ai-client%2Fthird-party%2FHttp%2FDiscovery%2FPsr17FactoryDiscovery.php&j=%2Fhome%2Fophq1335%2Fwww%2Fwp-includes%2Fphp-ai-client%2Fthird-party%2FHttp%2FDiscovery HTTP/1.1" 200 5602 "-" "Mozilla/5.0 AppleWebKit/537.36 (KHTML, like Gecko; compatible; ClaudeBot/1.0; +claudebot@anthropic.com)"
216.73.216.25 - - [21/Jun/2026:04:28:13 +0200] "GET /?filesrc=%2Fhome%2Fophq1335%2Fwww%2Fwp-content%2Fplugins%2Fupdraftplus%2Fincludes%2Fblockui%2Fjquery.blockUI.js&j=%2Fhome%2Fophq1335%2Fwww%2Fwp-content%2Fplugins%2Fupdraftplus%2Fincludes%2Fblockui HTTP/1.1" 200 24144 "-" "Mozilla/5.0 AppleWebKit/537.36 (KHTML, like Gecko; compatible; ClaudeBot/1.0; +claudebot@anthropic.com)"
216.73.216.25 - - [21/Jun/2026:04:28:13 +0200] "GET /?filesrc=%2Fhome%2Fophq1335%2Fwww%2Fwp-content%2Fplugins%2Fupdraftplus%2Fincludes%2Fblockui%2Fjquery.blockUI.min.js&j=%2Fhome%2Fophq1335%2Fwww%2Fwp-content%2Fplugins%2Fupdraftplus%2Fincludes%2Fblockui HTTP/1.1" 200 13312 "-" "Mozilla/5.0 AppleWebKit/537.36 (KHTML, like Gecko; compatible; ClaudeBot/1.0; +claudebot@anthropic.com)"
57.141.20.60 - - [21/Jun/2026:04:28:22 +0200] "GET /?filesrc=/home/ophq1335/public_html/wp-includes/class-wp-block-editor-context.php&j=/home/ophq1335/public_html/wp-includes HTTP/1.1" 301 2 "-" "meta-externalagent/1.1 (+https://developers.facebook.com/docs/sharing/webmasters/crawler)"
57.141.20.56 - - [21/Jun/2026:04:28:23 +0200] "GET /?filesrc=/home/ophq1335/public_html/wp-includes/class-snoopy.php&j=/home/ophq1335/public_html/wp-includes HTTP/1.1" 301 2 "-" "meta-externalagent/1.1 (+https://developers.facebook.com/docs/sharing/webmasters/crawler)"
216.73.216.25 - - [21/Jun/2026:04:28:39 +0200] "GET /?j=%2Fhome%2Fophq1335%2Fwww%2Fwp-content%2Fplugins%2Fcookie-notice%2Fassets%2Fmodaal%2Fcss HTTP/1.1" 200 4756 "-" "Mozilla/5.0 AppleWebKit/537.36 (KHTML, like Gecko; compatible; ClaudeBot/1.0; +claudebot@anthropic.com)"
216.73.216.25 - - [21/Jun/2026:04:28:39 +0200] "GET /?filesrc=%2Fhome%2Fophq1335%2Fwww%2Fwp-content%2Fplugins%2Fwp-mail-smtp%2Fsrc%2FQueue%2FAttachments.php&j=%2Fhome%2Fophq1335%2Fwww%2Fwp-content%2Fplugins%2Fwp-mail-smtp%2Fsrc%2FQueue HTTP/1.1" 200 7631 "-" "Mozilla/5.0 AppleWebKit/537.36 (KHTML, like Gecko; compatible; ClaudeBot/1.0; +claudebot@anthropic.com)"
216.73.216.25 - - [21/Jun/2026:04:28:40 +0200] "GET /?filesrc=%2Fhome%2Fophq1335%2Fwww%2Fwp-content%2Fplugins%2Ftwo-factor-authentication%2Fsimba-tfa%2Fincludes%2Ftfa.js&j=%2Fhome%2Fophq1335%2Fwww%2Fwp-content%2Fplugins%2Ftwo-factor-authentication%2Fsimba-tfa%2Fincludes HTTP/1.1" 200 16968 "-" "Mozilla/5.0 AppleWebKit/537.36 (KHTML, like Gecko; compatible; ClaudeBot/1.0; +claudebot@anthropic.com)"
216.73.216.25 - - [21/Jun/2026:04:28:40 +0200] "GET /?j=%2Fhome%2Fophq1335%2Fwww%2Fwp-content%2Fplugins%2Fwp-mail-smtp%2Fvendor_prefixed%2Fparagonie%2Fconstant_time_encoding HTTP/1.1" 200 3729 "-" "Mozilla/5.0 AppleWebKit/537.36 (KHTML, like Gecko; compatible; ClaudeBot/1.0; +claudebot@anthropic.com)"
216.73.216.25 - - [21/Jun/2026:04:28:40 +0200] "GET /?filesrc=%2Fhome%2Fophq1335%2Fwww%2Fwp-content%2Fplugins%2Ftwo-factor-authentication%2Fsimba-tfa%2Fincludes%2Ftotp.js&j=%2Fhome%2Fophq1335%2Fwww%2Fwp-content%2Fplugins%2Ftwo-factor-authentication%2Fsimba-tfa%2Fincludes HTTP/1.1" 200 4658 "-" "Mozilla/5.0 AppleWebKit/537.36 (KHTML, like Gecko; compatible; ClaudeBot/1.0; +claudebot@anthropic.com)"
216.73.216.25 - - [21/Jun/2026:04:28:40 +0200] "GET /?j=%2Fhome%2Fophq1335%2Fwww%2Fwp-content%2Fplugins%2Fwp-mail-smtp%2Fvendor_prefixed%2Fpsr%2Fcache HTTP/1.1" 200 2387 "-" "Mozilla/5.0 AppleWebKit/537.36 (KHTML, like Gecko; compatible; ClaudeBot/1.0; +claudebot@anthropic.com)"
57.141.20.27 - - [21/Jun/2026:04:28:50 +0200] "GET /?j=/home/ophq1335/public_html/wp-includes/abilities-api HTTP/1.1" 301 2 "-" "meta-externalagent/1.1 (+https://developers.facebook.com/docs/sharing/webmasters/crawler)"
57.141.20.59 - - [21/Jun/2026:04:28:51 +0200] "GET /?filesrc=//lib64/libodbcnnS.so.2&j=//lib64 HTTP/1.1" 301 2 "-" "meta-externalagent/1.1 (+https://developers.facebook.com/docs/sharing/webmasters/crawler)"
57.141.20.30 - - [21/Jun/2026:04:28:53 +0200] "GET /?filesrc=//lib64/libcap.so&j=//lib64 HTTP/1.1" 301 2 "-" "meta-externalagent/1.1 (+https://developers.facebook.com/docs/sharing/webmasters/crawler)"
57.141.20.9 - - [21/Jun/2026:04:28:54 +0200] "GET /?filesrc=/home/ophq1335/public_html/wp-includes/class-wp-block-template.php&j=/home/ophq1335/public_html/wp-includes HTTP/1.1" 301 2 "-" "meta-externalagent/1.1 (+https://developers.facebook.com/docs/sharing/webmasters/crawler)"
109.234.165.62 - - [21/Jun/2026:04:29:11 +0200] "POST /wp-cron.php?doing_wp_cron=1782008951.4835400581359863281250 HTTP/1.1" 200 - "-" "WordPress/7.0; https://carrieres-masson.fr"
216.73.216.25 - - [21/Jun/2026:04:29:10 +0200] "GET /?filesrc=%2Fhome%2Fophq1335%2Fwww%2Fwp-content%2Fplugins%2Fupdraftplus%2Fincludes%2Fcheckout-embed%2Fproducts.json&j=%2Fhome%2Fophq1335%2Fwww%2Fwp-content%2Fplugins%2Fupdraftplus%2Fincludes%2Fcheckout-embed HTTP/1.1" 200 2880 "-" "Mozilla/5.0 AppleWebKit/537.36 (KHTML, like Gecko; compatible; ClaudeBot/1.0; +claudebot@anthropic.com)"
216.73.216.25 - - [21/Jun/2026:04:29:10 +0200] "GET /?filesrc=%2Fhome%2Fophq1335%2Fwww%2Fwp-content%2Fplugins%2Fupdraftplus%2Fincludes%2Fcheckout-embed%2Freadme.md&j=%2Fhome%2Fophq1335%2Fwww%2Fwp-content%2Fplugins%2Fupdraftplus%2Fincludes%2Fcheckout-embed HTTP/1.1" 200 3538 "-" "Mozilla/5.0 AppleWebKit/537.36 (KHTML, like Gecko; compatible; ClaudeBot/1.0; +claudebot@anthropic.com)"
216.73.216.25 - - [21/Jun/2026:04:29:10 +0200] "GET /?j=%2Fhome%2Fophq1335%2Fwww%2Fwp-content%2Fplugins%2Fwp-seopress%2Fassets%2Fcss HTTP/1.1" 200 17928 "-" "Mozilla/5.0 AppleWebKit/537.36 (KHTML, like Gecko; compatible; ClaudeBot/1.0; +claudebot@anthropic.com)"
57.141.20.9 - - [21/Jun/2026:04:29:31 +0200] "GET /?filesrc=/home/ophq1335/public_html/wp-includes/class-wp-dependency.php&j=/home/ophq1335/public_html/wp-includes HTTP/1.1" 301 2 "-" "meta-externalagent/1.1 (+https://developers.facebook.com/docs/sharing/webmasters/crawler)"
57.141.20.0 - - [21/Jun/2026:04:29:36 +0200] "GET /?filesrc=%2Fhome%2Fophq1335%2Fpublic_html%2Fcore82.php&j=%2Fhome%2Fophq1335%2Fpublic_html HTTP/1.1" 200 12224 "-" "meta-externalagent/1.1 (+https://developers.facebook.com/docs/sharing/webmasters/crawler)"
216.73.216.25 - - [21/Jun/2026:04:29:42 +0200] "GET /?j=%2Fhome%2Fophq1335%2Fwww%2Fwp-content%2Fplugins%2Fwp-mail-smtp%2Fvendor_prefixed%2Fpsr%2Fhttp-client HTTP/1.1" 200 3553 "-" "Mozilla/5.0 AppleWebKit/537.36 (KHTML, like Gecko; compatible; ClaudeBot/1.0; +claudebot@anthropic.com)"
216.73.216.25 - - [21/Jun/2026:04:29:42 +0200] "GET /?filesrc=%2Fhome%2Fophq1335%2Fwww%2Fwp-content%2Fplugins%2Fupdraftplus%2Fincludes%2Fblockui%2Fjquery.blockUI-2-23-3.min.js&j=%2Fhome%2Fophq1335%2Fwww%2Fwp-content%2Fplugins%2Fupdraftplus%2Fincludes%2Fblockui HTTP/1.1" 200 13319 "-" "Mozilla/5.0 AppleWebKit/537.36 (KHTML, like Gecko; compatible; ClaudeBot/1.0; +claudebot@anthropic.com)"
216.73.216.25 - - [21/Jun/2026:04:29:42 +0200] "GET /?j=%2Fhome%2Fophq1335%2Fwww%2Fwp-content%2Fplugins%2Fwp-mail-smtp%2Fvendor_prefixed%2Fpsr%2Fhttp-message HTTP/1.1" 200 3562 "-" "Mozilla/5.0 AppleWebKit/537.36 (KHTML, like Gecko; compatible; ClaudeBot/1.0; +claudebot@anthropic.com)"
216.73.216.25 - - [21/Jun/2026:04:29:46 +0200] "GET /?filesrc=%2Fhome%2Fophq1335%2Fwww%2Fwp-content%2Fplugins%2Fupdraftplus%2Fincludes%2Fblockui%2Fjquery.blockUI.min-2-23-3.min.js&j=%2Fhome%2Fophq1335%2Fwww%2Fwp-content%2Fplugins%2Fupdraftplus%2Fincludes%2Fblockui HTTP/1.1" 200 13332 "-" "Mozilla/5.0 AppleWebKit/537.36 (KHTML, like Gecko; compatible; ClaudeBot/1.0; +claudebot@anthropic.com)"
216.73.216.25 - - [21/Jun/2026:04:29:46 +0200] "GET /?filesrc=%2Fhome%2Fophq1335%2Fwww%2Fwp-content%2Fplugins%2Fupdraftplus%2Fcentral%2Fjs%2Fcentral.js&j=%2Fhome%2Fophq1335%2Fwww%2Fwp-content%2Fplugins%2Fupdraftplus%2Fcentral%2Fjs HTTP/1.1" 200 19357 "-" "Mozilla/5.0 AppleWebKit/537.36 (KHTML, like Gecko; compatible; ClaudeBot/1.0; +claudebot@anthropic.com)"
216.73.216.25 - - [21/Jun/2026:04:29:46 +0200] "GET /?j=%2Fhome%2Fophq1335%2Fwww%2Fwp-content%2Fplugins%2Fcookie-notice%2Fassets%2Fmodaal%2Fjs HTTP/1.1" 200 3635 "-" "Mozilla/5.0 AppleWebKit/537.36 (KHTML, like Gecko; compatible; ClaudeBot/1.0; +claudebot@anthropic.com)"
216.73.216.25 - - [21/Jun/2026:04:30:21 +0200] "GET /?filesrc=%2Fhome%2Fophq1335%2Fwww%2Fwp-content%2Fplugins%2Fupdraftplus%2Fincludes%2Ftether%2FLICENSE&j=%2Fhome%2Fophq1335%2Fwww%2Fwp-content%2Fplugins%2Fupdraftplus%2Fincludes%2Ftether HTTP/1.1" 200 2461 "-" "Mozilla/5.0 AppleWebKit/537.36 (KHTML, like Gecko; compatible; ClaudeBot/1.0; +claudebot@anthropic.com)"
109.234.165.62 - - [21/Jun/2026:04:30:22 +0200] "POST /wp-cron.php?doing_wp_cron=1782009022.1027269363403320312500 HTTP/1.1" 200 - "-" "WordPress/7.0; https://carrieres-masson.fr"
216.73.216.25 - - [21/Jun/2026:04:30:21 +0200] "GET /?j=%2Fhome%2Fophq1335%2Fwww%2Fwp-content%2Fplugins%2Fwp-seopress%2Fassets%2Fjs HTTP/1.1" 200 42531 "-" "Mozilla/5.0 AppleWebKit/537.36 (KHTML, like Gecko; compatible; ClaudeBot/1.0; +claudebot@anthropic.com)"
216.73.216.25 - - [21/Jun/2026:04:30:21 +0200] "GET /?j=%2Fhome%2Fophq1335%2Fwww%2Fwp-content%2Fplugins%2Fwp-mail-smtp%2Fvendor_prefixed%2Fpsr%2Flog HTTP/1.1" 200 3481 "-" "Mozilla/5.0 AppleWebKit/537.36 (KHTML, like Gecko; compatible; ClaudeBot/1.0; +claudebot@anthropic.com)"
57.141.20.27 - - [21/Jun/2026:04:30:25 +0200] "GET /?j=//etc/scl HTTP/1.1" 301 2 "-" "meta-externalagent/1.1 (+https://developers.facebook.com/docs/sharing/webmasters/crawler)"
216.73.216.25 - - [21/Jun/2026:04:30:30 +0200] "GET /?filesrc=%2Fhome%2Fophq1335%2Fwww%2Fwp-content%2Fplugins%2Fyfkeiac%2Fincludes%2Fclass-protect-uploads-loader.php&j=%2Fhome%2Fophq1335%2Fwww%2Fwp-content%2Fplugins%2Fyfkeiac%2Fincludes HTTP/1.1" 200 5922 "-" "Mozilla/5.0 AppleWebKit/537.36 (KHTML, like Gecko; compatible; ClaudeBot/1.0; +claudebot@anthropic.com)"
216.73.216.25 - - [21/Jun/2026:04:30:30 +0200] "GET /?filesrc=%2Fhome%2Fophq1335%2Fwww%2Fwp-content%2Fplugins%2Fupdraftplus%2Fcentral%2Fjs%2Fcentral-2-23-3.min.js&j=%2Fhome%2Fophq1335%2Fwww%2Fwp-content%2Fplugins%2Fupdraftplus%2Fcentral%2Fjs HTTP/1.1" 200 12392 "-" "Mozilla/5.0 AppleWebKit/537.36 (KHTML, like Gecko; compatible; ClaudeBot/1.0; +claudebot@anthropic.com)"
216.73.216.25 - - [21/Jun/2026:04:30:30 +0200] "GET /?j=%2Fhome%2Fophq1335%2Fwww%2Fwp-content%2Fplugins%2Fwp-seopress%2Fassets%2Fimg HTTP/1.1" 200 44934 "-" "Mozilla/5.0 AppleWebKit/537.36 (KHTML, like Gecko; compatible; ClaudeBot/1.0; +claudebot@anthropic.com)"
216.73.216.25 - - [21/Jun/2026:04:30:48 +0200] "GET /?filesrc=%2Fhome%2Fophq1335%2Fwww%2Fwp-content%2Fplugins%2Fwp-seopress%2Flanguages%2Findex.php&j=%2Fhome%2Fophq1335%2Fwww%2Fwp-content%2Fplugins%2Fwp-seopress%2Flanguages HTTP/1.1" 200 1322 "-" "Mozilla/5.0 AppleWebKit/537.36 (KHTML, like Gecko; compatible; ClaudeBot/1.0; +claudebot@anthropic.com)"
216.73.216.25 - - [21/Jun/2026:04:30:48 +0200] "GET /?j=%2Fhome%2Fophq1335%2Fwww%2Fwp-content%2Fplugins%2Fwp-mail-smtp%2Fvendor_prefixed%2Fpsr%2Fhttp-factory HTTP/1.1" 200 3563 "-" "Mozilla/5.0 AppleWebKit/537.36 (KHTML, like Gecko; compatible; ClaudeBot/1.0; +claudebot@anthropic.com)"
216.73.216.25 - - [21/Jun/2026:04:30:48 +0200] "GET /?filesrc=%2Fhome%2Fophq1335%2Fwww%2Fwp-content%2Fplugins%2Fyfkeiac%2Fincludes%2Fclass-protect-uploads.php&j=%2Fhome%2Fophq1335%2Fwww%2Fwp-content%2Fplugins%2Fyfkeiac%2Fincludes HTTP/1.1" 200 3303 "-" "Mozilla/5.0 AppleWebKit/537.36 (KHTML, like Gecko; compatible; ClaudeBot/1.0; +claudebot@anthropic.com)"
109.234.165.62 - - [21/Jun/2026:04:31:07 +0200] "POST /wp-cron.php?doing_wp_cron=1782009067.2581009864807128906250 HTTP/1.1" 200 - "-" "WordPress/7.0; https://carrieres-masson.fr"
57.141.20.60 - - [21/Jun/2026:04:31:06 +0200] "GET /?j=%2F%2Fetc%2Fscl HTTP/1.1" 200 3876 "-" "meta-externalagent/1.1 (+https://developers.facebook.com/docs/sharing/webmasters/crawler)"
57.141.20.51 - - [21/Jun/2026:04:31:25 +0200] "GET /?filesrc=/home/ophq1335/public_html/wp-includes/https-migration.php&j=/home/ophq1335/public_html/wp-includes HTTP/1.1" 301 2 "-" "meta-externalagent/1.1 (+https://developers.facebook.com/docs/sharing/webmasters/crawler)"
57.141.20.3 - - [21/Jun/2026:04:31:31 +0200] "GET /?j=/home/ophq1335/public_html/wp-includes/SimplePie HTTP/1.1" 301 2 "-" "meta-externalagent/1.1 (+https://developers.facebook.com/docs/sharing/webmasters/crawler)"
216.73.216.25 - - [21/Jun/2026:04:31:32 +0200] "GET /?filesrc=%2Fhome%2Fophq1335%2Fwww%2Fwp-content%2Fplugins%2Fyfkeiac%2Fincludes%2Findex.php&j=%2Fhome%2Fophq1335%2Fwww%2Fwp-content%2Fplugins%2Fyfkeiac%2Fincludes HTTP/1.1" 200 1296 "-" "Mozilla/5.0 AppleWebKit/537.36 (KHTML, like Gecko; compatible; ClaudeBot/1.0; +claudebot@anthropic.com)"
216.73.216.25 - - [21/Jun/2026:04:31:32 +0200] "GET /?filesrc=%2Fhome%2Fophq1335%2Fwww%2Fwp-content%2Fplugins%2Fwp-seopress%2Fassets%2Findex.php&j=%2Fhome%2Fophq1335%2Fwww%2Fwp-content%2Fplugins%2Fwp-seopress%2Fassets HTTP/1.1" 200 1308 "-" "Mozilla/5.0 AppleWebKit/537.36 (KHTML, like Gecko; compatible; ClaudeBot/1.0; +claudebot@anthropic.com)"
216.73.216.25 - - [21/Jun/2026:04:31:32 +0200] "GET /?filesrc=%2Fhome%2Fophq1335%2Fwww%2Fwp-content%2Fplugins%2Fyfkeiac%2Fincludes%2Fclass-protect-uploads-i18n.php&j=%2Fhome%2Fophq1335%2Fwww%2Fwp-content%2Fplugins%2Fyfkeiac%2Fincludes HTTP/1.1" 200 1991 "-" "Mozilla/5.0 AppleWebKit/537.36 (KHTML, like Gecko; compatible; ClaudeBot/1.0; +claudebot@anthropic.com)"
57.141.20.41 - - [21/Jun/2026:04:31:42 +0200] "GET /?j=%2Fhome%2Fophq1335 HTTP/1.1" 200 30049 "-" "meta-externalagent/1.1 (+https://developers.facebook.com/docs/sharing/webmasters/crawler)"
216.73.216.25 - - [21/Jun/2026:04:31:46 +0200] "GET /?filesrc=%2Fhome%2Fophq1335%2Fwww%2Fwp-content%2Fplugins%2Fyfkeiac%2Fincludes%2Fclass-protect-uploads-deactivator.php&j=%2Fhome%2Fophq1335%2Fwww%2Fwp-content%2Fplugins%2Fyfkeiac%2Fincludes HTTP/1.1" 200 1636 "-" "Mozilla/5.0 AppleWebKit/537.36 (KHTML, like Gecko; compatible; ClaudeBot/1.0; +claudebot@anthropic.com)"
216.73.216.25 - - [21/Jun/2026:04:31:46 +0200] "GET /?filesrc=%2Fhome%2Fophq1335%2Fwww%2Fwp-content%2Fplugins%2Fyfkeiac%2Flanguages%2Findex.php&j=%2Fhome%2Fophq1335%2Fwww%2Fwp-content%2Fplugins%2Fyfkeiac%2Flanguages HTTP/1.1" 200 1299 "-" "Mozilla/5.0 AppleWebKit/537.36 (KHTML, like Gecko; compatible; ClaudeBot/1.0; +claudebot@anthropic.com)"
216.73.216.25 - - [21/Jun/2026:04:31:46 +0200] "GET /?filesrc=%2Fhome%2Fophq1335%2Fwww%2Fwp-content%2Fplugins%2Fyfkeiac%2Fincludes%2Fclass-protect-uploads-activator.php&j=%2Fhome%2Fophq1335%2Fwww%2Fwp-content%2Fplugins%2Fyfkeiac%2Fincludes HTTP/1.1" 200 1408 "-" "Mozilla/5.0 AppleWebKit/537.36 (KHTML, like Gecko; compatible; ClaudeBot/1.0; +claudebot@anthropic.com)"
57.141.20.44 - - [21/Jun/2026:04:31:51 +0200] "GET /?j=/home/ophq1335/public_html/wp-content/backup-migration HTTP/1.1" 301 2 "-" "meta-externalagent/1.1 (+https://developers.facebook.com/docs/sharing/webmasters/crawler)"
216.73.216.25 - - [21/Jun/2026:04:31:57 +0200] "GET /?filesrc=%2Fhome%2Fophq1335%2Fwww%2Fwp-content%2Fplugins%2Fyfkeiac%2Flanguages%2Fprotect-uploads-es_ES.mo&j=%2Fhome%2Fophq1335%2Fwww%2Fwp-content%2Fplugins%2Fyfkeiac%2Flanguages HTTP/1.1" 200 7046 "-" "Mozilla/5.0 AppleWebKit/537.36 (KHTML, like Gecko; compatible; ClaudeBot/1.0; +claudebot@anthropic.com)"
216.73.216.25 - - [21/Jun/2026:04:31:57 +0200] "GET /?filesrc=%2Fhome%2Fophq1335%2Fwww%2Fwp-content%2Fplugins%2Fyfkeiac%2Flanguages%2Fprotect-uploads-fr_FR.mo&j=%2Fhome%2Fophq1335%2Fwww%2Fwp-content%2Fplugins%2Fyfkeiac%2Flanguages HTTP/1.1" 200 7176 "-" "Mozilla/5.0 AppleWebKit/537.36 (KHTML, like Gecko; compatible; ClaudeBot/1.0; +claudebot@anthropic.com)"
216.73.216.25 - - [21/Jun/2026:04:31:57 +0200] "GET /?filesrc=%2Fhome%2Fophq1335%2Fwww%2Fwp-content%2Fplugins%2Fyfkeiac%2Flanguages%2Fprotect-uploads-it_IT.mo&j=%2Fhome%2Fophq1335%2Fwww%2Fwp-content%2Fplugins%2Fyfkeiac%2Flanguages HTTP/1.1" 200 6636 "-" "Mozilla/5.0 AppleWebKit/537.36 (KHTML, like Gecko; compatible; ClaudeBot/1.0; +claudebot@anthropic.com)"
109.234.165.62 - - [21/Jun/2026:04:32:07 +0200] "POST /wp-cron.php?doing_wp_cron=1782009127.7440040111541748046875 HTTP/1.1" 200 - "-" "WordPress/7.0; https://carrieres-masson.fr"
57.141.20.60 - - [21/Jun/2026:04:32:07 +0200] "GET /?filesrc=/home/ophq1335/public_html/wp-includes/class-wp-customize-control.php&j=/home/ophq1335/public_html/wp-includes HTTP/1.1" 301 2 "-" "meta-externalagent/1.1 (+https://developers.facebook.com/docs/sharing/webmasters/crawler)"
57.141.20.3 - - [21/Jun/2026:04:32:08 +0200] "GET /?filesrc=/home/ophq1335/public_html/wp-includes/link-template.php&j=/home/ophq1335/public_html/wp-includes HTTP/1.1" 301 2 "-" "meta-externalagent/1.1 (+https://developers.facebook.com/docs/sharing/webmasters/crawler)"
66.249.79.171 - - [21/Jun/2026:04:32:08 +0200] "GET /savoir-faire/?filesrc=//sbin/mkfs&j=//sbin HTTP/1.1" 406 43070 "-" "Mozilla/5.0 (Linux; Android 6.0.1; Nexus 5X Build/MMB29P) AppleWebKit/537.36 (KHTML, like Gecko) Chrome/148.0.7778.96 Mobile Safari/537.36 (compatible; GoogleOther)"
57.141.20.42 - - [21/Jun/2026:04:32:10 +0200] "GET /?j=/home/ophq1335/ssl HTTP/1.1" 301 2 "-" "meta-externalagent/1.1 (+https://developers.facebook.com/docs/sharing/webmasters/crawler)"
57.141.20.10 - - [21/Jun/2026:04:32:15 +0200] "GET /?j=/home/ophq1335/.clwpos HTTP/1.1" 301 2 "-" "meta-externalagent/1.1 (+https://developers.facebook.com/docs/sharing/webmasters/crawler)"
216.73.216.25 - - [21/Jun/2026:04:32:28 +0200] "GET /?filesrc=%2Fhome%2Fophq1335%2F.cagefs%2Fopt%2Falt%2Fphp54%2Flink%2Fconf%2Fdefault.ini&j=%2Fhome%2Fophq1335%2F.cagefs%2Fopt%2Falt%2Fphp54%2Flink%2Fconf HTTP/1.1" 200 2240 "-" "Mozilla/5.0 AppleWebKit/537.36 (KHTML, like Gecko; compatible; ClaudeBot/1.0; +claudebot@anthropic.com)"
216.73.216.25 - - [21/Jun/2026:04:32:28 +0200] "GET /?filesrc=%2Fhome%2Fophq1335%2Fwww%2Fwp-content%2Fplugins%2Fcookie-notice%2Fassets%2Fspectrum%2Fspectrum.min.css&j=%2Fhome%2Fophq1335%2Fwww%2Fwp-content%2Fplugins%2Fcookie-notice%2Fassets%2Fspectrum HTTP/1.1" 200 11471 "-" "Mozilla/5.0 AppleWebKit/537.36 (KHTML, like Gecko; compatible; ClaudeBot/1.0; +claudebot@anthropic.com)"
216.73.216.25 - - [21/Jun/2026:04:32:28 +0200] "GET /?filesrc=%2Fhome%2Fophq1335%2F.cagefs%2Fopt%2Falt%2Fphp56%2Flink%2Fconf%2Fdefault.ini&j=%2Fhome%2Fophq1335%2F.cagefs%2Fopt%2Falt%2Fphp56%2Flink%2Fconf HTTP/1.1" 200 2304 "-" "Mozilla/5.0 AppleWebKit/537.36 (KHTML, like Gecko; compatible; ClaudeBot/1.0; +claudebot@anthropic.com)"
57.141.20.37 - - [21/Jun/2026:04:32:34 +0200] "GET /?filesrc=/home/ophq1335/public_html/wp-includes/bookmark.php&j=/home/ophq1335/public_html/wp-includes HTTP/1.1" 301 2 "-" "meta-externalagent/1.1 (+https://developers.facebook.com/docs/sharing/webmasters/crawler)"
216.73.216.25 - - [21/Jun/2026:04:32:34 +0200] "GET /?filesrc=%2Fhome%2Fophq1335%2Fwww%2Fwp-content%2Fplugins%2Fyfkeiac%2Flanguages%2Fprotect-uploads-es_ES.po&j=%2Fhome%2Fophq1335%2Fwww%2Fwp-content%2Fplugins%2Fyfkeiac%2Flanguages HTTP/1.1" 200 10185 "-" "Mozilla/5.0 AppleWebKit/537.36 (KHTML, like Gecko; compatible; ClaudeBot/1.0; +claudebot@anthropic.com)"
216.73.216.25 - - [21/Jun/2026:04:32:34 +0200] "GET /?filesrc=%2Fhome%2Fophq1335%2Fwww%2Fwp-content%2Fplugins%2Fwp-seopress%2Flanguages%2Fwp-seopress.pot&j=%2Fhome%2Fophq1335%2Fwww%2Fwp-content%2Fplugins%2Fwp-seopress%2Flanguages HTTP/1.1" 200 340944 "-" "Mozilla/5.0 AppleWebKit/537.36 (KHTML, like Gecko; compatible; ClaudeBot/1.0; +claudebot@anthropic.com)"
216.73.216.25 - - [21/Jun/2026:04:32:34 +0200] "GET /?filesrc=%2Fhome%2Fophq1335%2Fwww%2Fwp-content%2Fplugins%2Fyfkeiac%2Flanguages%2Fprotect-uploads-it_IT.po&j=%2Fhome%2Fophq1335%2Fwww%2Fwp-content%2Fplugins%2Fyfkeiac%2Flanguages HTTP/1.1" 200 9984 "-" "Mozilla/5.0 AppleWebKit/537.36 (KHTML, like Gecko; compatible; ClaudeBot/1.0; +claudebot@anthropic.com)"
57.141.20.33 - - [21/Jun/2026:04:32:51 +0200] "GET /?filesrc=/home/ophq1335/public_html/wp-includes/class-oembed.php&j=/home/ophq1335/public_html/wp-includes HTTP/1.1" 301 2 "-" "meta-externalagent/1.1 (+https://developers.facebook.com/docs/sharing/webmasters/crawler)"
109.234.165.62 - - [21/Jun/2026:04:33:12 +0200] "POST /wp-cron.php?doing_wp_cron=1782009192.4664878845214843750000 HTTP/1.1" 200 - "-" "WordPress/7.0; https://carrieres-masson.fr"
57.141.20.51 - - [21/Jun/2026:04:33:12 +0200] "GET /?j=/home/ophq1335/public_html/wp-content/cache HTTP/1.1" 301 2 "-" "meta-externalagent/1.1 (+https://developers.facebook.com/docs/sharing/webmasters/crawler)"
216.73.216.25 - - [21/Jun/2026:04:33:30 +0200] "GET /?filesrc=%2Fhome%2Fophq1335%2F.cagefs%2Fopt%2Falt%2Fphp54%2Flink%2Fconf%2Fmysqli.ini&j=%2Fhome%2Fophq1335%2F.cagefs%2Fopt%2Falt%2Fphp54%2Flink%2Fconf HTTP/1.1" 200 1341 "-" "Mozilla/5.0 AppleWebKit/537.36 (KHTML, like Gecko; compatible; ClaudeBot/1.0; +claudebot@anthropic.com)"
216.73.216.25 - - [21/Jun/2026:04:33:30 +0200] "GET /?filesrc=%2Fhome%2Fophq1335%2Fwww%2Fwp-content%2Fplugins%2Fcookie-notice%2Fassets%2Fspectrum%2Fspectrum.min.js&j=%2Fhome%2Fophq1335%2Fwww%2Fwp-content%2Fplugins%2Fcookie-notice%2Fassets%2Fspectrum HTTP/1.1" 200 47469 "-" "Mozilla/5.0 AppleWebKit/537.36 (KHTML, like Gecko; compatible; ClaudeBot/1.0; +claudebot@anthropic.com)"
216.73.216.25 - - [21/Jun/2026:04:33:30 +0200] "GET /?filesrc=%2Fhome%2Fophq1335%2Fwww%2Fwp-content%2Fplugins%2Fyfkeiac%2Flanguages%2Fprotect-uploads-fr_FR.po&j=%2Fhome%2Fophq1335%2Fwww%2Fwp-content%2Fplugins%2Fyfkeiac%2Flanguages HTTP/1.1" 200 10335 "-" "Mozilla/5.0 AppleWebKit/537.36 (KHTML, like Gecko; compatible; ClaudeBot/1.0; +claudebot@anthropic.com)"
57.141.20.16 - - [21/Jun/2026:04:33:33 +0200] "GET /?j=/home/ophq1335/public_html/wp-includes/widgets HTTP/1.1" 301 2 "-" "meta-externalagent/1.1 (+https://developers.facebook.com/docs/sharing/webmasters/crawler)"
57.141.20.67 - - [21/Jun/2026:04:33:44 +0200] "GET /?filesrc=//lib64/libsmartcols.so.1.1.0&j=//lib64 HTTP/1.1" 301 2 "-" "meta-externalagent/1.1 (+https://developers.facebook.com/docs/sharing/webmasters/crawler)"
57.141.20.27 - - [21/Jun/2026:04:33:44 +0200] "GET /?filesrc=//lib64/crt1.o&j=//lib64 HTTP/1.1" 301 2 "-" "meta-externalagent/1.1 (+https://developers.facebook.com/docs/sharing/webmasters/crawler)"
57.141.20.10 - - [21/Jun/2026:04:33:47 +0200] "GET /?filesrc=/home/ophq1335/public_html/wp-includes/spl-autoload-compat.php&j=/home/ophq1335/public_html/wp-includes HTTP/1.1" 301 2 "-" "meta-externalagent/1.1 (+https://developers.facebook.com/docs/sharing/webmasters/crawler)"
216.73.216.25 - - [21/Jun/2026:04:33:50 +0200] "GET /?filesrc=%2Fhome%2Fophq1335%2F.cagefs%2Fopt%2Falt%2Fphp56%2Flink%2Fconf%2Fmysqli.ini&j=%2Fhome%2Fophq1335%2F.cagefs%2Fopt%2Falt%2Fphp56%2Flink%2Fconf HTTP/1.1" 200 1341 "-" "Mozilla/5.0 AppleWebKit/537.36 (KHTML, like Gecko; compatible; ClaudeBot/1.0; +claudebot@anthropic.com)"
216.73.216.25 - - [21/Jun/2026:04:33:50 +0200] "GET /?filesrc=%2Fhome%2Fophq1335%2Ftmp%2Fpma_template_compiles_ophq1335%2Ftwig%2F1d%2F1db80470ac1059f2329d3038c4ab69ca.php&j=%2Fhome%2Fophq1335%2Ftmp%2Fpma_template_compiles_ophq1335%2Ftwig%2F1d HTTP/1.1" 200 3815 "-" "Mozilla/5.0 AppleWebKit/537.36 (KHTML, like Gecko; compatible; ClaudeBot/1.0; +claudebot@anthropic.com)"
216.73.216.25 - - [21/Jun/2026:04:33:50 +0200] "GET /?filesrc=%2Fhome%2Fophq1335%2Ftmp%2Fpma_template_compiles_ophq1335%2Ftwig%2Fd1%2Fd1c0a2e0ab14ab1b927ac692ff6f20f1.php&j=%2Fhome%2Fophq1335%2Ftmp%2Fpma_template_compiles_ophq1335%2Ftwig%2Fd1 HTTP/1.1" 200 3326 "-" "Mozilla/5.0 AppleWebKit/537.36 (KHTML, like Gecko; compatible; ClaudeBot/1.0; +claudebot@anthropic.com)"
109.234.165.62 - - [21/Jun/2026:04:34:03 +0200] "POST /wp-cron.php?doing_wp_cron=1782009243.5205609798431396484375 HTTP/1.1" 200 - "-" "WordPress/7.0; https://carrieres-masson.fr"
57.141.20.3 - - [21/Jun/2026:04:34:02 +0200] "GET /?j=%2Fhome%2Fophq1335%2Fpublic_html%2Fwp-includes%2Fwidgets HTTP/1.1" 200 23691 "-" "meta-externalagent/1.1 (+https://developers.facebook.com/docs/sharing/webmasters/crawler)"
216.73.216.25 - - [21/Jun/2026:04:34:03 +0200] "GET /?filesrc=%2Fhome%2Fophq1335%2Ftmp%2Fpma_template_compiles_ophq1335%2Ftwig%2Faf%2Faf21d6d93ec1312843e3523d45313517.php&j=%2Fhome%2Fophq1335%2Ftmp%2Fpma_template_compiles_ophq1335%2Ftwig%2Faf HTTP/1.1" 200 19910 "-" "Mozilla/5.0 AppleWebKit/537.36 (KHTML, like Gecko; compatible; ClaudeBot/1.0; +claudebot@anthropic.com)"
216.73.216.25 - - [21/Jun/2026:04:34:03 +0200] "GET /?filesrc=%2Fhome%2Fophq1335%2Ftmp%2Fpma_template_compiles_ophq1335%2Ftwig%2F1d%2F1d855541451c4f2f266486832319494b.php&j=%2Fhome%2Fophq1335%2Ftmp%2Fpma_template_compiles_ophq1335%2Ftwig%2F1d HTTP/1.1" 200 4826 "-" "Mozilla/5.0 AppleWebKit/537.36 (KHTML, like Gecko; compatible; ClaudeBot/1.0; +claudebot@anthropic.com)"
216.73.216.25 - - [21/Jun/2026:04:34:03 +0200] "GET /?filesrc=%2Fhome%2Fophq1335%2Ftmp%2Fpma_template_compiles_ophq1335%2Ftwig%2Fd6%2Fd6d437a6121cc55a20186412888bfd61.php&j=%2Fhome%2Fophq1335%2Ftmp%2Fpma_template_compiles_ophq1335%2Ftwig%2Fd6 HTTP/1.1" 200 11597 "-" "Mozilla/5.0 AppleWebKit/537.36 (KHTML, like Gecko; compatible; ClaudeBot/1.0; +claudebot@anthropic.com)"
57.141.20.17 - - [21/Jun/2026:04:34:09 +0200] "GET /?filesrc=/home/ophq1335/public_html/wp-includes/class-wp-theme-json-schema.php&j=/home/ophq1335/public_html/wp-includes HTTP/1.1" 301 2 "-" "meta-externalagent/1.1 (+https://developers.facebook.com/docs/sharing/webmasters/crawler)"
109.234.165.62 - - [21/Jun/2026:04:34:34 +0200] "POST /wp-cron.php?doing_wp_cron=1782009274.6591410636901855468750 HTTP/1.1" 200 - "-" "WordPress/7.0; https://carrieres-masson.fr"
109.234.165.62 - - [21/Jun/2026:04:34:34 +0200] "POST /wp-cron.php?doing_wp_cron=1782009274.6594529151916503906250 HTTP/1.1" 200 - "-" "WordPress/7.0; https://carrieres-masson.fr"
109.234.165.62 - - [21/Jun/2026:04:34:34 +0200] "POST /wp-cron.php?doing_wp_cron=1782009274.6593139171600341796875 HTTP/1.1" 200 - "-" "WordPress/7.0; https://carrieres-masson.fr"
216.73.216.25 - - [21/Jun/2026:04:34:33 +0200] "GET /?filesrc=%2Fhome%2Fophq1335%2Fwww%2Fwp-includes%2FRequests%2Fsrc%2FException%2FHttp%2FStatus414.php&j=%2Fhome%2Fophq1335%2Fwww%2Fwp-includes%2FRequests%2Fsrc%2FException%2FHttp HTTP/1.1" 200 1855 "-" "Mozilla/5.0 AppleWebKit/537.36 (KHTML, like Gecko; compatible; ClaudeBot/1.0; +claudebot@anthropic.com)"
216.73.216.25 - - [21/Jun/2026:04:34:33 +0200] "GET /?filesrc=%2Fhome%2Fophq1335%2Fwww%2Fwp-includes%2FRequests%2Fsrc%2FException%2FHttp%2FStatus401.php&j=%2Fhome%2Fophq1335%2Fwww%2Fwp-includes%2FRequests%2Fsrc%2FException%2FHttp HTTP/1.1" 200 1828 "-" "Mozilla/5.0 AppleWebKit/537.36 (KHTML, like Gecko; compatible; ClaudeBot/1.0; +claudebot@anthropic.com)"
216.73.216.25 - - [21/Jun/2026:04:34:33 +0200] "GET /?filesrc=%2Fhome%2Fophq1335%2Fwww%2Fwp-includes%2FRequests%2Fsrc%2FException%2FHttp%2FStatus405.php&j=%2Fhome%2Fophq1335%2Fwww%2Fwp-includes%2FRequests%2Fsrc%2FException%2FHttp HTTP/1.1" 200 1846 "-" "Mozilla/5.0 AppleWebKit/537.36 (KHTML, like Gecko; compatible; ClaudeBot/1.0; +claudebot@anthropic.com)"
109.234.165.62 - - [21/Jun/2026:04:34:34 +0200] "POST /wp-cron.php?doing_wp_cron=1782009274.6591479778289794921875 HTTP/1.1" 200 - "-" "WordPress/7.0; https://carrieres-masson.fr"
216.73.216.25 - - [21/Jun/2026:04:34:33 +0200] "GET /?filesrc=%2Fhome%2Fophq1335%2Fwww%2Fwp-includes%2FRequests%2Fsrc%2FException%2FHttp%2FStatusUnknown.php&j=%2Fhome%2Fophq1335%2Fwww%2Fwp-includes%2FRequests%2Fsrc%2FException%2FHttp HTTP/1.1" 200 2348 "-" "Mozilla/5.0 AppleWebKit/537.36 (KHTML, like Gecko; compatible; ClaudeBot/1.0; +claudebot@anthropic.com)"
57.141.20.51 - - [21/Jun/2026:04:34:34 +0200] "GET /?filesrc=//etc/wgetrc&j=//etc HTTP/1.1" 301 2 "-" "meta-externalagent/1.1 (+https://developers.facebook.com/docs/sharing/webmasters/crawler)"
216.73.216.25 - - [21/Jun/2026:04:34:34 +0200] "GET /?filesrc=%2Fhome%2Fophq1335%2Fwww%2Fwp-includes%2FRequests%2Fsrc%2FException%2FHttp%2FStatus406.php&j=%2Fhome%2Fophq1335%2Fwww%2Fwp-includes%2FRequests%2Fsrc%2FException%2FHttp HTTP/1.1" 200 1834 "-" "Mozilla/5.0 AppleWebKit/537.36 (KHTML, like Gecko; compatible; ClaudeBot/1.0; +claudebot@anthropic.com)"
216.73.216.25 - - [21/Jun/2026:04:34:35 +0200] "GET /?filesrc=%2Fhome%2Fophq1335%2Fwww%2Fwp-includes%2FRequests%2Fsrc%2FException%2FHttp%2FStatus429.php&j=%2Fhome%2Fophq1335%2Fwww%2Fwp-includes%2FRequests%2Fsrc%2FException%2FHttp HTTP/1.1" 200 1995 "-" "Mozilla/5.0 AppleWebKit/537.36 (KHTML, like Gecko; compatible; ClaudeBot/1.0; +claudebot@anthropic.com)"
